{"id":9881,"date":"2018-08-10T07:56:32","date_gmt":"2018-08-10T05:56:32","guid":{"rendered":"http:\/\/sola-poljane.splet.arnes.si\/?page_id=9881"},"modified":"2025-06-23T13:46:05","modified_gmt":"2025-06-23T11:46:05","slug":"razpisi","status":"publish","type":"page","link":"https:\/\/sola-poljane.splet.arnes.si\/?page_id=9881","title":{"rendered":"Razpisi"},"content":{"rendered":"<p>Lahko se zgodi, da vam vsebine map ne prika\u017ee.<\/p>\n<p>V tem primeru je mo\u017eno ve\u010d vzrokov, najve\u010dkrat pa:<\/p>\n<ul>\n<li>ni posodobljen brskalnik;<\/li>\n<li>imate name\u0161\u010den kak bloker oglasov ali podobno.<\/li>\n<\/ul>\n<p>Preverite lahko tako, da v brskalniku odprete anonimni zavihek\/okno (incognito tab in podobni izrazi) in preverite, \u010de v tem primeru deluje. Obi\u010dajno deluje. V brskalniku Google Chrome&nbsp;<em>Novo anonimno okno<\/em>&nbsp;odprete desno zgoraj \u2013&gt;tri pikice in 3 mo\u017enost od vrha.<\/p>\n<p>V primeru operacijskega sistema Windows 10 ali 11 imate name\u0161\u010den tudi brskalnik Microsoft Edge, ki v privzeti nastavitvi ravno tako odpira to stran brez te\u017eav. Tako da lahko preverite tudi z brskalnikom Microsoft Edge.<\/p>\n<h3><div class=\"wpz-sc-box info  rounded full\">Razpisi za najem telovadnice<\/div><\/h3>\n\n<!-- iframe plugin v.5.2 wordpress.org\/plugins\/iframe\/ -->\n<iframe loading=\"lazy\" style=\"width: 100%; border: 0;\" src=\"https:\/\/drive.google.com\/a\/sola-poljane.si\/embeddedfolderview?id=1LhOMuSPnbyPUHIi00OOuKUSrJna-WA4n#list\" 0=\"height=&quot;200&quot;&gt;\" width=\"100%\" height=\"500\" scrolling=\"yes\" class=\"iframe-class\" frameborder=\"0\" name=\"ARNES\"><\/iframe>\n\n<p>&nbsp;<\/p>\n<h3><div class=\"wpz-sc-box info  rounded full\">Razpisi za delovna mesta<\/div><\/h3>\n\n<!-- iframe plugin v.5.2 wordpress.org\/plugins\/iframe\/ -->\n<iframe loading=\"lazy\" style=\"width: 100%; border: 0;\" src=\"https:\/\/drive.google.com\/a\/sola-poljane.si\/embeddedfolderview?id=1LclpEZ0qX2YeRlEzIjDCI9HgcCo7F4n7#list\" 0=\"height=&quot;200&quot;&gt;\" width=\"100%\" height=\"500\" scrolling=\"yes\" class=\"iframe-class\" frameborder=\"0\" name=\"ARNES\"><\/iframe>\n\n<h3><div class=\"wpz-sc-box info  rounded full\">Razpis javnih naro\u010dil<\/div><\/h3>\n<p>&nbsp;<\/p>\n<p>&nbsp;<\/p>\n","protected":false},"excerpt":{"rendered":"<p>Lahko se zgodi, da vam vsebine map ne prika\u017ee. V [&hellip;]<\/p>\n","protected":false},"author":1973,"featured_media":0,"parent":0,"menu_order":0,"comment_status":"closed","ping_status":"closed","template":"template-fullwidth.php","meta":{"ngg_post_thumbnail":0,"footnotes":""},"class_list":["post-9881","page","type-page","status-publish","hentry"],"_links":{"self":[{"href":"https:\/\/sola-poljane.splet.arnes.si\/index.php?rest_route=\/wp\/v2\/pages\/9881","targetHints":{"allow":["GET"]}}],"collection":[{"href":"https:\/\/sola-poljane.splet.arnes.si\/index.php?rest_route=\/wp\/v2\/pages"}],"about":[{"href":"https:\/\/sola-poljane.splet.arnes.si\/index.php?rest_route=\/wp\/v2\/types\/page"}],"author":[{"embeddable":true,"href":"https:\/\/sola-poljane.splet.arnes.si\/index.php?rest_route=\/wp\/v2\/users\/1973"}],"replies":[{"embeddable":true,"href":"https:\/\/sola-poljane.splet.arnes.si\/index.php?rest_route=%2Fwp%2Fv2%2Fcomments&post=9881"}],"version-history":[{"count":15,"href":"https:\/\/sola-poljane.splet.arnes.si\/index.php?rest_route=\/wp\/v2\/pages\/9881\/revisions"}],"predecessor-version":[{"id":48476,"href":"https:\/\/sola-poljane.splet.arnes.si\/index.php?rest_route=\/wp\/v2\/pages\/9881\/revisions\/48476"}],"wp:attachment":[{"href":"https:\/\/sola-poljane.splet.arnes.si\/index.php?rest_route=%2Fwp%2Fv2%2Fmedia&parent=9881"}],"curies":[{"name":"wp","href":"https:\/\/api.w.org\/{rel}","templated":true}]}}