{"id":9255,"date":"2018-06-28T11:38:31","date_gmt":"2018-06-28T10:38:31","guid":{"rendered":"http:\/\/www.sola-poljane.si\/cs\/?page_id=9255"},"modified":"2019-06-28T12:21:21","modified_gmt":"2019-06-28T10:21:21","slug":"famous-people","status":"publish","type":"page","link":"https:\/\/sola-poljane.splet.arnes.si\/?page_id=9255","title":{"rendered":"Famous People"},"content":{"rendered":"<a href=\"http:\/\/sola-poljane.splet.arnes.si\/?page_id=9116\"class=\"wpz-sc-button small\" style=\";background:#378DBD\"><span><i class=\"fa fa-home\" style=\"padding-right:6px;\"><\/i>Home<\/span><\/a>\n<a href=\"http:\/\/sola-poljane.splet.arnes.si\/?page_id=9257\"class=\"wpz-sc-button small\" style=\";background:#378dbd\"><span><i class=\"fa fa-star-half-o\" style=\"padding-right:6px;\"><\/i>The History of Education in Poljane<\/span><\/a>\n<a href=\"http:\/\/sola-poljane.splet.arnes.si\/?page_id=9272\"class=\"wpz-sc-button small\" style=\";background:#378dbd\"><span><i class=\"fa fa-star-half-o\" style=\"padding-right:6px;\"><\/i>Important Events at Primary School Poljane<\/span><\/a>\n<a href=\"http:\/\/sola-poljane.splet.arnes.si\/?page_id=9255\"class=\"wpz-sc-button small\" style=\";background:#378dbd\"><span><i class=\"fa fa-star-half-o\" style=\"padding-right:6px;\"><\/i>Famous People<\/span><\/a>\n<a href=\"http:\/\/sola-poljane.splet.arnes.si\/?page_id=9260\"class=\"wpz-sc-button small\" style=\";background:#378dbd\"><span><i class=\"fa fa-star-half-o\" style=\"padding-right:6px;\"><\/i>Frescoes by Ive \u0160ubic at our School<\/span><\/a>\n<p style=\"text-align: center\"><span style=\"color: #0000ff\"><strong>\u0160TEFAN \u0160UBIC (1820\u22121884): A PAINTER<\/strong><\/span><\/p>\n<p><a href=\"http:\/\/sola-poljane.splet.arnes.si\/files\/2018\/06\/\u0160tefan-\u0160ubic-1.jpg\"><img loading=\"lazy\" decoding=\"async\" class=\"alignnone size-medium wp-image-12953 aligncenter\" src=\"http:\/\/sola-poljane.splet.arnes.si\/files\/2018\/06\/\u0160tefan-\u0160ubic-1-208x300.jpg\" alt=\"\" width=\"208\" height=\"300\" srcset=\"https:\/\/sola-poljane.splet.arnes.si\/files\/2018\/06\/\u0160tefan-\u0160ubic-1.jpg 208w, https:\/\/sola-poljane.splet.arnes.si\/files\/2018\/06\/\u0160tefan-\u0160ubic-1-38x55.jpg 38w\" sizes=\"auto, (max-width: 208px) 100vw, 208px\" \/><\/a><\/p>\n<p>He was born in Hotovlja, in the Divjak mill. He also worked as a sculptor and a carver. Most of his works can be seen in churches throughout the regions of Gorenjsko and Dolenjsko.<\/p>\n<p>&nbsp;<\/p>\n<h4 style=\"text-align: center\"><span style=\"color: #ff6600\">*****************************************************<\/span><\/h4>\n<p>&nbsp;<\/p>\n<p style=\"text-align: center\"><strong><span style=\"color: #0000ff\">JANEZ \u0160UBIC (1850\u22121889): A PAINTER<\/span><\/strong><\/p>\n<p style=\"text-align: center\">\u00a0\u00a0<a href=\"http:\/\/sola-poljane.splet.arnes.si\/files\/2018\/06\/Janez_\u0160ubic-ml.-1.jpg\"><img loading=\"lazy\" decoding=\"async\" class=\"alignnone size-medium wp-image-12955\" src=\"http:\/\/sola-poljane.splet.arnes.si\/files\/2018\/06\/Janez_\u0160ubic-ml.-1-230x300.jpg\" alt=\"\" width=\"230\" height=\"300\" srcset=\"https:\/\/sola-poljane.splet.arnes.si\/files\/2018\/06\/Janez_\u0160ubic-ml.-1-230x300.jpg 230w, https:\/\/sola-poljane.splet.arnes.si\/files\/2018\/06\/Janez_\u0160ubic-ml.-1-42x55.jpg 42w, https:\/\/sola-poljane.splet.arnes.si\/files\/2018\/06\/Janez_\u0160ubic-ml.-1.jpg 384w\" sizes=\"auto, (max-width: 230px) 100vw, 230px\" \/><\/a><\/p>\n<p>He was born in Poljane. He studied in Ljubljana under Janez Wolf, as well as in Venice and Rome. His most known work is \u201c\u010cude\u017e sv. Martina v \u0160martnem\u201d (The Miracle of St. Martin in \u0160martno). He is most famous for depicting his family and country folk in general.<\/p>\n<p>&nbsp;<\/p>\n<h4 style=\"text-align: center\"><span style=\"color: #ff6600\">*****************************************************<\/span><\/h4>\n<p>&nbsp;<\/p>\n<p style=\"text-align: center\"><strong><span style=\"color: #0000ff\">JURIJ \u0160UBIC (1855\u22121899): A PAINTER<\/span><\/strong><\/p>\n<p style=\"text-align: center\">\u00a0<a href=\"http:\/\/sola-poljane.splet.arnes.si\/files\/2018\/06\/jurij-\u0161ubic1.jpg\"><img loading=\"lazy\" decoding=\"async\" class=\"alignnone size-medium wp-image-10039\" src=\"http:\/\/sola-poljane.splet.arnes.si\/files\/2018\/06\/jurij-\u0161ubic1-206x300.jpg\" alt=\"\" width=\"206\" height=\"300\" srcset=\"https:\/\/sola-poljane.splet.arnes.si\/files\/2018\/06\/jurij-\u0161ubic1-206x300.jpg 206w, https:\/\/sola-poljane.splet.arnes.si\/files\/2018\/06\/jurij-\u0161ubic1-768x1116.jpg 768w, https:\/\/sola-poljane.splet.arnes.si\/files\/2018\/06\/jurij-\u0161ubic1-705x1024.jpg 705w, https:\/\/sola-poljane.splet.arnes.si\/files\/2018\/06\/jurij-\u0161ubic1-38x55.jpg 38w, https:\/\/sola-poljane.splet.arnes.si\/files\/2018\/06\/jurij-\u0161ubic1-624x907.jpg 624w, https:\/\/sola-poljane.splet.arnes.si\/files\/2018\/06\/jurij-\u0161ubic1.jpg 867w\" sizes=\"auto, (max-width: 206px) 100vw, 206px\" \/><\/a><\/p>\n<p>He was born in Poljane. He studied under Janez Wolf in Ljubljana. He continued with his studies in Vienna. He worked in Bosnia, Athens and Paris. His works were already announcing the impressionistic era. The painting \u201cPred lovom\u201d (Before the Hunt) originates from this era. He covered the ceiling in the church of St. Jacob, Ljubljana, and also the ceiling of the National Museum in Ljubljana with his frescoes.<\/p>\n<p>&nbsp;<\/p>\n<h4 style=\"text-align: center\"><span style=\"color: #ff6600\">*****************************************************<\/span><\/h4>\n<p>&nbsp;<\/p>\n<p style=\"text-align: center\"><strong><span style=\"color: #0000ff\">IVE \u0160UBIC (1922\u22121989): A PAINTER<\/span><\/strong><\/p>\n<p style=\"text-align: center\">\u00a0\u00a0<a href=\"http:\/\/sola-poljane.splet.arnes.si\/files\/2018\/06\/Ive-\u0160ubic.jpg\"><img loading=\"lazy\" decoding=\"async\" class=\"alignnone size-medium wp-image-12911\" src=\"http:\/\/sola-poljane.splet.arnes.si\/files\/2018\/06\/Ive-\u0160ubic-225x300.jpg\" alt=\"\" width=\"225\" height=\"300\" srcset=\"https:\/\/sola-poljane.splet.arnes.si\/files\/2018\/06\/Ive-\u0160ubic-225x300.jpg 225w, https:\/\/sola-poljane.splet.arnes.si\/files\/2018\/06\/Ive-\u0160ubic-41x55.jpg 41w, https:\/\/sola-poljane.splet.arnes.si\/files\/2018\/06\/Ive-\u0160ubic.jpg 375w\" sizes=\"auto, (max-width: 225px) 100vw, 225px\" \/><\/a><\/p>\n<p>He was born in the Divjak mill in Hotovlja. He studied in Zagreb and Ljubljana. He also worked as a graphic designer, illustrator, etc.<br \/>\nHe is the most important painter of the partisan motive. His works also reflect his love of nature and country life.<\/p>\n<p>&nbsp;<\/p>\n<h4 style=\"text-align: center\"><span style=\"color: #ff6600\">*****************************************************<\/span><\/h4>\n<p>&nbsp;<\/p>\n<p style=\"text-align: center\"><strong><span style=\"color: #0000ff\">ANTON A\u017dBE (1862\u22121905): A PAINTER<\/span><\/strong><\/p>\n<p style=\"text-align: center\">\u00a0<a href=\"http:\/\/sola-poljane.splet.arnes.si\/files\/2018\/06\/Anton-A\u017ebe.jpg\"><img loading=\"lazy\" decoding=\"async\" class=\"alignnone size-medium wp-image-12915\" src=\"http:\/\/sola-poljane.splet.arnes.si\/files\/2018\/06\/Anton-A\u017ebe-236x300.jpg\" alt=\"\" width=\"236\" height=\"300\" srcset=\"https:\/\/sola-poljane.splet.arnes.si\/files\/2018\/06\/Anton-A\u017ebe-236x300.jpg 236w, https:\/\/sola-poljane.splet.arnes.si\/files\/2018\/06\/Anton-A\u017ebe-768x976.jpg 768w, https:\/\/sola-poljane.splet.arnes.si\/files\/2018\/06\/Anton-A\u017ebe-43x55.jpg 43w, https:\/\/sola-poljane.splet.arnes.si\/files\/2018\/06\/Anton-A\u017ebe-624x793.jpg 624w, https:\/\/sola-poljane.splet.arnes.si\/files\/2018\/06\/Anton-A\u017ebe.jpg 800w\" sizes=\"auto, (max-width: 236px) 100vw, 236px\" \/><\/a><\/p>\n<p style=\"text-align: left\">He was born in Dolen\u010dice. He studied painting in Vienna. He was very realistic in his paintings and drawings. \u201cZamorka\u201d (The Moor Woman) is considered to be his best painting. He established a private painting school in Munich. Some of the most renowned painters and Slovene impressionists studied there.<\/p>\n<h4 style=\"text-align: center\"><span style=\"color: #ff6600\">*****************************************************<\/span><\/h4>\n<p>&nbsp;<\/p>\n<p style=\"text-align: center\"><span style=\"color: #0000ff\"><strong>IVAN TAV\u010cAR, Doctor of Laws (1851\u22121923): A WRITER<\/strong><\/span><\/p>\n<p style=\"text-align: center\">\u00a0<a href=\"http:\/\/sola-poljane.splet.arnes.si\/files\/2018\/06\/Ivan-Tav\u010dar1.jpg\"><img loading=\"lazy\" decoding=\"async\" class=\"alignnone size-medium wp-image-12963\" src=\"http:\/\/sola-poljane.splet.arnes.si\/files\/2018\/06\/Ivan-Tav\u010dar1-192x300.jpg\" alt=\"\" width=\"192\" height=\"300\" srcset=\"https:\/\/sola-poljane.splet.arnes.si\/files\/2018\/06\/Ivan-Tav\u010dar1-192x300.jpg 192w, https:\/\/sola-poljane.splet.arnes.si\/files\/2018\/06\/Ivan-Tav\u010dar1-35x55.jpg 35w, https:\/\/sola-poljane.splet.arnes.si\/files\/2018\/06\/Ivan-Tav\u010dar1.jpg 320w\" sizes=\"auto, (max-width: 192px) 100vw, 192px\" \/><\/a><\/p>\n<p>He was born in Poljane. He studied law in Ljubljana and Vienna and became a lawyer. He was the editor of the magazine \u201cLjubljanski zvon\u201d and became a mayor of Ljubljana. He is a unique writer and his two most famous works are \u201cCvetje v jeseni\u201d (Flowers in the Fall) and \u201cViso\u0161ka kronika\u201d (The Chronicles of Visoko).<\/p>\n<p>&nbsp;<\/p>\n<h4 style=\"text-align: center\"><span style=\"color: #ff6600\">*****************************************************<\/span><\/h4>\n<p>&nbsp;<\/p>\n<p style=\"text-align: center\"><span style=\"color: #0000ff\"><strong>IVAN FRANKE (1841\u22121927): A PAINTER, A WRITER<\/strong><\/span><\/p>\n<p><a href=\"http:\/\/sola-poljane.splet.arnes.si\/files\/2018\/06\/Ivan_Franke.jpg\"><img loading=\"lazy\" decoding=\"async\" class=\"alignnone size-medium wp-image-12917 aligncenter\" src=\"http:\/\/sola-poljane.splet.arnes.si\/files\/2018\/06\/Ivan_Franke-215x300.jpg\" alt=\"\" width=\"215\" height=\"300\" srcset=\"https:\/\/sola-poljane.splet.arnes.si\/files\/2018\/06\/Ivan_Franke-215x300.jpg 215w, https:\/\/sola-poljane.splet.arnes.si\/files\/2018\/06\/Ivan_Franke-768x1071.jpg 768w, https:\/\/sola-poljane.splet.arnes.si\/files\/2018\/06\/Ivan_Franke-734x1024.jpg 734w, https:\/\/sola-poljane.splet.arnes.si\/files\/2018\/06\/Ivan_Franke-39x55.jpg 39w, https:\/\/sola-poljane.splet.arnes.si\/files\/2018\/06\/Ivan_Franke-624x870.jpg 624w, https:\/\/sola-poljane.splet.arnes.si\/files\/2018\/06\/Ivan_Franke.jpg 800w\" sizes=\"auto, (max-width: 215px) 100vw, 215px\" \/><\/a><\/p>\n<p>He was born in Dobje near Poljane. He studied painting in Vienna, co-founded the first Slovene fishing association and was the first to breed fish artificially.<\/p>\n<p>&nbsp;<\/p>\n<h4 style=\"text-align: center\"><span style=\"color: #ff6600\">*****************************************************<\/span><\/h4>\n<p>&nbsp;<\/p>\n<p style=\"text-align: center\"><span style=\"color: #0000ff\"><strong>ALE\u0160 U\u0160ENI\u010cNIK, Doctor of Theology (1868\u22121952): A PHILOSOPHER, A THEOLOGIAN<\/strong><\/span><\/p>\n<p style=\"text-align: center\">\u00a0<a href=\"http:\/\/sola-poljane.splet.arnes.si\/files\/2018\/06\/Ale\u0161_U\u0161eni\u010dnik.jpg\"><img loading=\"lazy\" decoding=\"async\" class=\"alignnone size-medium wp-image-12919\" src=\"http:\/\/sola-poljane.splet.arnes.si\/files\/2018\/06\/Ale\u0161_U\u0161eni\u010dnik-203x300.jpg\" alt=\"\" width=\"203\" height=\"300\" srcset=\"https:\/\/sola-poljane.splet.arnes.si\/files\/2018\/06\/Ale\u0161_U\u0161eni\u010dnik-203x300.jpg 203w, https:\/\/sola-poljane.splet.arnes.si\/files\/2018\/06\/Ale\u0161_U\u0161eni\u010dnik-37x55.jpg 37w, https:\/\/sola-poljane.splet.arnes.si\/files\/2018\/06\/Ale\u0161_U\u0161eni\u010dnik.jpg 500w\" sizes=\"auto, (max-width: 203px) 100vw, 203px\" \/><\/a><\/p>\n<p>He was born in Predmost near Poljane. He was the dean of the Faculty of Theology and the chancellor of the University of Ljubljana. He mostly wrote about philosophy and sociology. His dictionary of philosophical and sociological expressions is particularly relevant for the Slovene language.<\/p>\n<p>&nbsp;<\/p>\n<h4 style=\"text-align: center\"><span style=\"color: #ff6600\">*****************************************************<\/span><\/h4>\n<p>&nbsp;<\/p>\n<p style=\"text-align: center\"><span style=\"color: #0000ff\"><strong>GREGOR KREK, Doctor of Science (1840\u22121904): A RESEARCHER, A GRADUATE IN SLAVIC STUDIES<\/strong><\/span><br \/>\n<a href=\"http:\/\/sola-poljane.splet.arnes.si\/files\/2018\/06\/Gregor_Krek.jpg\"><img loading=\"lazy\" decoding=\"async\" class=\"alignnone size-medium wp-image-12921 aligncenter\" src=\"http:\/\/sola-poljane.splet.arnes.si\/files\/2018\/06\/Gregor_Krek-177x300.jpg\" alt=\"\" width=\"177\" height=\"300\" srcset=\"https:\/\/sola-poljane.splet.arnes.si\/files\/2018\/06\/Gregor_Krek-177x300.jpg 177w, https:\/\/sola-poljane.splet.arnes.si\/files\/2018\/06\/Gregor_Krek-32x55.jpg 32w, https:\/\/sola-poljane.splet.arnes.si\/files\/2018\/06\/Gregor_Krek.jpg 220w\" sizes=\"auto, (max-width: 177px) 100vw, 177px\" \/><\/a><\/p>\n<p style=\"text-align: left\">He was born in \u010cetena Ravan. He researched the heritage of Slavic nations. By following Grimm\u2019s example of exploring mythology, he tried to find Slavic mythology in oral legacy. He became known throughout Europe for his achievements.<\/p>\n<p>&nbsp;<\/p>\n<h4 style=\"text-align: center\"><span style=\"color: #ff6600\">*****************************************************<\/span><\/h4>\n<hr \/>\n<h4 style=\"text-align: center\"><\/h4>\n<h4 style=\"text-align: center\"><span style=\"color: #ff6600\"><strong>OTHER IMPORTANT HISTORICAL FIGURES FROM POLJANE<\/strong><\/span><\/h4>\n<p style=\"text-align: center\"><strong><span style=\"color: #3366ff\">ANTON KR\u017dI\u0160NIK<\/span>\u00a0\u2013 a sociologist<\/strong><\/p>\n<p style=\"text-align: center\"><strong><span style=\"color: #3366ff\">MATIJA DEBELJAK<\/span>\u00a0\u2013 a linguist<\/strong><\/p>\n<p style=\"text-align: center\"><strong><span style=\"color: #3366ff\">JANEZ JESENKO<\/span>\u00a0\u2013 a historian, a geographer<\/strong><\/p>\n<p style=\"text-align: center\"><strong><span style=\"color: #3366ff\">IGNACIJ MRAK<\/span>\u00a0\u2013 a bishop<\/strong><\/p>\n<p style=\"text-align: center\"><span style=\"color: #3366ff\">\u00a0<\/span><strong><span style=\"color: #3366ff\">PAVEL PERKO<\/span>\u00a0\u2013 a priest and a writer<\/strong><\/p>\n<p style=\"text-align: center\"><strong><span style=\"color: #3366ff\">MAKS KRMELJ<\/span>\u00a0\u2013 a national hero<\/strong><\/p>\n<p style=\"text-align: center\"><strong><span style=\"color: #3366ff\">MAKS MIKLAV\u010cI\u010c<\/span>\u00a0\u2013 a priest, an archivist<\/strong><\/p>\n<p>&nbsp;<\/p>\n<p>&nbsp;<\/p>\n<p>&nbsp;<\/p>\n<p>&nbsp;<\/p>\n","protected":false},"excerpt":{"rendered":"<p>\u0160TEFAN \u0160UBIC (1820\u22121884): A PAINTER He was born in Hotovlja, [&hellip;]<\/p>\n","protected":false},"author":1973,"featured_media":0,"parent":9116,"menu_order":0,"comment_status":"closed","ping_status":"closed","template":"template-fullwidth.php","meta":{"ngg_post_thumbnail":0,"footnotes":""},"class_list":["post-9255","page","type-page","status-publish","hentry"],"_links":{"self":[{"href":"https:\/\/sola-poljane.splet.arnes.si\/index.php?rest_route=\/wp\/v2\/pages\/9255","targetHints":{"allow":["GET"]}}],"collection":[{"href":"https:\/\/sola-poljane.splet.arnes.si\/index.php?rest_route=\/wp\/v2\/pages"}],"about":[{"href":"https:\/\/sola-poljane.splet.arnes.si\/index.php?rest_route=\/wp\/v2\/types\/page"}],"author":[{"embeddable":true,"href":"https:\/\/sola-poljane.splet.arnes.si\/index.php?rest_route=\/wp\/v2\/users\/1973"}],"replies":[{"embeddable":true,"href":"https:\/\/sola-poljane.splet.arnes.si\/index.php?rest_route=%2Fwp%2Fv2%2Fcomments&post=9255"}],"version-history":[{"count":28,"href":"https:\/\/sola-poljane.splet.arnes.si\/index.php?rest_route=\/wp\/v2\/pages\/9255\/revisions"}],"predecessor-version":[{"id":14285,"href":"https:\/\/sola-poljane.splet.arnes.si\/index.php?rest_route=\/wp\/v2\/pages\/9255\/revisions\/14285"}],"up":[{"embeddable":true,"href":"https:\/\/sola-poljane.splet.arnes.si\/index.php?rest_route=\/wp\/v2\/pages\/9116"}],"wp:attachment":[{"href":"https:\/\/sola-poljane.splet.arnes.si\/index.php?rest_route=%2Fwp%2Fv2%2Fmedia&parent=9255"}],"curies":[{"name":"wp","href":"https:\/\/api.w.org\/{rel}","templated":true}]}}