{"id":8756,"date":"2018-04-26T09:08:18","date_gmt":"2018-04-26T08:08:18","guid":{"rendered":"http:\/\/ospoljane.modri.net\/?page_id=8756"},"modified":"2025-09-10T10:57:28","modified_gmt":"2025-09-10T08:57:28","slug":"jedilniki","status":"publish","type":"page","link":"https:\/\/sola-poljane.splet.arnes.si\/?page_id=8756","title":{"rendered":"Jedilniki"},"content":{"rendered":"<a href=\"http:\/\/sola-poljane.splet.arnes.si\/?page_id=8658\"class=\"wpz-sc-button small\" style=\";background:#378dbd\"><span><i class=\"fa fa-cutlery\" style=\"padding-right:6px;\"><\/i>Splo\u0161ne informacije<\/span><\/a>\n<a href=\"http:\/\/sola-poljane.splet.arnes.si\/?page_id=8660\"class=\"wpz-sc-button small\" style=\";background:#378dbd\"><span><i class=\"fa fa-cutlery\" style=\"padding-right:6px;\"><\/i>Obroki in cenik<\/span><\/a>\n<a href=\"http:\/\/sola-poljane.splet.arnes.si\/?page_id=8729\"class=\"wpz-sc-button small\" style=\";background:#378dbd\"><span><i class=\"fa fa-cutlery\" style=\"padding-right:6px;\"><\/i>Prijava na \u0161olsko prehrano<\/span><\/a>\n<a href=\"http:\/\/sola-poljane.splet.arnes.si\/?page_id=48621\"class=\"wpz-sc-button small\" style=\";background:#378dbd\"><span><i class=\"fa fa-cutlery\" style=\"padding-right:6px;\"><\/i>Odjava posameznih obrokov<\/span><\/a>\n<a href=\"http:\/\/sola-poljane.splet.arnes.si\/?page_id=8723\"class=\"wpz-sc-button small\" style=\";background:#378dbd\"><span><i class=\"fa fa-cutlery\" style=\"padding-right:6px;\"><\/i>Subvencioniranje prehrane<\/span><\/a>\n<a href=\"http:\/\/sola-poljane.splet.arnes.si\/?page_id=8715\"class=\"wpz-sc-button small\" style=\";background:#378dbd\"><span><i class=\"fa fa-cutlery\" style=\"padding-right:6px;\"><\/i>Dietna prehrana<\/span><\/a>\n<a href=\"http:\/\/sola-poljane.splet.arnes.si\/?page_id=8662\"class=\"wpz-sc-button small\" style=\";background:#378dbd\"><span><i class=\"fa fa-cutlery\" style=\"padding-right:6px;\"><\/i>Ozna\u010devanje alergenov<\/span><\/a>\n<a href=\"http:\/\/sola-poljane.splet.arnes.si\/?page_id=8756\"class=\"wpz-sc-button small\" style=\";background:#378dbd\"><span><i class=\"fa fa-cutlery\" style=\"padding-right:6px;\"><\/i>Jedilniki<\/span><\/a>\n<a href=\"http:\/\/sola-poljane.splet.arnes.si\/?page_id=8597\"class=\"wpz-sc-button small\" style=\";background:#378dbd\"><span><i class=\"fa fa-cutlery\" style=\"padding-right:6px;\"><\/i>Projekt \u0160OLSKA SHEMA<\/span><\/a>\n<a href=\"http:\/\/sola-poljane.splet.arnes.si\/?page_id=41251\"class=\"wpz-sc-button small\" style=\";background:#378dbd\"><span><i class=\"fa fa-cutlery\" style=\"padding-right:6px;\"><\/i>Prehranske smernice<\/span><\/a>\n<p>Jedilniki so pripravljeni lo\u010deno za O\u0160 Poljane in Podru\u017eni\u010dno \u0161olo Javorje in sicer za vsak teden.<\/p>\n<p>\u0160ola lahko izjemoma posamezne obroke tudi spremeni.<\/p>\n\n<!-- iframe plugin v.5.2 wordpress.org\/plugins\/iframe\/ -->\n<iframe loading=\"lazy\" style=\"width: 100%; border: 0;\" src=\"https:\/\/drive.google.com\/a\/sola-poljane.si\/embeddedfolderview?id=17AUm3y8TrUGh-eIA4dQYp3wP5Rj-SE9g#list\" width=\"300\" 0=\"height=&quot;2500&quot;&gt;\" height=\"500\" scrolling=\"yes\" class=\"iframe-class\" frameborder=\"0\" name=\"ARNES\"><\/iframe>\n\n<p>&nbsp;<\/p>\n<p>Lahko se zgodi, da vam jedilnikov ne prika\u017ee.<\/p>\n<p>V tem primeru je mo\u017eno ve\u010d vzrokov, najve\u010dkrat pa:<\/p>\n<ul>\n<li>ni posodobljen brskalnik;<\/li>\n<li>imate name\u0161\u010den kak bloker oglasov ali podobno.<\/li>\n<\/ul>\n<p>Preverite lahko tako, da v brskalniku odprete anonimni zavihek\/okno (incognito tab in podobni izrazi) in preverite, \u010de v tem primeru deluje. Obi\u010dajno deluje. V brskalniku Google Chrome <em>Novo anonimno okno<\/em> odprete desno zgoraj &#8211;&gt;tri pikice in 3 mo\u017enost od vrha.<\/p>\n<p>V primeru operacijskega sistema Windows 10 ali 11 imate name\u0161\u010den tudi brskalnik Microsoft Edge, ki v privzeti nastavitvi ravno tako odpira to stran brez te\u017eav. Tako da lahko preverite tudi z brskalnikom Microsoft Edge.<\/p>\n","protected":false},"excerpt":{"rendered":"<p>Jedilniki so pripravljeni lo\u010deno za O\u0160 Poljane in Podru\u017eni\u010dno \u0161olo [&hellip;]<\/p>\n","protected":false},"author":1973,"featured_media":0,"parent":8658,"menu_order":8,"comment_status":"closed","ping_status":"closed","template":"","meta":{"ngg_post_thumbnail":0,"footnotes":""},"class_list":["post-8756","page","type-page","status-publish","hentry"],"_links":{"self":[{"href":"https:\/\/sola-poljane.splet.arnes.si\/index.php?rest_route=\/wp\/v2\/pages\/8756","targetHints":{"allow":["GET"]}}],"collection":[{"href":"https:\/\/sola-poljane.splet.arnes.si\/index.php?rest_route=\/wp\/v2\/pages"}],"about":[{"href":"https:\/\/sola-poljane.splet.arnes.si\/index.php?rest_route=\/wp\/v2\/types\/page"}],"author":[{"embeddable":true,"href":"https:\/\/sola-poljane.splet.arnes.si\/index.php?rest_route=\/wp\/v2\/users\/1973"}],"replies":[{"embeddable":true,"href":"https:\/\/sola-poljane.splet.arnes.si\/index.php?rest_route=%2Fwp%2Fv2%2Fcomments&post=8756"}],"version-history":[{"count":15,"href":"https:\/\/sola-poljane.splet.arnes.si\/index.php?rest_route=\/wp\/v2\/pages\/8756\/revisions"}],"predecessor-version":[{"id":48964,"href":"https:\/\/sola-poljane.splet.arnes.si\/index.php?rest_route=\/wp\/v2\/pages\/8756\/revisions\/48964"}],"up":[{"embeddable":true,"href":"https:\/\/sola-poljane.splet.arnes.si\/index.php?rest_route=\/wp\/v2\/pages\/8658"}],"wp:attachment":[{"href":"https:\/\/sola-poljane.splet.arnes.si\/index.php?rest_route=%2Fwp%2Fv2%2Fmedia&parent=8756"}],"curies":[{"name":"wp","href":"https:\/\/api.w.org\/{rel}","templated":true}]}}