{"id":8688,"date":"2018-04-23T13:30:29","date_gmt":"2018-04-23T11:30:29","guid":{"rendered":"http:\/\/ospoljane.modri.net\/?page_id=8688"},"modified":"2021-04-07T09:12:18","modified_gmt":"2021-04-07T07:12:18","slug":"prostovoljci","status":"publish","type":"page","link":"https:\/\/sola-poljane.splet.arnes.si\/?page_id=8688","title":{"rendered":"Prostovoljstvo"},"content":{"rendered":"<a href=\"http:\/\/sola-poljane.splet.arnes.si\/?page_id=8591\"class=\"wpz-sc-button small\" style=\";background:#378DBD\"><span><i class=\"fa fa-lightbulb-o\" style=\"padding-right:6px;\"><\/i>Svetovalna slu\u017eba<\/span><\/a>\n<a href=\"http:\/\/sola-poljane.splet.arnes.si\/?page_id=8676\"class=\"wpz-sc-button small\" style=\";background:#378DBD\"><span><i class=\"fa fa-lightbulb-o\" style=\"padding-right:6px;\"><\/i>Karierna orientacija-vpis v srednje \u0161ole<\/span><\/a>\n<a href=\"http:\/\/sola-poljane.splet.arnes.si\/?page_id=8678\"class=\"wpz-sc-button small\" style=\";background:#378DBD\"><span><i class=\"fa fa-lightbulb-o\" style=\"padding-right:6px;\"><\/i>Nadarjeni u\u010denci<\/span><\/a>\n<a href=\"http:\/\/sola-poljane.splet.arnes.si\/?page_id=8688\"class=\"wpz-sc-button small\" style=\";background:#378DBD\"><span><i class=\"fa fa-lightbulb-o\" style=\"padding-right:6px;\"><\/i>Prostovoljstvo<\/span><\/a>\n<a href=\"http:\/\/sola-poljane.splet.arnes.si\/?page_id=8690\"class=\"wpz-sc-button small\" style=\";background:#378DBD\"><span><i class=\"fa fa-lightbulb-o\" style=\"padding-right:6px;\"><\/i>Za u\u010dence<\/span><\/a>\n<a href=\"http:\/\/sola-poljane.splet.arnes.si\/?page_id=8692\"class=\"wpz-sc-button small\" style=\";background:#378DBD\"><span><i class=\"fa fa-lightbulb-o\" style=\"padding-right:6px;\"><\/i>Za star\u0161e<\/span><\/a>\n<a href=\"http:\/\/sola-poljane.splet.arnes.si\/?page_id=10821\"class=\"wpz-sc-button small\" style=\";background:#378DBD\"><span><i class=\"fa fa-lightbulb-o\" style=\"padding-right:6px;\"><\/i>Status u\u010denca<\/span><\/a>\n<p><img loading=\"lazy\" decoding=\"async\" class=\"alignright wp-image-11325\" src=\"http:\/\/sola-poljane.splet.arnes.si\/files\/2018\/04\/riLnRgjrT-300x300.jpg\" alt=\"\" width=\"209\" height=\"209\" srcset=\"https:\/\/sola-poljane.splet.arnes.si\/files\/2018\/04\/riLnRgjrT-300x300.jpg 300w, https:\/\/sola-poljane.splet.arnes.si\/files\/2018\/04\/riLnRgjrT-150x150.jpg 150w, https:\/\/sola-poljane.splet.arnes.si\/files\/2018\/04\/riLnRgjrT-768x768.jpg 768w, https:\/\/sola-poljane.splet.arnes.si\/files\/2018\/04\/riLnRgjrT-55x55.jpg 55w, https:\/\/sola-poljane.splet.arnes.si\/files\/2018\/04\/riLnRgjrT-947x947.jpg 947w, https:\/\/sola-poljane.splet.arnes.si\/files\/2018\/04\/riLnRgjrT-624x624.jpg 624w, https:\/\/sola-poljane.splet.arnes.si\/files\/2018\/04\/riLnRgjrT.jpg 975w\" sizes=\"auto, (max-width: 209px) 100vw, 209px\" \/><\/p>\n<p>Prostovoljstvo poteka na na\u0161i \u0161oli od \u0161olskega leta 2011\/2012.<\/p>\n<p>Pomo\u010d nudijo u\u010denci od 6. do 9. razreda, praviloma se jih vklju\u010di preko 20 %. Ti u\u010denci pomagajo mlaj\u0161im u\u010dencem pri doma\u010di nalogi, morebitnih u\u010dnih te\u017eavah, z njimi pre\u017eivljajo \u010das, jim berejopravljice, pripovedujejo, jih spremljajo v telovadnici \u2026<\/p>\n<p>Pomo\u010d se je izvaja po pouku, pri urah podalj\u0161anega bivanja, predvsem v \u010dasu, ko u\u010denci delajo doma\u010de naloge. Strokovni delavci v OPB in svetovalna delavka se posvetujejo in ugotovijo dejansko situacijo oziroma potrebe, dolo\u010dijo dneve, ure in \u0161tevilo potrebnih prostovoljcev. Prostovoljci prihajajo v skupine praviloma za eno \u0161olsko uro. Pomo\u010d nudijo u\u010dencem od 1. do 5. razreda. Z u\u010ditelji podalj\u0161anega bivanja je dogovorjeno, da jim dolo\u010dijo delo in naloge. S prostovoljci se svetovalna delavka sre\u010duje, kjer preverja stanje, motivacijo in re\u0161ujejo morebitne te\u017eave.<\/p>\n<p>Nekateri u\u010denci sodelujejo tudi v projektu Simbioza, kjer pomagajo starej\u0161im ob\u010danom pri usvajanju ra\u010dunalni\u0161kega znanja, v projekt so vklju\u010deni tudi nekateri zaposleni.<\/p>\n<p>Skupaj z vrtcem sodelujemo tudi v akciji Pokloni zvezek, kjer zbiramo zvezke in \u0161olske potreb\u0161\u010dine, ki jih predamo \u017dupnijski karitas \u0160kofja Loka.<\/p>\n","protected":false},"excerpt":{"rendered":"<p>Prostovoljstvo poteka na na\u0161i \u0161oli od \u0161olskega leta 2011\/2012. Pomo\u010d [&hellip;]<\/p>\n","protected":false},"author":54103,"featured_media":0,"parent":8591,"menu_order":3,"comment_status":"closed","ping_status":"closed","template":"template-fullwidth.php","meta":{"ngg_post_thumbnail":0,"footnotes":""},"class_list":["post-8688","page","type-page","status-publish","hentry"],"_links":{"self":[{"href":"https:\/\/sola-poljane.splet.arnes.si\/index.php?rest_route=\/wp\/v2\/pages\/8688","targetHints":{"allow":["GET"]}}],"collection":[{"href":"https:\/\/sola-poljane.splet.arnes.si\/index.php?rest_route=\/wp\/v2\/pages"}],"about":[{"href":"https:\/\/sola-poljane.splet.arnes.si\/index.php?rest_route=\/wp\/v2\/types\/page"}],"author":[{"embeddable":true,"href":"https:\/\/sola-poljane.splet.arnes.si\/index.php?rest_route=\/wp\/v2\/users\/54103"}],"replies":[{"embeddable":true,"href":"https:\/\/sola-poljane.splet.arnes.si\/index.php?rest_route=%2Fwp%2Fv2%2Fcomments&post=8688"}],"version-history":[{"count":8,"href":"https:\/\/sola-poljane.splet.arnes.si\/index.php?rest_route=\/wp\/v2\/pages\/8688\/revisions"}],"predecessor-version":[{"id":21610,"href":"https:\/\/sola-poljane.splet.arnes.si\/index.php?rest_route=\/wp\/v2\/pages\/8688\/revisions\/21610"}],"up":[{"embeddable":true,"href":"https:\/\/sola-poljane.splet.arnes.si\/index.php?rest_route=\/wp\/v2\/pages\/8591"}],"wp:attachment":[{"href":"https:\/\/sola-poljane.splet.arnes.si\/index.php?rest_route=%2Fwp%2Fv2%2Fmedia&parent=8688"}],"curies":[{"name":"wp","href":"https:\/\/api.w.org\/{rel}","templated":true}]}}