{"id":8662,"date":"2018-04-20T09:50:45","date_gmt":"2018-04-20T08:50:45","guid":{"rendered":"http:\/\/ospoljane.modri.net\/?page_id=8662"},"modified":"2025-09-10T10:57:03","modified_gmt":"2025-09-10T08:57:03","slug":"oznacevanje-alergenov","status":"publish","type":"page","link":"https:\/\/sola-poljane.splet.arnes.si\/?page_id=8662","title":{"rendered":"Ozna\u010devanje alergenov"},"content":{"rendered":"<a href=\"http:\/\/sola-poljane.splet.arnes.si\/?page_id=8658\"class=\"wpz-sc-button small\" style=\";background:#378dbd\"><span><i class=\"fa fa-cutlery\" style=\"padding-right:6px;\"><\/i>Splo\u0161ne informacije<\/span><\/a>\n<a href=\"http:\/\/sola-poljane.splet.arnes.si\/?page_id=8660\"class=\"wpz-sc-button small\" style=\";background:#378dbd\"><span><i class=\"fa fa-cutlery\" style=\"padding-right:6px;\"><\/i>Obroki in cenik<\/span><\/a>\n<a href=\"http:\/\/sola-poljane.splet.arnes.si\/?page_id=8729\"class=\"wpz-sc-button small\" style=\";background:#378dbd\"><span><i class=\"fa fa-cutlery\" style=\"padding-right:6px;\"><\/i>Prijava na \u0161olsko prehrano<\/span><\/a>\n<a href=\"http:\/\/sola-poljane.splet.arnes.si\/?page_id=48621\"class=\"wpz-sc-button small\" style=\";background:#378dbd\"><span><i class=\"fa fa-cutlery\" style=\"padding-right:6px;\"><\/i>Odjava posameznih obrokov<\/span><\/a>\n<a href=\"http:\/\/sola-poljane.splet.arnes.si\/?page_id=8723\"class=\"wpz-sc-button small\" style=\";background:#378dbd\"><span><i class=\"fa fa-cutlery\" style=\"padding-right:6px;\"><\/i>Subvencioniranje prehrane<\/span><\/a>\n<a href=\"http:\/\/sola-poljane.splet.arnes.si\/?page_id=8715\"class=\"wpz-sc-button small\" style=\";background:#378dbd\"><span><i class=\"fa fa-cutlery\" style=\"padding-right:6px;\"><\/i>Dietna prehrana<\/span><\/a>\n<a href=\"http:\/\/sola-poljane.splet.arnes.si\/?page_id=8662\"class=\"wpz-sc-button small\" style=\";background:#378dbd\"><span><i class=\"fa fa-cutlery\" style=\"padding-right:6px;\"><\/i>Ozna\u010devanje alergenov<\/span><\/a>\n<a href=\"http:\/\/sola-poljane.splet.arnes.si\/?page_id=8756\"class=\"wpz-sc-button small\" style=\";background:#378dbd\"><span><i class=\"fa fa-cutlery\" style=\"padding-right:6px;\"><\/i>Jedilniki<\/span><\/a>\n<a href=\"http:\/\/sola-poljane.splet.arnes.si\/?page_id=8597\"class=\"wpz-sc-button small\" style=\";background:#378dbd\"><span><i class=\"fa fa-cutlery\" style=\"padding-right:6px;\"><\/i>Projekt \u0160OLSKA SHEMA<\/span><\/a>\n<a href=\"http:\/\/sola-poljane.splet.arnes.si\/?page_id=41251\"class=\"wpz-sc-button small\" style=\";background:#378dbd\"><span><i class=\"fa fa-cutlery\" style=\"padding-right:6px;\"><\/i>Prehranske smernice<\/span><\/a>\n<p>S 13. decembrom 2014 se pri\u010dne uporabljati Uredba (EU) \u0161t. 1169\/2011 o zagotavljanju informacij potro\u0161nikom, spremembah uredb (ES) \u0161t. 1924\/2006 in (ES) \u0161t. 1925\/2006 Evropskega parlamenta in Sveta ter razveljavitvi Direktive Komisije 87\/250\/EGS, Direktive Sveta 90\/496\/EGS, Direktive Komisije 1999\/10\/ES, Direktive 2000\/13\/ES Evropskega parlamenta in Sveta, direktiv Komisije 2002\/67\/ES in 2008\/5\/ES in Uredbe Komisije (ES) \u0161t. 608\/2004 (v nadaljevanju Uredba 1169\/2004).<br \/>\nNavedena uredba v 44. \u010dlenu dolo\u010da, da so podatki o alergenih, kadar so ti prisotni v kon\u010dnem proizvodu, obvezni tudi za nepredpakirana \u017eivila ponujena za prodajo kon\u010dnemu potro\u0161niku. Seznam sestavin ali proizvodov, ki povzro\u010dajo alergije ali preob\u010dutljivosti (t.i. alergeni) so navedeni v Prilogi II Uredbe 1169\/2004.<\/p>\n<p>Dostopno na URL: <a href=\"https:\/\/www.gov.si\/teme\/oznacevanje-zivil-ter-zdravstvene-in-prehranske-trditve\/\">https:\/\/www.gov.si\/teme\/oznacevanje-zivil-ter-zdravstvene-in-prehranske-trditve\/ <\/a>(17. 8. 2021).<\/p>\n<p>&nbsp;<\/p>\n","protected":false},"excerpt":{"rendered":"<p>S 13. decembrom 2014 se pri\u010dne uporabljati Uredba (EU) \u0161t. [&hellip;]<\/p>\n","protected":false},"author":100990,"featured_media":0,"parent":8658,"menu_order":7,"comment_status":"closed","ping_status":"closed","template":"","meta":{"ngg_post_thumbnail":0,"footnotes":""},"class_list":["post-8662","page","type-page","status-publish","hentry"],"_links":{"self":[{"href":"https:\/\/sola-poljane.splet.arnes.si\/index.php?rest_route=\/wp\/v2\/pages\/8662","targetHints":{"allow":["GET"]}}],"collection":[{"href":"https:\/\/sola-poljane.splet.arnes.si\/index.php?rest_route=\/wp\/v2\/pages"}],"about":[{"href":"https:\/\/sola-poljane.splet.arnes.si\/index.php?rest_route=\/wp\/v2\/types\/page"}],"author":[{"embeddable":true,"href":"https:\/\/sola-poljane.splet.arnes.si\/index.php?rest_route=\/wp\/v2\/users\/100990"}],"replies":[{"embeddable":true,"href":"https:\/\/sola-poljane.splet.arnes.si\/index.php?rest_route=%2Fwp%2Fv2%2Fcomments&post=8662"}],"version-history":[{"count":6,"href":"https:\/\/sola-poljane.splet.arnes.si\/index.php?rest_route=\/wp\/v2\/pages\/8662\/revisions"}],"predecessor-version":[{"id":48963,"href":"https:\/\/sola-poljane.splet.arnes.si\/index.php?rest_route=\/wp\/v2\/pages\/8662\/revisions\/48963"}],"up":[{"embeddable":true,"href":"https:\/\/sola-poljane.splet.arnes.si\/index.php?rest_route=\/wp\/v2\/pages\/8658"}],"wp:attachment":[{"href":"https:\/\/sola-poljane.splet.arnes.si\/index.php?rest_route=%2Fwp%2Fv2%2Fmedia&parent=8662"}],"curies":[{"name":"wp","href":"https:\/\/api.w.org\/{rel}","templated":true}]}}