{"id":8660,"date":"2018-04-20T09:48:16","date_gmt":"2018-04-20T08:48:16","guid":{"rendered":"http:\/\/ospoljane.modri.net\/?page_id=8660"},"modified":"2026-02-27T11:17:21","modified_gmt":"2026-02-27T10:17:21","slug":"splosne-informacije-in-cenik","status":"publish","type":"page","link":"https:\/\/sola-poljane.splet.arnes.si\/?page_id=8660","title":{"rendered":"Obroki in cenik"},"content":{"rendered":"<a href=\"http:\/\/sola-poljane.splet.arnes.si\/?page_id=8658\"class=\"wpz-sc-button small\" style=\";background:#378dbd\"><span><i class=\"fa fa-cutlery\" style=\"padding-right:6px;\"><\/i>Splo\u0161ne informacije<\/span><\/a>\n<a href=\"http:\/\/sola-poljane.splet.arnes.si\/?page_id=8660\"class=\"wpz-sc-button small\" style=\";background:#378dbd\"><span><i class=\"fa fa-cutlery\" style=\"padding-right:6px;\"><\/i>Obroki in cenik<\/span><\/a>\n<a href=\"http:\/\/sola-poljane.splet.arnes.si\/?page_id=8729\"class=\"wpz-sc-button small\" style=\";background:#378dbd\"><span><i class=\"fa fa-cutlery\" style=\"padding-right:6px;\"><\/i>Prijava na \u0161olsko prehrano<\/span><\/a>\n<a href=\"http:\/\/sola-poljane.splet.arnes.si\/?page_id=48621\"class=\"wpz-sc-button small\" style=\";background:#378dbd\"><span><i class=\"fa fa-cutlery\" style=\"padding-right:6px;\"><\/i>Odjava posameznih obrokov<\/span><\/a>\n<a href=\"http:\/\/sola-poljane.splet.arnes.si\/?page_id=8723\"class=\"wpz-sc-button small\" style=\";background:#378dbd\"><span><i class=\"fa fa-cutlery\" style=\"padding-right:6px;\"><\/i>Subvencioniranje prehrane<\/span><\/a>\n<a href=\"http:\/\/sola-poljane.splet.arnes.si\/?page_id=8715\"class=\"wpz-sc-button small\" style=\";background:#378dbd\"><span><i class=\"fa fa-cutlery\" style=\"padding-right:6px;\"><\/i>Dietna prehrana<\/span><\/a>\n<a href=\"http:\/\/sola-poljane.splet.arnes.si\/?page_id=8662\"class=\"wpz-sc-button small\" style=\";background:#378dbd\"><span><i class=\"fa fa-cutlery\" style=\"padding-right:6px;\"><\/i>Ozna\u010devanje alergenov<\/span><\/a>\n<a href=\"http:\/\/sola-poljane.splet.arnes.si\/?page_id=8756\"class=\"wpz-sc-button small\" style=\";background:#378dbd\"><span><i class=\"fa fa-cutlery\" style=\"padding-right:6px;\"><\/i>Jedilniki<\/span><\/a>\n<a href=\"http:\/\/sola-poljane.splet.arnes.si\/?page_id=8597\"class=\"wpz-sc-button small\" style=\";background:#378dbd\"><span><i class=\"fa fa-cutlery\" style=\"padding-right:6px;\"><\/i>Projekt \u0160OLSKA SHEMA<\/span><\/a>\n<a href=\"http:\/\/sola-poljane.splet.arnes.si\/?page_id=41251\"class=\"wpz-sc-button small\" style=\";background:#378dbd\"><span><i class=\"fa fa-cutlery\" style=\"padding-right:6px;\"><\/i>Prehranske smernice<\/span><\/a>\n<h4><span style=\"color: #008000\">\u010cas za malico<\/span><\/h4>\n<p>U\u010denci razredne in predmetne stopnje malicajo po drugi \u0161olski uri v u\u010dilnicah, v katerih imajo tretjo \u0161olsko uro pouk.<\/p>\n<h4><span style=\"color: #008000\">\u010cas za kosilo (velja od 1. 9. 2023 dalje)<\/span><\/h4>\n<p>Kosilo na mati\u010dni \u0161oli je <strong>od 12.00 do 14.00 v jedilnici \u0161ole<\/strong>.<\/p>\n<p>Kosilo na podru\u017eni\u010dni \u0161oli je <strong>od 12.00 do 13.00.<\/strong><\/p>\n<h4><span style=\"color: #008000\">Cenik<\/span><\/h4>\n<h5>Cena \u0161olske malice<\/h5>\n<p>Skladno z Zakonom o \u0161olski prehrani je ministrstvo s sklepom dolo\u010dilo ceno <strong>malice<\/strong>, ki v \u0161olskem letu 2025\/2026 za osnovne \u0161ole zna\u0161a <strong>1,10 EUR.<\/strong><\/p>\n<h5>Aktualni cenik ostalih prehranskih obrokov, velja od 1. 3. 2026 dalje<\/h5>\n<ul>\n<li>Kosilo 1. &#8211; 5. razreda&nbsp; &nbsp; &nbsp; &nbsp; &nbsp;&nbsp; &nbsp; &nbsp; &nbsp;&nbsp; <strong>2,53 EUR<\/strong><\/li>\n<li>Kosilo 6. &#8211; 9. razreda&nbsp; &nbsp;&nbsp;<strong> &nbsp;&nbsp;&nbsp;&nbsp;&nbsp;&nbsp;&nbsp;&nbsp;&nbsp;&nbsp;&nbsp;&nbsp; 2,79 EUR<\/strong><\/li>\n<li>Popoldanska malica&nbsp; &nbsp;<strong>&nbsp; &nbsp; &nbsp; &nbsp; &nbsp; &nbsp; &nbsp; &nbsp; 1,20 EUR<\/strong><\/li>\n<li>Kosilo za zunanje uporabnike &nbsp;<strong> 4,78 EUR<\/strong><\/li>\n<\/ul>\n","protected":false},"excerpt":{"rendered":"<p>\u010cas za malico U\u010denci razredne in predmetne stopnje malicajo po [&hellip;]<\/p>\n","protected":false},"author":100990,"featured_media":0,"parent":8658,"menu_order":1,"comment_status":"closed","ping_status":"closed","template":"","meta":{"ngg_post_thumbnail":0,"footnotes":""},"class_list":["post-8660","page","type-page","status-publish","hentry"],"_links":{"self":[{"href":"https:\/\/sola-poljane.splet.arnes.si\/index.php?rest_route=\/wp\/v2\/pages\/8660","targetHints":{"allow":["GET"]}}],"collection":[{"href":"https:\/\/sola-poljane.splet.arnes.si\/index.php?rest_route=\/wp\/v2\/pages"}],"about":[{"href":"https:\/\/sola-poljane.splet.arnes.si\/index.php?rest_route=\/wp\/v2\/types\/page"}],"author":[{"embeddable":true,"href":"https:\/\/sola-poljane.splet.arnes.si\/index.php?rest_route=\/wp\/v2\/users\/100990"}],"replies":[{"embeddable":true,"href":"https:\/\/sola-poljane.splet.arnes.si\/index.php?rest_route=%2Fwp%2Fv2%2Fcomments&post=8660"}],"version-history":[{"count":15,"href":"https:\/\/sola-poljane.splet.arnes.si\/index.php?rest_route=\/wp\/v2\/pages\/8660\/revisions"}],"predecessor-version":[{"id":51921,"href":"https:\/\/sola-poljane.splet.arnes.si\/index.php?rest_route=\/wp\/v2\/pages\/8660\/revisions\/51921"}],"up":[{"embeddable":true,"href":"https:\/\/sola-poljane.splet.arnes.si\/index.php?rest_route=\/wp\/v2\/pages\/8658"}],"wp:attachment":[{"href":"https:\/\/sola-poljane.splet.arnes.si\/index.php?rest_route=%2Fwp%2Fv2%2Fmedia&parent=8660"}],"curies":[{"name":"wp","href":"https:\/\/api.w.org\/{rel}","templated":true}]}}