{"id":8658,"date":"2018-04-20T09:44:58","date_gmt":"2018-04-20T08:44:58","guid":{"rendered":"http:\/\/ospoljane.modri.net\/?page_id=8658"},"modified":"2025-10-08T09:44:39","modified_gmt":"2025-10-08T07:44:39","slug":"prehrana","status":"publish","type":"page","link":"https:\/\/sola-poljane.splet.arnes.si\/?page_id=8658","title":{"rendered":"Prehrana &#8211; splo\u0161ne informacije"},"content":{"rendered":"<a href=\"http:\/\/sola-poljane.splet.arnes.si\/?page_id=8658\"class=\"wpz-sc-button small\" style=\";background:#378dbd\"><span><i class=\"fa fa-cutlery\" style=\"padding-right:6px;\"><\/i>Splo\u0161ne informacije<\/span><\/a>\n<a href=\"http:\/\/sola-poljane.splet.arnes.si\/?page_id=8660\"class=\"wpz-sc-button small\" style=\";background:#378dbd\"><span><i class=\"fa fa-cutlery\" style=\"padding-right:6px;\"><\/i>Obroki in cenik<\/span><\/a>\n<a href=\"http:\/\/sola-poljane.splet.arnes.si\/?page_id=8729\"class=\"wpz-sc-button small\" style=\";background:#378dbd\"><span><i class=\"fa fa-cutlery\" style=\"padding-right:6px;\"><\/i>Prijava na \u0161olsko prehrano<\/span><\/a>\n<a href=\"http:\/\/sola-poljane.splet.arnes.si\/?page_id=48621\"class=\"wpz-sc-button small\" style=\";background:#378dbd\"><span><i class=\"fa fa-cutlery\" style=\"padding-right:6px;\"><\/i>Odjava posameznih obrokov<\/span><\/a>\n<a href=\"http:\/\/sola-poljane.splet.arnes.si\/?page_id=8723\"class=\"wpz-sc-button small\" style=\";background:#378dbd\"><span><i class=\"fa fa-cutlery\" style=\"padding-right:6px;\"><\/i>Subvencioniranje prehrane<\/span><\/a>\n<a href=\"http:\/\/sola-poljane.splet.arnes.si\/?page_id=8715\"class=\"wpz-sc-button small\" style=\";background:#378dbd\"><span><i class=\"fa fa-cutlery\" style=\"padding-right:6px;\"><\/i>Dietna prehrana<\/span><\/a>\n<a href=\"http:\/\/sola-poljane.splet.arnes.si\/?page_id=8662\"class=\"wpz-sc-button small\" style=\";background:#378dbd\"><span><i class=\"fa fa-cutlery\" style=\"padding-right:6px;\"><\/i>Ozna\u010devanje alergenov<\/span><\/a>\n<a href=\"http:\/\/sola-poljane.splet.arnes.si\/?page_id=8756\"class=\"wpz-sc-button small\" style=\";background:#378dbd\"><span><i class=\"fa fa-cutlery\" style=\"padding-right:6px;\"><\/i>Jedilniki<\/span><\/a>\n<a href=\"http:\/\/sola-poljane.splet.arnes.si\/?page_id=8597\"class=\"wpz-sc-button small\" style=\";background:#378dbd\"><span><i class=\"fa fa-cutlery\" style=\"padding-right:6px;\"><\/i>Projekt \u0160OLSKA SHEMA<\/span><\/a>\n<a href=\"http:\/\/sola-poljane.splet.arnes.si\/?page_id=41251\"class=\"wpz-sc-button small\" style=\";background:#378dbd\"><span><i class=\"fa fa-cutlery\" style=\"padding-right:6px;\"><\/i>Prehranske smernice<\/span><\/a>\n<h3>Zakonska podlaga<\/h3>\n<p>Prehrano v osnovni \u0161oli ureja <a href=\"http:\/\/pisrs.si\/Pis.web\/pregledPredpisa?id=ZAKO6564\">Zakon o \u0161olski prehrani (Z\u0160olPre-1)<\/a>, ki je stopil v veljavo s 1.2.2013.<\/p>\n<p>Na podlagi zakonodaje je Svet zavoda O\u0160 Poljane sprejel <a href=\"https:\/\/drive.google.com\/open?id=1ophaaHIdfcRaj5DkE3J_jWS6-iyA4TVe\">Pravila o \u0161olski prehrani O\u0160 Poljane<\/a>, pravila veljajo od 3.10.2012. Zadnja sprememba pravil je bila sprejeta 30. 9. 2025.<\/p>\n<h3>Na\u010drtovanje obrokov<\/h3>\n<p>\u0160olsko prehrano na\u010drtuje organizatorka \u0161olske prehrane.<\/p>\n<p>\u0160ola pri na\u010drtovanju prehrane upo\u0161teva zavezujo\u010do zakonodajo za organizirano prehrano in na\u010dine notranjega in zunanjega strokovnega spremljanja prehranjevanja. Za podajanje mnenj in predlogov glede \u0161olske prehrane na \u0161oli deluje oz. je imenovana komisija za prehrano, ki jo sestavljajo strokovni delavci vrtca in \u0161ole, predstavnik star\u0161ev, glavna kuharica in organizatorka \u0161olske prehrane.<\/p>\n<p>&nbsp;<\/p>\n","protected":false},"excerpt":{"rendered":"<p>Zakonska podlaga Prehrano v osnovni \u0161oli ureja Zakon o \u0161olski [&hellip;]<\/p>\n","protected":false},"author":100990,"featured_media":0,"parent":0,"menu_order":0,"comment_status":"closed","ping_status":"closed","template":"","meta":{"ngg_post_thumbnail":0,"footnotes":""},"class_list":["post-8658","page","type-page","status-publish","hentry"],"_links":{"self":[{"href":"https:\/\/sola-poljane.splet.arnes.si\/index.php?rest_route=\/wp\/v2\/pages\/8658","targetHints":{"allow":["GET"]}}],"collection":[{"href":"https:\/\/sola-poljane.splet.arnes.si\/index.php?rest_route=\/wp\/v2\/pages"}],"about":[{"href":"https:\/\/sola-poljane.splet.arnes.si\/index.php?rest_route=\/wp\/v2\/types\/page"}],"author":[{"embeddable":true,"href":"https:\/\/sola-poljane.splet.arnes.si\/index.php?rest_route=\/wp\/v2\/users\/100990"}],"replies":[{"embeddable":true,"href":"https:\/\/sola-poljane.splet.arnes.si\/index.php?rest_route=%2Fwp%2Fv2%2Fcomments&post=8658"}],"version-history":[{"count":13,"href":"https:\/\/sola-poljane.splet.arnes.si\/index.php?rest_route=\/wp\/v2\/pages\/8658\/revisions"}],"predecessor-version":[{"id":49427,"href":"https:\/\/sola-poljane.splet.arnes.si\/index.php?rest_route=\/wp\/v2\/pages\/8658\/revisions\/49427"}],"wp:attachment":[{"href":"https:\/\/sola-poljane.splet.arnes.si\/index.php?rest_route=%2Fwp%2Fv2%2Fmedia&parent=8658"}],"curies":[{"name":"wp","href":"https:\/\/api.w.org\/{rel}","templated":true}]}}