{"id":8645,"date":"2018-04-20T09:23:43","date_gmt":"2018-04-20T08:23:43","guid":{"rendered":"http:\/\/ospoljane.modri.net\/?page_id=8645"},"modified":"2025-10-09T18:09:15","modified_gmt":"2025-10-09T16:09:15","slug":"sola-v-naravi","status":"publish","type":"page","link":"https:\/\/sola-poljane.splet.arnes.si\/?page_id=8645","title":{"rendered":"\u0160ola v naravi"},"content":{"rendered":"\n<table id=\"tablepress-3\" class=\"tablepress tablepress-id-3\">\n<thead>\n<tr class=\"row-1\">\n\t<th class=\"column-1\">Razred<\/th><th class=\"column-2\">Opis<\/th><th class=\"column-3\">Vodja \u0161ole v naravi<\/th>\n<\/tr>\n<\/thead>\n<tbody class=\"row-striping row-hover\">\n<tr class=\"row-2\">\n\t<td class=\"column-1\">2. razred<\/td><td class=\"column-2\">Za u\u010dence 2. razreda bo organizirana \u0161ola v naravi v C\u0160OD Medved. \u0160ola v naravi bo potekala od 16. 3. do 18. 3. 2026.<\/td><td class=\"column-3\">\u017diva Bogataj<\/td>\n<\/tr>\n<tr class=\"row-3\">\n\t<td class=\"column-1\">3. razred<\/td><td class=\"column-2\">Za u\u010dence 3. razreda bo organizirana \u0161ola v naravi v C\u0160OD Medved. \u0160ola v naravi bo potekala od 18. 3. do 20. 3. 2026.<\/td><td class=\"column-3\">Mateja Tu\u0161ek<\/td>\n<\/tr>\n<tr class=\"row-4\">\n\t<td class=\"column-1\">5. razred<\/td><td class=\"column-2\">Za u\u010dence 5. razreda bo od 1. 9. do 5. 9. 2025 organizirana letna \u0161ola v naravi v MZL RKS Debeli rti\u010d. Glavni cilj te \u0161ole je u\u010denje plavanja.<\/td><td class=\"column-3\">Jolanda Mur<\/td>\n<\/tr>\n<tr class=\"row-5\">\n\t<td class=\"column-1\">6. razred<\/td><td class=\"column-2\">Za u\u010dence 6. razreda bo na Kopah organizirana zimska \u0161ola v naravi z u\u010denjem smu\u010danja. \u0160ola v naravi bo potekala od 9. 3. do 13. 3. 2026.<\/td><td class=\"column-3\">Uro\u0161 \u010cade\u017e<\/td>\n<\/tr>\n<tr class=\"row-6\">\n\t<td class=\"column-1\">7. razred<\/td><td class=\"column-2\">Za u\u010dence 7. razreda bo v C\u0160OD Bohinj organizirana \u0161ola v naravi s tematsko vsebino. \u0160ola v naravi bo potekala od 15. 12. do 19. 12. 2025.<\/td><td class=\"column-3\">Tina Kolenc<\/td>\n<\/tr>\n<tr class=\"row-7\">\n\t<td class=\"column-1\">8. razred<\/td><td class=\"column-2\">Za u\u010dence 8. razreda je na\u010drtovan tematski teden Ob robu morja v C\u0160OD Bre\u017eenka. Potekal bo od 30. 3. do 3. 4. 2026. <\/td><td class=\"column-3\"><\/td>\n<\/tr>\n<tr class=\"row-8\">\n\t<td class=\"column-1\">9. razred<\/td><td class=\"column-2\">Zaradi dobrih izku\u0161enj za u\u010dence 9. razreda na\u010drtujemo \u0161olo v naravi z dru\u017eboslovno vsebino na Rogli. \u0160ola v naravi bo potekala v juniju 2026.<\/td><td class=\"column-3\">Matja\u017e Slabe<\/td>\n<\/tr>\n<\/tbody>\n<\/table>\n<!-- #tablepress-3 from cache -->\n","protected":false},"excerpt":{"rendered":"","protected":false},"author":1973,"featured_media":0,"parent":0,"menu_order":3,"comment_status":"closed","ping_status":"closed","template":"template-fullwidth.php","meta":{"ngg_post_thumbnail":0,"footnotes":""},"class_list":["post-8645","page","type-page","status-publish","hentry"],"_links":{"self":[{"href":"https:\/\/sola-poljane.splet.arnes.si\/index.php?rest_route=\/wp\/v2\/pages\/8645","targetHints":{"allow":["GET"]}}],"collection":[{"href":"https:\/\/sola-poljane.splet.arnes.si\/index.php?rest_route=\/wp\/v2\/pages"}],"about":[{"href":"https:\/\/sola-poljane.splet.arnes.si\/index.php?rest_route=\/wp\/v2\/types\/page"}],"author":[{"embeddable":true,"href":"https:\/\/sola-poljane.splet.arnes.si\/index.php?rest_route=\/wp\/v2\/users\/1973"}],"replies":[{"embeddable":true,"href":"https:\/\/sola-poljane.splet.arnes.si\/index.php?rest_route=%2Fwp%2Fv2%2Fcomments&post=8645"}],"version-history":[{"count":1,"href":"https:\/\/sola-poljane.splet.arnes.si\/index.php?rest_route=\/wp\/v2\/pages\/8645\/revisions"}],"predecessor-version":[{"id":49456,"href":"https:\/\/sola-poljane.splet.arnes.si\/index.php?rest_route=\/wp\/v2\/pages\/8645\/revisions\/49456"}],"wp:attachment":[{"href":"https:\/\/sola-poljane.splet.arnes.si\/index.php?rest_route=%2Fwp%2Fv2%2Fmedia&parent=8645"}],"curies":[{"name":"wp","href":"https:\/\/api.w.org\/{rel}","templated":true}]}}