{"id":8641,"date":"2018-04-20T09:19:32","date_gmt":"2018-04-20T08:19:32","guid":{"rendered":"http:\/\/ospoljane.modri.net\/?page_id=8641"},"modified":"2018-04-20T09:19:32","modified_gmt":"2018-04-20T08:19:32","slug":"bralna-znacka","status":"publish","type":"page","link":"https:\/\/sola-poljane.splet.arnes.si\/?page_id=8641","title":{"rendered":"Bralna zna\u010dka"},"content":{"rendered":"<p>Namen bralne zna\u010dke je spodbujanje u\u010dencev k branju.<\/p>\n<p>U\u010denci lahko tekmujejo za naslednje bralne zna\u010dke:<\/p>\n<ul>\n<li>prvo triletje &#8211;&nbsp;Cicibanova<\/li>\n<li>drugo triletje &#8211;&nbsp;Suhodol\u010danova<\/li>\n<li>tretje triletje &#8211;&nbsp;Tav\u010darjeva<\/li>\n<li>drugo in tretje triletje &#8211;&nbsp;angle\u0161ka<\/li>\n<li>tretje triletje &#8211; nem\u0161ka<\/li>\n<li>prvo, drugo in tretje triletje &#8211; EKO bralna zna\u010dka<\/li>\n<\/ul>\n<p>Seznam knjig za bralno zna\u010dko je za vse razrede za teko\u010de \u0161olsko leto je na voljo pri u\u010diteljicah SLJ.<\/p>\n<p>V mesecu maju vse uspe\u0161ne bralce obi\u0161\u010de literarni ali likovni ustvarjalec.<\/p>\n<p>U\u010denci, ki berejo vseh devet let \u2013 ZLATI BRALCI, prejmejo v sodelovanju z Dru\u0161tvom Bralna zna\u010dka Slovenije \u2013 ZPMS \u0161e lepo knji\u017eno nagrado.<\/p>\n","protected":false},"excerpt":{"rendered":"<p>Namen bralne zna\u010dke je spodbujanje u\u010dencev k branju. U\u010denci lahko [&hellip;]<\/p>\n","protected":false},"author":1973,"featured_media":0,"parent":0,"menu_order":3,"comment_status":"closed","ping_status":"closed","template":"","meta":{"ngg_post_thumbnail":0,"footnotes":""},"class_list":["post-8641","page","type-page","status-publish","hentry"],"_links":{"self":[{"href":"https:\/\/sola-poljane.splet.arnes.si\/index.php?rest_route=\/wp\/v2\/pages\/8641","targetHints":{"allow":["GET"]}}],"collection":[{"href":"https:\/\/sola-poljane.splet.arnes.si\/index.php?rest_route=\/wp\/v2\/pages"}],"about":[{"href":"https:\/\/sola-poljane.splet.arnes.si\/index.php?rest_route=\/wp\/v2\/types\/page"}],"author":[{"embeddable":true,"href":"https:\/\/sola-poljane.splet.arnes.si\/index.php?rest_route=\/wp\/v2\/users\/1973"}],"replies":[{"embeddable":true,"href":"https:\/\/sola-poljane.splet.arnes.si\/index.php?rest_route=%2Fwp%2Fv2%2Fcomments&post=8641"}],"version-history":[{"count":0,"href":"https:\/\/sola-poljane.splet.arnes.si\/index.php?rest_route=\/wp\/v2\/pages\/8641\/revisions"}],"wp:attachment":[{"href":"https:\/\/sola-poljane.splet.arnes.si\/index.php?rest_route=%2Fwp%2Fv2%2Fmedia&parent=8641"}],"curies":[{"name":"wp","href":"https:\/\/api.w.org\/{rel}","templated":true}]}}