{"id":8582,"date":"2018-04-14T11:30:09","date_gmt":"2018-04-14T09:30:09","guid":{"rendered":"http:\/\/ospoljane.splet.arnes.si\/?page_id=5759"},"modified":"2018-04-14T11:30:09","modified_gmt":"2018-04-14T09:30:09","slug":"predavanja-za-starse","status":"publish","type":"page","link":"https:\/\/sola-poljane.splet.arnes.si\/?page_id=8582","title":{"rendered":"Predavanja za star\u0161e"},"content":{"rendered":"<p>Za star\u0161e bodo v tem \u0161olskem letu organizirana naslednja predavanja:<\/p>\n\n<table id=\"tablepress-6\" class=\"tablepress tablepress-id-6\">\n<thead>\n<tr class=\"row-1\">\n\t<th class=\"column-1\">Termin<\/th><th class=\"column-2\">Naslov predavanja<\/th><th class=\"column-3\">Predavatelj<\/th><th class=\"column-4\">Komu je namenjeno<\/th>\n<\/tr>\n<\/thead>\n<tbody class=\"row-striping row-hover\">\n<\/tbody>\n<\/table>\n<!-- #tablepress-6 from cache -->\n","protected":false},"excerpt":{"rendered":"<p>Za star\u0161e bodo v tem \u0161olskem letu organizirana naslednja predavanja:<\/p>\n","protected":false},"author":1973,"featured_media":0,"parent":8580,"menu_order":0,"comment_status":"closed","ping_status":"closed","template":"","meta":{"ngg_post_thumbnail":0,"footnotes":""},"class_list":["post-8582","page","type-page","status-publish","hentry"],"_links":{"self":[{"href":"https:\/\/sola-poljane.splet.arnes.si\/index.php?rest_route=\/wp\/v2\/pages\/8582","targetHints":{"allow":["GET"]}}],"collection":[{"href":"https:\/\/sola-poljane.splet.arnes.si\/index.php?rest_route=\/wp\/v2\/pages"}],"about":[{"href":"https:\/\/sola-poljane.splet.arnes.si\/index.php?rest_route=\/wp\/v2\/types\/page"}],"author":[{"embeddable":true,"href":"https:\/\/sola-poljane.splet.arnes.si\/index.php?rest_route=\/wp\/v2\/users\/1973"}],"replies":[{"embeddable":true,"href":"https:\/\/sola-poljane.splet.arnes.si\/index.php?rest_route=%2Fwp%2Fv2%2Fcomments&post=8582"}],"version-history":[{"count":0,"href":"https:\/\/sola-poljane.splet.arnes.si\/index.php?rest_route=\/wp\/v2\/pages\/8582\/revisions"}],"up":[{"embeddable":true,"href":"https:\/\/sola-poljane.splet.arnes.si\/index.php?rest_route=\/wp\/v2\/pages\/8580"}],"wp:attachment":[{"href":"https:\/\/sola-poljane.splet.arnes.si\/index.php?rest_route=%2Fwp%2Fv2%2Fmedia&parent=8582"}],"curies":[{"name":"wp","href":"https:\/\/api.w.org\/{rel}","templated":true}]}}