{"id":8568,"date":"2018-04-12T08:30:10","date_gmt":"2018-04-12T07:30:10","guid":{"rendered":"http:\/\/ospoljane.modri.net\/?page_id=146"},"modified":"2025-04-02T05:59:25","modified_gmt":"2025-04-02T03:59:25","slug":"solski-sklad-os-poljane","status":"publish","type":"page","link":"https:\/\/sola-poljane.splet.arnes.si\/?page_id=8568","title":{"rendered":"\u0160olski sklad O\u0160 Poljane"},"content":{"rendered":"<p>V O\u0160 Poljane je bil s sklepom sveta zavoda dne 3. 3. 2009 ustanovljen \u0160olski sklad. Namenjen je financiranju dejavnosti, ki niso sestavina izobra\u017eevalnega programa, za nakup nadstandardne opreme in zvi\u0161evanje standarda pouka oz. se ne financirajo iz javnih sredstev. Sklad pridobiva sredstva iz prispevkov star\u0161ev, donacij in drugih virov.<\/p>\n<h2>Upravni odbor<\/h2>\n<p>Sklad upravlja upravni odbor v sestavi:<\/p>\n<p>Predsednica: Ana Plestenjak<\/p>\n<p>\u010clani: Matej Milnar, Marko Mo\u017eina, Petra Oblak, Mateja Matja\u0161ec, Polona Zupan in Marta Gornik.<\/p>\n<p>Vsi star\u0161i in ostali donatorji ste lepo povabljeni na vse prireditve \u0161ole in vrtca, saj bomo tako s skupnimi mo\u010dmi omogo\u010dili vsem u\u010dencem, da se enakovredno vklju\u010dijo v vse \u0161olske in ob\u0161olske dejavnosti.<\/p>\n<p>Zato vas, dragi star\u0161i in donatorji, obve\u0161\u010damo, da lahko kadarkoli namenite del sredstev v \u0161olski sklad O\u0160 Poljane na \u0161tevilko 01227-6030650456.<\/p>\n<p>Sklic: 00 2950-800 \u0161ola ali 00 2950-850 vrtec.<\/p>\n<p>Zahvaljujemo se vam, da ste prebrali te vrstice in za va\u0161 morebitni prispevek v \u0161olski sklad.<\/p>\n<p>&nbsp;<\/p>\n<div class=\"wpz-sc-box download  rounded \">Povezave<\/div>\n<p>Predpisane obrazce dobite na <a href=\"http:\/\/sola-poljane.splet.arnes.si\/?page_id=10373\">povezavi do obrazcev in vlog<\/a>.<\/p>\n<p>&nbsp;<\/p>\n<h2>Poro\u010dila \u0161olskega sklada<\/h2>\n\n<!-- iframe plugin v.5.2 wordpress.org\/plugins\/iframe\/ -->\n<iframe loading=\"lazy\" style=\"width: 100%; border: 0;\" src=\"https:\/\/drive.google.com\/a\/sola-poljane.si\/embeddedfolderview?id=1Voj5R07GmMQaES4zdprRz9WvKfsIxole#list\" 0=\"&gt;\" width=\"100%\" height=\"500\" scrolling=\"yes\" class=\"iframe-class\" frameborder=\"0\" name=\"ARNES\"><\/iframe>\n\n","protected":false},"excerpt":{"rendered":"<p>V O\u0160 Poljane je bil s sklepom sveta zavoda dne [&hellip;]<\/p>\n","protected":false},"author":1973,"featured_media":0,"parent":8569,"menu_order":0,"comment_status":"closed","ping_status":"closed","template":"template-list.php","meta":{"ngg_post_thumbnail":0,"footnotes":""},"class_list":["post-8568","page","type-page","status-publish","hentry"],"_links":{"self":[{"href":"https:\/\/sola-poljane.splet.arnes.si\/index.php?rest_route=\/wp\/v2\/pages\/8568","targetHints":{"allow":["GET"]}}],"collection":[{"href":"https:\/\/sola-poljane.splet.arnes.si\/index.php?rest_route=\/wp\/v2\/pages"}],"about":[{"href":"https:\/\/sola-poljane.splet.arnes.si\/index.php?rest_route=\/wp\/v2\/types\/page"}],"author":[{"embeddable":true,"href":"https:\/\/sola-poljane.splet.arnes.si\/index.php?rest_route=\/wp\/v2\/users\/1973"}],"replies":[{"embeddable":true,"href":"https:\/\/sola-poljane.splet.arnes.si\/index.php?rest_route=%2Fwp%2Fv2%2Fcomments&post=8568"}],"version-history":[{"count":15,"href":"https:\/\/sola-poljane.splet.arnes.si\/index.php?rest_route=\/wp\/v2\/pages\/8568\/revisions"}],"predecessor-version":[{"id":45523,"href":"https:\/\/sola-poljane.splet.arnes.si\/index.php?rest_route=\/wp\/v2\/pages\/8568\/revisions\/45523"}],"up":[{"embeddable":true,"href":"https:\/\/sola-poljane.splet.arnes.si\/index.php?rest_route=\/wp\/v2\/pages\/8569"}],"wp:attachment":[{"href":"https:\/\/sola-poljane.splet.arnes.si\/index.php?rest_route=%2Fwp%2Fv2%2Fmedia&parent=8568"}],"curies":[{"name":"wp","href":"https:\/\/api.w.org\/{rel}","templated":true}]}}