{"id":48621,"date":"2025-08-26T13:22:49","date_gmt":"2025-08-26T11:22:49","guid":{"rendered":"https:\/\/sola-poljane.splet.arnes.si\/?page_id=48621"},"modified":"2025-09-25T11:09:07","modified_gmt":"2025-09-25T09:09:07","slug":"odjava-posameznih-obrokov-2025","status":"publish","type":"page","link":"https:\/\/sola-poljane.splet.arnes.si\/?page_id=48621","title":{"rendered":"Odjava posameznih obrokov 2025"},"content":{"rendered":"<a href=\"http:\/\/sola-poljane.splet.arnes.si\/?page_id=8658\"class=\"wpz-sc-button small\" style=\";background:#378dbd\"><span><i class=\"fa fa-cutlery\" style=\"padding-right:6px;\"><\/i>Splo\u0161ne informacije<\/span><\/a>\n<a href=\"http:\/\/sola-poljane.splet.arnes.si\/?page_id=8660\"class=\"wpz-sc-button small\" style=\";background:#378dbd\"><span><i class=\"fa fa-cutlery\" style=\"padding-right:6px;\"><\/i>Obroki in cenik<\/span><\/a>\n<a href=\"http:\/\/sola-poljane.splet.arnes.si\/?page_id=8729\"class=\"wpz-sc-button small\" style=\";background:#378dbd\"><span><i class=\"fa fa-cutlery\" style=\"padding-right:6px;\"><\/i>Prijava na \u0161olsko prehrano<\/span><\/a>\n<a href=\"http:\/\/sola-poljane.splet.arnes.si\/?page_id=48621\"class=\"wpz-sc-button small\" style=\";background:#378dbd\"><span><i class=\"fa fa-cutlery\" style=\"padding-right:6px;\"><\/i>Odjava posameznih obrokov<\/span><\/a>\n<a href=\"http:\/\/sola-poljane.splet.arnes.si\/?page_id=8723\"class=\"wpz-sc-button small\" style=\";background:#378dbd\"><span><i class=\"fa fa-cutlery\" style=\"padding-right:6px;\"><\/i>Subvencioniranje prehrane<\/span><\/a>\n<a href=\"http:\/\/sola-poljane.splet.arnes.si\/?page_id=8715\"class=\"wpz-sc-button small\" style=\";background:#378dbd\"><span><i class=\"fa fa-cutlery\" style=\"padding-right:6px;\"><\/i>Dietna prehrana<\/span><\/a>\n<a href=\"http:\/\/sola-poljane.splet.arnes.si\/?page_id=8662\"class=\"wpz-sc-button small\" style=\";background:#378dbd\"><span><i class=\"fa fa-cutlery\" style=\"padding-right:6px;\"><\/i>Ozna\u010devanje alergenov<\/span><\/a>\n<a href=\"http:\/\/sola-poljane.splet.arnes.si\/?page_id=8756\"class=\"wpz-sc-button small\" style=\";background:#378dbd\"><span><i class=\"fa fa-cutlery\" style=\"padding-right:6px;\"><\/i>Jedilniki<\/span><\/a>\n<a href=\"http:\/\/sola-poljane.splet.arnes.si\/?page_id=8597\"class=\"wpz-sc-button small\" style=\";background:#378dbd\"><span><i class=\"fa fa-cutlery\" style=\"padding-right:6px;\"><\/i>Projekt \u0160OLSKA SHEMA<\/span><\/a>\n<a href=\"http:\/\/sola-poljane.splet.arnes.si\/?page_id=41251\"class=\"wpz-sc-button small\" style=\";background:#378dbd\"><span><i class=\"fa fa-cutlery\" style=\"padding-right:6px;\"><\/i>Prehranske smernice<\/span><\/a>\n<h4><span style=\"color: #800000\">Odjave in prijave posameznih obrokov na O\u0160 Poljane in P\u0160 Javorje<\/span><\/h4>\n<p><strong>Od 1. 9. 2025 dalje bo odjava in prijava posameznih obrokov potekala preko spletne platforme eAsistent.<\/strong><\/p>\n<p>Prijava in odjava na elektronsko po\u0161to <strong>&#x70;&#114;e&#x68;&#x72;&#97;n&#x61;&#x40;&#115;o&#x6c;&#x61;&#45;p&#x6f;&#x6c;&#106;a&#x6e;&#101;&#46;s&#x69;<\/strong> ni ve\u010d mogo\u010da. <span style=\"color: #ff0000\">Z dnem 29.8.2025 je ta elektronski naslov ukinjen.<\/span><\/p>\n<p>Za odjavo preko eAsistenta potrebujete minimalni (osnovni) paket, ki ni pla\u010dljiv.<\/p>\n<p><strong>Za odjavo prehrane sledite naslednjim korakom:<\/strong><\/p>\n<ol>\n<li><strong>Prijavite se v svoj ra\u010dun na E-Asistentu.<\/strong><\/li>\n<li><strong>Izberite zavihek \u201cPrehrana\u201d.<\/strong><\/li>\n<li><strong>Izberite datum(e), za katere \u017eelite odjaviti prehrano.<\/strong><\/li>\n<li><strong>Potrdite svojo izbiro.<\/strong><\/li>\n<\/ol>\n<p><strong>Ogledate si lahko VIDEO VODI\u010c, ki so ga pripravili pri eAsistentu: <a href=\"https:\/\/www.youtube.com\/watch?v=IBhniM5anMU&amp;list=PLYRYXJcEFXQxEXBVrmcmjyVZ8oVhnKuP7&amp;index=3\">Kako urejati prijavo in odjavo od prehrane<\/a><\/strong><\/p>\n<p>V primeru odsotnosti u\u010denca lahko odjavo obroka star\u0161i oz. skrbniki uredite <strong>preko portala eAsistent<\/strong> za star\u0161e, in sicer en delovni dan prej <strong><u>do 8. ure zjutraj.<\/u><\/strong><\/p>\n<p>\u010ce je odjava <u>\u0161olske in popoldanske malice<\/u> oddana do 8. ure, velja <span style=\"text-decoration: underline\"><span style=\"color: #ff0000\"><strong>z naslednjim dnem po prejemu<\/strong><\/span><\/span> (prvi dan nenapovedane odsotnosti se malica zara\u010duna) oziroma z dnem, ki ga dolo\u010di star\u0161 oz. skrbnik, ki je odjavo podal.<\/p>\n<p>\u010ce je odjava <u>kosila <\/u>oddana do 8. ure, velja <span style=\"text-decoration: underline\"><strong><span style=\"color: #ff0000;text-decoration: underline\">z istim dnem oziroma z dnem<\/span><\/strong><\/span>, ki ga dolo\u010di star\u0161 oz. skrbnik, ki je odjavo podal.<\/p>\n<p>Upravi\u010denci do subvencije za malico in kosilo imajo pravico do subvencije za malico oziroma kosilo za vsak dan prisotnosti pri pouku in drugih dejavnostih obveznega programa v skladu s \u0161olskim koledarjem.<br \/>\nUpravi\u010denci do subvencije, ki se zaradi bolezni oziroma izrednih okoli\u0161\u010din ne morejo pravo\u010dasno odjaviti oziroma prevzeti obroka, imajo pravico do subvencije za malico oziroma kosilo za prvi dan odsotnosti.<\/p>\n<p><strong>Odjava obrokov za nazaj ni mogo\u010da. V primeru neodjavljenih in neprevzetih obrokov velja, da so zara\u010dunani v polni ceni, ne glede na subvencijo. Za vse neprevzete obroko ministrstvo ne krije stro\u0161kov in tam subvencija ni upo\u0161tevana.&nbsp;<\/strong><\/p>\n<h4><span style=\"color: #993300\">Odjava dietnih obrokov<\/span><\/h4>\n<p><strong>Odjavo dietnih obrokov sporo\u010dite (poleg odjave preko eAsistenta) \u0161e neposredno v \u0161olsko kuhinjo.<\/strong><\/p>\n<p><span style=\"color: #ff0000\"><strong>V Poljanah<\/strong><\/span> odjavo dietnega obroka sporo\u010dite \u0161e na elektronsko po\u0161to <strong>ma&#114;&#116;&#105;&#110;&#x61;&#x2e;&#x64;&#x6f;&#x6c;in&#97;&#114;&#64;&#115;&#x6f;&#x6c;&#x61;&#x2d;&#x70;ol&#106;&#97;&#110;&#101;&#x2e;&#x73;&#x69;<\/strong> ali <strong>telefon 04\/50 70 519<\/strong>.<\/p>\n<p><strong><span style=\"color: #ff0000\">V Javorjah<\/span><\/strong> odjavo dietnega obroka sporo\u010dite \u0161e na elektronsko po\u0161to <strong>&#x6d;&#97;t&#x65;&#106;&#46;&#x6d;&#111;h&#x6f;&#114;i&#x63;&#64;s&#x6f;&#x6c;a&#x2d;&#x70;&#111;&#x6c;&#x6a;&#97;&#x6e;&#x65;&#46;s&#x69;<\/strong>.<\/p>\n<h4><span style=\"color: #993300\">Odjava obrokov zaradi dejavnosti, ki jih organizira \u0161ola<\/span><\/h4>\n<p>U\u010dencu, ki je odsoten od pouka zaradi udele\u017ebe oziroma sodelovanja pri dejavnostih, ki jih organizira \u0161ola, odjavi \u0161olsko prehrano razrednik ali strokovni delavec, ki je zadol\u017een za izvedbo dejavnosti.<\/p>\n<p><strong>V primeru dodatnih vpra\u0161anj smo dosegljivi na telefonski \u0161tevilki knjigovodstva 04\/50 70 514.<\/strong><\/p>\n","protected":false},"excerpt":{"rendered":"<p>Odjave in prijave posameznih obrokov na O\u0160 Poljane in P\u0160 [&hellip;]<\/p>\n","protected":false},"author":4023,"featured_media":0,"parent":0,"menu_order":0,"comment_status":"closed","ping_status":"closed","template":"","meta":{"ngg_post_thumbnail":0,"footnotes":""},"class_list":["post-48621","page","type-page","status-publish","hentry"],"_links":{"self":[{"href":"https:\/\/sola-poljane.splet.arnes.si\/index.php?rest_route=\/wp\/v2\/pages\/48621","targetHints":{"allow":["GET"]}}],"collection":[{"href":"https:\/\/sola-poljane.splet.arnes.si\/index.php?rest_route=\/wp\/v2\/pages"}],"about":[{"href":"https:\/\/sola-poljane.splet.arnes.si\/index.php?rest_route=\/wp\/v2\/types\/page"}],"author":[{"embeddable":true,"href":"https:\/\/sola-poljane.splet.arnes.si\/index.php?rest_route=\/wp\/v2\/users\/4023"}],"replies":[{"embeddable":true,"href":"https:\/\/sola-poljane.splet.arnes.si\/index.php?rest_route=%2Fwp%2Fv2%2Fcomments&post=48621"}],"version-history":[{"count":13,"href":"https:\/\/sola-poljane.splet.arnes.si\/index.php?rest_route=\/wp\/v2\/pages\/48621\/revisions"}],"predecessor-version":[{"id":49173,"href":"https:\/\/sola-poljane.splet.arnes.si\/index.php?rest_route=\/wp\/v2\/pages\/48621\/revisions\/49173"}],"wp:attachment":[{"href":"https:\/\/sola-poljane.splet.arnes.si\/index.php?rest_route=%2Fwp%2Fv2%2Fmedia&parent=48621"}],"curies":[{"name":"wp","href":"https:\/\/api.w.org\/{rel}","templated":true}]}}