{"id":48596,"date":"2025-07-01T10:45:11","date_gmt":"2025-07-01T08:45:11","guid":{"rendered":"https:\/\/sola-poljane.splet.arnes.si\/?page_id=48596"},"modified":"2025-07-01T10:48:20","modified_gmt":"2025-07-01T08:48:20","slug":"solska-shema-2024-25","status":"publish","type":"page","link":"https:\/\/sola-poljane.splet.arnes.si\/?page_id=48596","title":{"rendered":"\u0160olska shema 2024\/25"},"content":{"rendered":"<p style=\"text-align: justify\">\u0160olska shema je <strong>ukrep skupne kmetijske politike EU<\/strong>, ki otrokom v osnovni \u0161oli in zavodih za vzgojo in izobra\u017eevanje otrok in mladostnikov s posebnimi potrebami zagotavlja <strong>brezpla\u010den<\/strong> dodatni obrok sadja in zelenjave ter mleka in mle\u010dnih izdelkov.<br \/>\n<strong>Namen \u0161olske sheme<\/strong> je pove\u010dati u\u017eivanje sadja in zelenjave s poudarkom na lokalni pridelavi ter izbolj\u0161ati prehranske navade otrok.<\/p>\n<p style=\"text-align: justify\">V \u0161olskem letu 2024\/2025 smo nadaljevali z izvajanjem projekta in razdeljevali sadje oziroma zelenjavo enkrat tedensko<strong>, in sicer&nbsp;ob \u010detrtkih,&nbsp;<\/strong>kar je ustrezno ozna\u010deno tudi na \u0161olskem jedilniku.<\/p>\n<p style=\"text-align: justify\"><strong>Obvezni spremljevalni izobra\u017eevalni ukrepi<\/strong> povezujejo otroke s kmetijstvom in spodbujajo zdravo prehranjevanje. Dejavnosti so usmerjene v izobra\u017eevanje otrok o zdravih prehranjevalnih navadah, lokalni hrani oziroma kratkih oskrbovalnih verigah, ekolo\u0161kemu kmetovanju, trajnostni proizvodnji in zmanj\u0161evanju odpadkov hrane.<br \/>\nU\u010denci in u\u010denke&nbsp;<strong>od 1. do 9. razreda<\/strong>&nbsp;so skupaj z razredniki na centralni in podru\u017eni\u010dni \u0161oli izdelovali plakate&nbsp;o razli\u010dnih vrstah sadja in zelenjave. Zanimivi in izvirni plakati so razstavljeni v avli na\u0161e \u0161ole. Projekt je na \u0161oli zelo dobro sprejet.<\/p>\n<p><em>Koordinatorica projekta:&nbsp;<strong>Irena Tehovnik<\/strong><\/em><\/p>\n<p>&nbsp;<\/p>\n<p style=\"text-align: center\"><span style=\"color: #008000\"><strong>P\u0160 Javorje<\/strong><\/span><\/p>\n<p>&nbsp;<\/p>\n<p><a href=\"https:\/\/sola-poljane.splet.arnes.si\/files\/2025\/05\/1-2.jpg\"><img loading=\"lazy\" decoding=\"async\" class=\"wp-image-46806 aligncenter\" src=\"https:\/\/sola-poljane.splet.arnes.si\/files\/2025\/05\/1-2.jpg\" alt=\"\" width=\"390\" height=\"292\" srcset=\"https:\/\/sola-poljane.splet.arnes.si\/files\/2025\/05\/1-2.jpg 800w, https:\/\/sola-poljane.splet.arnes.si\/files\/2025\/05\/1-2-300x225.jpg 300w, https:\/\/sola-poljane.splet.arnes.si\/files\/2025\/05\/1-2-768x576.jpg 768w, https:\/\/sola-poljane.splet.arnes.si\/files\/2025\/05\/1-2-73x55.jpg 73w, https:\/\/sola-poljane.splet.arnes.si\/files\/2025\/05\/1-2-624x468.jpg 624w\" sizes=\"auto, (max-width: 390px) 100vw, 390px\" \/><\/a><\/p>\n<p>&nbsp;<\/p>\n<p style=\"text-align: center\"><span style=\"color: #008000\"><strong>O\u0160 Poljane<\/strong><\/span><\/p>\nngg_shortcode_0_placeholder\n","protected":false},"excerpt":{"rendered":"<p>\u0160olska shema je ukrep skupne kmetijske politike EU, ki otrokom [&hellip;]<\/p>\n","protected":false},"author":4023,"featured_media":0,"parent":8597,"menu_order":5,"comment_status":"closed","ping_status":"closed","template":"","meta":{"ngg_post_thumbnail":0,"footnotes":""},"class_list":["post-48596","page","type-page","status-publish","hentry"],"_links":{"self":[{"href":"https:\/\/sola-poljane.splet.arnes.si\/index.php?rest_route=\/wp\/v2\/pages\/48596","targetHints":{"allow":["GET"]}}],"collection":[{"href":"https:\/\/sola-poljane.splet.arnes.si\/index.php?rest_route=\/wp\/v2\/pages"}],"about":[{"href":"https:\/\/sola-poljane.splet.arnes.si\/index.php?rest_route=\/wp\/v2\/types\/page"}],"author":[{"embeddable":true,"href":"https:\/\/sola-poljane.splet.arnes.si\/index.php?rest_route=\/wp\/v2\/users\/4023"}],"replies":[{"embeddable":true,"href":"https:\/\/sola-poljane.splet.arnes.si\/index.php?rest_route=%2Fwp%2Fv2%2Fcomments&post=48596"}],"version-history":[{"count":3,"href":"https:\/\/sola-poljane.splet.arnes.si\/index.php?rest_route=\/wp\/v2\/pages\/48596\/revisions"}],"predecessor-version":[{"id":48600,"href":"https:\/\/sola-poljane.splet.arnes.si\/index.php?rest_route=\/wp\/v2\/pages\/48596\/revisions\/48600"}],"up":[{"embeddable":true,"href":"https:\/\/sola-poljane.splet.arnes.si\/index.php?rest_route=\/wp\/v2\/pages\/8597"}],"wp:attachment":[{"href":"https:\/\/sola-poljane.splet.arnes.si\/index.php?rest_route=%2Fwp%2Fv2%2Fmedia&parent=48596"}],"curies":[{"name":"wp","href":"https:\/\/api.w.org\/{rel}","templated":true}]}}

Šolska shema 2024/25

<p style="text-align: justify">Šolska shema je <strong>ukrep skupne kmetijske politike EU</strong>, ki otrokom v osnovni šoli in zavodih za vzgojo in izobraževanje otrok in mladostnikov s posebnimi potrebami zagotavlja <strong>brezplačen</strong> dodatni obrok sadja in zelenjave ter mleka in mlečnih izdelkov.<br />
<strong>Namen šolske sheme</strong> je povečati uživanje sadja in zelenjave s poudarkom na lokalni pridelavi ter izboljšati prehranske navade otrok.</p>
<p style="text-align: justify">V šolskem letu 2024/2025 smo nadaljevali z izvajanjem projekta in razdeljevali sadje oziroma zelenjavo enkrat tedensko<strong>, in sicer&nbsp;ob četrtkih,&nbsp;</strong>kar je ustrezno označeno tudi na šolskem jedilniku.</p>
<p style="text-align: justify"><strong>Obvezni spremljevalni izobraževalni ukrepi</strong> povezujejo otroke s kmetijstvom in spodbujajo zdravo prehranjevanje. Dejavnosti so usmerjene v izobraževanje otrok o zdravih prehranjevalnih navadah, lokalni hrani oziroma kratkih oskrbovalnih verigah, ekološkemu kmetovanju, trajnostni proizvodnji in zmanjševanju odpadkov hrane.<br />
Učenci in učenke&nbsp;<strong>od 1. do 9. razreda</strong>&nbsp;so skupaj z razredniki na centralni in podružnični šoli izdelovali plakate&nbsp;o različnih vrstah sadja in zelenjave. Zanimivi in izvirni plakati so razstavljeni v avli naše šole. Projekt je na šoli zelo dobro sprejet.</p>
<p><em>Koordinatorica projekta:&nbsp;<strong>Irena Tehovnik</strong></em></p>
<p>&nbsp;</p>
<p style="text-align: center"><span style="color: #008000"><strong>PŠ Javorje</strong></span></p>
<p>&nbsp;</p>
<p><a href="https://sola-poljane.splet.arnes.si/files/2025/05/1-2.jpg"><img loading="lazy" decoding="async" class="wp-image-46806 aligncenter" src="https://sola-poljane.splet.arnes.si/files/2025/05/1-2.jpg" alt="" width="390" height="292" srcset="https://sola-poljane.splet.arnes.si/files/2025/05/1-2.jpg 800w, https://sola-poljane.splet.arnes.si/files/2025/05/1-2-300x225.jpg 300w, https://sola-poljane.splet.arnes.si/files/2025/05/1-2-768x576.jpg 768w, https://sola-poljane.splet.arnes.si/files/2025/05/1-2-73x55.jpg 73w, https://sola-poljane.splet.arnes.si/files/2025/05/1-2-624x468.jpg 624w" sizes="auto, (max-width: 390px) 100vw, 390px" /></a></p>
<p>&nbsp;</p>
<p style="text-align: center"><span style="color: #008000"><strong>OŠ Poljane</strong></span></p>
ngg_shortcode_0_placeholder

<p>Šolska shema je ukrep skupne kmetijske politike EU, ki otrokom [&hellip;]</p>
