{"id":45635,"date":"2025-04-10T06:27:58","date_gmt":"2025-04-10T04:27:58","guid":{"rendered":"https:\/\/sola-poljane.splet.arnes.si\/?page_id=45635"},"modified":"2025-06-03T13:50:07","modified_gmt":"2025-06-03T11:50:07","slug":"rap","status":"publish","type":"page","link":"https:\/\/sola-poljane.splet.arnes.si\/?page_id=45635","title":{"rendered":"RaP"},"content":{"rendered":"<a href=\"https:\/\/sola-poljane.splet.arnes.si\/?page_id=45893\"class=\"wpz-sc-button  orange\" style=\"\"><span class=\"wpz-\">Informacije o Rap dejavnostih po razredih<\/span><\/a>\n<p>Spo\u0161tovani star\u0161i,<\/p>\n<p>v \u0161olskem letu 2025\/2026 bomo za u\u010dence organizirali raz\u0161irjeni program (RaP), ki bo potekal vsak dan pred poukom od 6.40 in po pouku do 16.00.<\/p>\n<p>U\u010denci se bodo lahko vklju\u010dili v dejavnosti naslednjih treh podro\u010dij:<\/p>\n<ol>\n<li>GIBANJE IN ZDRAVJE ZA DOBRO TELESNO IN DU\u0160EVNO PO\u010cUTJE<\/li>\n<li>KULTURA IN DR\u017dAVLJANSKA VZGOJA<\/li>\n<li>U\u010cENJE U\u010cENJA.<\/li>\n<\/ol>\n<h1>Nekaj osnovnih informacij<\/h1>\n<h3>Nov koncept raz\u0161irjenega programa zajema nekatere dejavnosti, ki smo jih doslej poznali kot:<\/h3>\n<ul>\n<li>neobvezne izbirne predmete (umetnost, ra\u010dunalni\u0161tvo, \u0161port, tehnika)<\/li>\n<li>neobvezni izbirni predmet tuji jezik<\/li>\n<li>interesne dejavnosti<\/li>\n<li>pevski zbor<\/li>\n<li>dopolnilni pouk<\/li>\n<li>dodatni pouk<\/li>\n<li>individualno in skupinsko pomo\u010d<\/li>\n<li>podalj\u0161ano bivanje<\/li>\n<li>jutranje varstvo<\/li>\n<li>kolesarski izpit<\/li>\n<li>projekte&#8230;.<\/li>\n<\/ul>\n<h3>Kaj je temeljni namen raz\u0161irjenega programa?<\/h3>\n<p>Temeljni namen raz\u0161irjenega programa (RaP) osnovne \u0161ole je omogo\u010diti vsakemu u\u010dencu osebni razvoj, usklajen z njegovimi pri\u010dakovanji, zmo\u017enostmi, interesi, talenti in potrebami.<\/p>\n<h3>Kaj so cilji raz\u0161irjenega programa?<\/h3>\n<ul>\n<li>Zagotoviti spodbudno, inkluzivno, kreativno in varno (socialno in fizi\u010dno) u\u010dno okolje.<\/li>\n<li>Opolnomo\u010diti u\u010dence za fleksibilno in avtonomno, z osebnimi in skupnimi cilji usklajeno izbiro dejavnosti ter za prevzemanje odgovornosti za lastno u\u010denje.<\/li>\n<li>Razvijati u\u010dne strategije, delovne navade, znanje, spretnosti in ve\u0161\u010dine glede na posebnosti u\u010dencev, \u0161ole ter o\u017ejega in \u0161ir\u0161ega okolja.<\/li>\n<li>Razvijati interese u\u010dencev, podro\u010dja nadarjenosti in talente, spodbujati inovativne poti u\u010denja in kreativne u\u010dne dose\u017eke.<\/li>\n<li>Omogo\u010diti u\u010dencem samostojno individualno ali sodelovalno (skupinsko) u\u010denje in pripravo na pouk (opravljanje doma\u010dih nalog in drugih obveznosti za \u0161olo).<\/li>\n<li>Zagotoviti dostop do raznovrstnih u\u010dnih pripomo\u010dkov (ra\u010dunalniki, \u2026).<\/li>\n<li>Razvijati razli\u010dne vrste pismenosti, ve\u010djezi\u010dnost in sporazumevanje v razli\u010dnih jezikih.<\/li>\n<li>U\u010dence spodbuditi za izvajanje prve pomo\u010di ter ustrezno odzivanje v stresnih situacijah.<\/li>\n<li>Zagotoviti smiselno izrabo prostega \u010dasa ter razvoj zdravega \u017eivljenjskega sloga (zdravo prehranjevanje, gibanje itd.).<\/li>\n<li>Krepiti spo\u0161tovanje in vednost o tradiciji, nacionalni in svetovni kulturno umetni\u0161ki dedi\u0161\u010dini ter o drugih vsebinah po izboru \u0161ole in u\u010dencev.<\/li>\n<li>U\u010dence podpirati za samostojno, samoregulativno (refleksije, metakognitivni procesi) vse\u017eivljenjsko u\u010denje in na\u010drtovanje nadaljnje izobra\u017eevalne poti ter trajnostni razvoj.<\/li>\n<\/ul>\n<h3>Kaj so na\u010dela raz\u0161irjenega programa?<\/h3>\n<ul>\n<li>Na\u010delo odprtosti, fleksibilnosti in izbirnosti programa.<\/li>\n<li>Na\u010delo avtonomije in odgovornosti.<\/li>\n<li>Na\u010delo povezovanja, sodelovanja in timskega dela.<\/li>\n<li>Na\u010delo uresni\u010devanja potreb, interesov u\u010dencev in enakih mo\u017enosti.<\/li>\n<li>Na\u010delo formativnega spremljanja in samoregulacije.<\/li>\n<li>Na\u010delo ustvarjalnosti, inovativnosti in podjetnosti.<\/li>\n<li>Na\u010delo strokovne podpore in pogojev za izvedbo.<\/li>\n<\/ul>\n<p><img loading=\"lazy\" decoding=\"async\" class=\"alignnone size-full wp-image-45643\" src=\"https:\/\/sola-poljane.splet.arnes.si\/files\/2025\/04\/RaP.png\" alt=\"\" width=\"1280\" height=\"720\" srcset=\"https:\/\/sola-poljane.splet.arnes.si\/files\/2025\/04\/RaP.png 1280w, https:\/\/sola-poljane.splet.arnes.si\/files\/2025\/04\/RaP-300x169.png 300w, https:\/\/sola-poljane.splet.arnes.si\/files\/2025\/04\/RaP-1024x576.png 1024w, https:\/\/sola-poljane.splet.arnes.si\/files\/2025\/04\/RaP-768x432.png 768w, https:\/\/sola-poljane.splet.arnes.si\/files\/2025\/04\/RaP-98x55.png 98w, https:\/\/sola-poljane.splet.arnes.si\/files\/2025\/04\/RaP-947x533.png 947w, https:\/\/sola-poljane.splet.arnes.si\/files\/2025\/04\/RaP-624x351.png 624w\" sizes=\"auto, (max-width: 1280px) 100vw, 1280px\" \/><\/p>\n<p>Vse nadaljnje informacije bodo zbrane na tej podstrani.<\/p>\n<a href=\"https:\/\/sola-poljane.splet.arnes.si\/?page_id=45893\"class=\"wpz-sc-button  orange\" style=\"\"><span class=\"wpz-\">Informacije o Rap dejavnostih po razredih<\/span><\/a>\n","protected":false},"excerpt":{"rendered":"<p>Spo\u0161tovani star\u0161i, v \u0161olskem letu 2025\/2026 bomo za u\u010dence organizirali [&hellip;]<\/p>\n","protected":false},"author":4023,"featured_media":0,"parent":0,"menu_order":0,"comment_status":"closed","ping_status":"closed","template":"template-fullwidth.php","meta":{"ngg_post_thumbnail":0,"footnotes":""},"class_list":["post-45635","page","type-page","status-publish","hentry"],"_links":{"self":[{"href":"https:\/\/sola-poljane.splet.arnes.si\/index.php?rest_route=\/wp\/v2\/pages\/45635","targetHints":{"allow":["GET"]}}],"collection":[{"href":"https:\/\/sola-poljane.splet.arnes.si\/index.php?rest_route=\/wp\/v2\/pages"}],"about":[{"href":"https:\/\/sola-poljane.splet.arnes.si\/index.php?rest_route=\/wp\/v2\/types\/page"}],"author":[{"embeddable":true,"href":"https:\/\/sola-poljane.splet.arnes.si\/index.php?rest_route=\/wp\/v2\/users\/4023"}],"replies":[{"embeddable":true,"href":"https:\/\/sola-poljane.splet.arnes.si\/index.php?rest_route=%2Fwp%2Fv2%2Fcomments&post=45635"}],"version-history":[{"count":10,"href":"https:\/\/sola-poljane.splet.arnes.si\/index.php?rest_route=\/wp\/v2\/pages\/45635\/revisions"}],"predecessor-version":[{"id":47383,"href":"https:\/\/sola-poljane.splet.arnes.si\/index.php?rest_route=\/wp\/v2\/pages\/45635\/revisions\/47383"}],"wp:attachment":[{"href":"https:\/\/sola-poljane.splet.arnes.si\/index.php?rest_route=%2Fwp%2Fv2%2Fmedia&parent=45635"}],"curies":[{"name":"wp","href":"https:\/\/api.w.org\/{rel}","templated":true}]}}