{"id":40805,"date":"2024-07-03T08:31:05","date_gmt":"2024-07-03T06:31:05","guid":{"rendered":"https:\/\/sola-poljane.splet.arnes.si\/?page_id=40805"},"modified":"2024-07-03T08:37:46","modified_gmt":"2024-07-03T06:37:46","slug":"solska-shema-2023-24","status":"publish","type":"page","link":"https:\/\/sola-poljane.splet.arnes.si\/?page_id=40805","title":{"rendered":"\u0160olska shema 2023\/24"},"content":{"rendered":"<h1>Shema \u0161olskega sadja in zelenjave<\/h1>\n<p><strong>\u0160olska shema<\/strong>&nbsp;je ukrep skupne kmetijske politike EU, ki otrokom v osnovni \u0161oli zagotavlja <strong>brezpla\u010den<\/strong> dodatni obrok sadja in zelenjave ter mleka in mle\u010dnih izdelkov. \u0160ole se vsako leto prijavijo v \u0161olsko shemo.<br \/>\nNa\u0161a \u0161ola se je v projekt vklju\u010dila v \u0161olskem letu 2013\/2014.<\/p>\n<p>Razdeljevanje sadja oziroma zelenjave v teko\u010dem \u0161olskem letu poteka&nbsp;enkrat tedensko<strong>, in sicer&nbsp;ob \u010detrtkih<\/strong><strong>, <\/strong>kar je ustrezno ozna\u010deno tudi na \u0161olskem jedilniku.<\/p>\n<p>Prehranske navade se oblikujejo v otro\u0161tvu, vzgojno-izobra\u017eevalne ustanove, kjer se izvaja \u0161olska shema, pa imamo pri tem velik pomen. \u0160olska shema naj bi pripomogla k ustavitvi nara\u0161\u010danja pojava prekomerne te\u017ee in debelosti pri otrocih, ki sta eden od ve\u010djih dejavnikov tveganja za bolezni sodobnega \u010dasa.<\/p>\n<p>Obvezni spremljevalni izobra\u017eevalni ukrepi pa povezujejo otroke s kmetijstvom in spodbujajo zdravo prehranjevanje.<\/p>\n<p>V \u0161olskem letu <strong>2023\/2024<\/strong> so u\u010denci in u\u010denke <strong>od 1. do 9. razreda<\/strong> skupaj z razredniki na centralni in podru\u017eni\u010dni \u0161oli izdelovali plakate <strong>o uporabnosti<\/strong> razli\u010dnih vrst sadja in zelenjave. Zanimivi in izvirni plakati so razstavljeni v avli \u0161ole. Projekt je na \u0161oli zelo dobro sprejet.<\/p>\n<p>&nbsp;<\/p>\n<p>Ve\u010d o izvajanju in pomenu \u0160olske sheme (\u0160S) si lahko preberete na spletni strani <a href=\"https:\/\/www.gov.si\/teme\/solska-shema-sadja-zelenjave-in-mleka\/\">https:\/\/www.gov.si\/teme\/solska-shema-sadja-zelenjave-in-mleka\/<\/a>.<\/p>\n<p>&nbsp;<\/p>\n<p><em>Koordinatorica projekta: <strong>Irena Tehovnik<\/strong><\/em><\/p>\n<p>&nbsp;<\/p>\n<p><strong>Podru\u017eni\u010dna \u0161ola Javorje<\/strong><\/p>\nngg_shortcode_0_placeholder\n<p><strong>Centralna \u0161ola Poljane<\/strong><\/p>\nngg_shortcode_1_placeholder\n<hr>\n<h1>Izbirni predmet sodobna priprava hrane malo druga\u010de \u2013 ogled kmetije Pr&#8217; Martin\u0161k&#8217;<\/h1>\n<p>&nbsp;<\/p>\n<p>V \u010dasu od 16. do 20. oktobra 2023 je potekal <strong>Teden lokalne hrane na \u0160kofjelo\u0161kem<\/strong>. V okviru tega projekta smo bili s strani <em>Razvojne agencije Sora<\/em> povabljeni k ogledu lokalnih kmetij, drevesnic in vrtnarij. Na \u0161olski jedilnik smo v tem \u010dasu <strong>vsak dan vklju\u010dili \u017eivila lokalnih ponudnikov<\/strong>. V sredo, 18.&nbsp;10.&nbsp;2023, je v Dvorcu Visoko potekala okrogla miza z naslovom <strong><em>Lokalna hrana v javnih zavodih na \u0160kofjelo\u0161kem<\/em><\/strong>.<\/p>\n<p>Na dogodku so o pomenu lokalne hrane spregovorili:<\/p>\n<ul>\n<li>\u017eupani \u0160kofjelo\u0161kega,<\/li>\n<li>strokovnjakinja za zdravo prehranjevanje, klini\u010dna dieteti\u010darka&nbsp;Andreja \u0160irca \u010campa,<\/li>\n<li>predstavnici javnih zavodov in lokalnih ponudnikov.&nbsp;<\/li>\n<\/ul>\n<p>Chef&nbsp;Uro\u0161 \u0160tefelin&nbsp;je predstavil dosedanje sodelovanje z javnimi zavodi in pripravil nekaj jedi, primernih za umestitev na jedilnike vrtcev, \u0161ol in doma starostnikov.<\/p>\n<p><strong>V okviru ur izbirnega predmeta Sodobna priprava hrane in vrtnarskega kro\u017eka smo si v sredo, 18. 10. 2023, v popoldanskem \u010dasu ogledali ekolo\u0161ko kmetijo Pr&#8217; Martin\u0161k&#8217; v \u017deleznikih.<\/strong><\/p>\n<p>&nbsp;<\/p>\n<p><em><strong>Irena Tehovnik<\/strong><\/em><\/p>\n<p>&nbsp;<\/p>\n<p><strong>Vtisi u\u010dencev<\/strong><\/p>\n<p>V sredo, 18. 10. 2023, smo se v okviru izbirnega predmeta Sodobna priprava hrane odpravili na kmetijo Pr&#8217; Martin\u0161k&#8217; v Martinj Vrhu. Tam so nam najprej razlo\u017eili, s \u010dim se ukvarjajo, nato pa so nam pokazali, kako se spe\u010de kruh. Ko smo si to ogledali, pa smo \u0161li ven in hranili koze. Po ogledu kmetije smo se vrnili v hi\u0161o, kjer nas je \u010dakala slastna pica. Jedli smo pico, vmes pa opazovali, kako so dali v kru\u0161no pe\u010d pe\u010di kruh. Ko je bil kruh pe\u010den, je vsak izmed nas dobil slasten hleb\u010dek kruha za domov. Bilo je super.<\/p>\n<p><strong><em>Ema Dolenc in Anita Tratnik, 7. a<\/em><\/strong><\/p>\n<p>&nbsp;<\/p>\n<p>Izlet na kmetijo Pr&#8217; Martin\u0161k&#8217; je bil zelo zabaven. Najprej nas je \u010dakala vo\u017enja do \u017deleznikov.<br \/>\nKo smo pri\u0161li na kmetijo, so nam predstavili kme\u010dko \u017eivljenje in delo. Pokazali so nam, kako se pe\u010de kruh. Povedali so nam tudi, da kruh vozijo tudi v Poljane. Sledila je pica, ki je bila zelo dobra. Pokazali so nam \u017eivali. Kasneje smo \u0161li na sprehod. Ko smo pri\u0161li nazaj, so nam dali vsakemu svoj hlebec kruha, ob katerem so se ti cedile sline.<br \/>\nIzlet je bil popoln. Veliko smo se zabavali, jedli in se imeli fino.&nbsp;<\/p>\n<p><strong><em>Lovro Tu\u0161ek in Andra\u017e \u0160ubic, 7. a<\/em><\/strong><\/p>\n<p>&nbsp;<\/p>\nngg_shortcode_2_placeholder\n","protected":false},"excerpt":{"rendered":"<p>Shema \u0161olskega sadja in zelenjave \u0160olska shema&nbsp;je ukrep skupne kmetijske [&hellip;]<\/p>\n","protected":false},"author":1973,"featured_media":0,"parent":8597,"menu_order":0,"comment_status":"closed","ping_status":"closed","template":"","meta":{"ngg_post_thumbnail":0,"footnotes":""},"class_list":["post-40805","page","type-page","status-publish","hentry"],"_links":{"self":[{"href":"https:\/\/sola-poljane.splet.arnes.si\/index.php?rest_route=\/wp\/v2\/pages\/40805","targetHints":{"allow":["GET"]}}],"collection":[{"href":"https:\/\/sola-poljane.splet.arnes.si\/index.php?rest_route=\/wp\/v2\/pages"}],"about":[{"href":"https:\/\/sola-poljane.splet.arnes.si\/index.php?rest_route=\/wp\/v2\/types\/page"}],"author":[{"embeddable":true,"href":"https:\/\/sola-poljane.splet.arnes.si\/index.php?rest_route=\/wp\/v2\/users\/1973"}],"replies":[{"embeddable":true,"href":"https:\/\/sola-poljane.splet.arnes.si\/index.php?rest_route=%2Fwp%2Fv2%2Fcomments&post=40805"}],"version-history":[{"count":3,"href":"https:\/\/sola-poljane.splet.arnes.si\/index.php?rest_route=\/wp\/v2\/pages\/40805\/revisions"}],"predecessor-version":[{"id":40809,"href":"https:\/\/sola-poljane.splet.arnes.si\/index.php?rest_route=\/wp\/v2\/pages\/40805\/revisions\/40809"}],"up":[{"embeddable":true,"href":"https:\/\/sola-poljane.splet.arnes.si\/index.php?rest_route=\/wp\/v2\/pages\/8597"}],"wp:attachment":[{"href":"https:\/\/sola-poljane.splet.arnes.si\/index.php?rest_route=%2Fwp%2Fv2%2Fmedia&parent=40805"}],"curies":[{"name":"wp","href":"https:\/\/api.w.org\/{rel}","templated":true}]}}