{"id":36111,"date":"2023-12-07T06:29:41","date_gmt":"2023-12-07T05:29:41","guid":{"rendered":"https:\/\/sola-poljane.splet.arnes.si\/?page_id=36111"},"modified":"2025-01-12T09:12:32","modified_gmt":"2025-01-12T08:12:32","slug":"arnes-aai-prijava","status":"publish","type":"page","link":"https:\/\/sola-poljane.splet.arnes.si\/?page_id=36111","title":{"rendered":"ARNES-AAI PRIJAVA za u\u010dence"},"content":{"rendered":"<p><img loading=\"lazy\" decoding=\"async\" class=\"aligncenter size-full wp-image-36112\" src=\"https:\/\/sola-poljane.splet.arnes.si\/files\/2023\/12\/AAI_2.png\" alt=\"\" width=\"416\" height=\"161\" srcset=\"https:\/\/sola-poljane.splet.arnes.si\/files\/2023\/12\/AAI_2.png 416w, https:\/\/sola-poljane.splet.arnes.si\/files\/2023\/12\/AAI_2-300x116.png 300w, https:\/\/sola-poljane.splet.arnes.si\/files\/2023\/12\/AAI_2-142x55.png 142w\" sizes=\"auto, (max-width: 416px) 100vw, 416px\" \/><\/p>\n<p>ArnesAAI vsem u\u010dencem omogo\u010da uporabo enega uporabni\u0161kega imena za dostop do razli\u010dnih storitev.<\/p>\n<p>Vse storitve so zbrane na povezavi <a href=\"https:\/\/aai.arnes.si\/storitve\">https:\/\/aai.arnes.si\/storitve<\/a><\/p>\n<a href=\"#\"class=\"wpz-sc-button  orange\" style=\"\"><span><i class=\"fa fa-thumbs-o-up\" style=\"padding-right:6px;\"><\/i>UPORABNO<\/span><\/a>\n<ul>\n<li>Spletna stran za spremembo gesel: <a href=\"https:\/\/mdm.arnes.si\" target=\"_blank\" rel=\"noopener\">https:\/\/mdm.arnes.si<\/a>&nbsp;&nbsp; Navodila za <a href=\"https:\/\/drive.google.com\/open?id=1OjpEznDhcOvXjYXNBdME03ipHX90f1Yz&amp;usp=drive_fs\">spremembo gesla za u\u010dence<\/a><\/li>\n<li>Spletna stran, ki omogo\u010da <a href=\"https:\/\/www.security.org\/how-secure-is-my-password\/\">preverjanje kakovosti gesel<\/a><\/li>\n<li><a href=\"https:\/\/safe.si\/nasveti\">Spletna stran SAFE.si<\/a> s koristnimi nasveti za uporabo ra\u010dunalnika in pametnih naprav<\/li>\n<\/ul>\n<p>&nbsp;<\/p>\n<p>&nbsp;<\/p>\n<hr>\n<p><img loading=\"lazy\" decoding=\"async\" class=\"aligncenter size-full wp-image-36114\" src=\"https:\/\/sola-poljane.splet.arnes.si\/files\/2023\/12\/MS365_2.png\" alt=\"\" width=\"231\" height=\"163\" srcset=\"https:\/\/sola-poljane.splet.arnes.si\/files\/2023\/12\/MS365_2.png 231w, https:\/\/sola-poljane.splet.arnes.si\/files\/2023\/12\/MS365_2-78x55.png 78w\" sizes=\"auto, (max-width: 231px) 100vw, 231px\" \/><\/p>\n<p>&nbsp;<\/p>\n<p>MIICROSOFT po pogodbi, ki jo sklepa ministrstvo, pristojno za osnovno \u0161olo, vsem u\u010dencem omogo\u010da uporabo Microsoft 365 storitev.<\/p>\n<p>Vse storitve so zbrane na povezavi <a href=\"https:\/\/www.office.com\/\">Microsoft 365 (office.com)<\/a><\/p>\n<p>&nbsp;<\/p>\n<p>&nbsp;<\/p>\n<p>&nbsp;<\/p>\n<p>&nbsp;<\/p>\n<p>&nbsp;<\/p>\n<p>&nbsp;<\/p>\n","protected":false},"excerpt":{"rendered":"<p>ArnesAAI vsem u\u010dencem omogo\u010da uporabo enega uporabni\u0161kega imena za dostop [&hellip;]<\/p>\n","protected":false},"author":1973,"featured_media":0,"parent":0,"menu_order":0,"comment_status":"closed","ping_status":"closed","template":"","meta":{"ngg_post_thumbnail":0,"footnotes":""},"class_list":["post-36111","page","type-page","status-publish","hentry"],"_links":{"self":[{"href":"https:\/\/sola-poljane.splet.arnes.si\/index.php?rest_route=\/wp\/v2\/pages\/36111","targetHints":{"allow":["GET"]}}],"collection":[{"href":"https:\/\/sola-poljane.splet.arnes.si\/index.php?rest_route=\/wp\/v2\/pages"}],"about":[{"href":"https:\/\/sola-poljane.splet.arnes.si\/index.php?rest_route=\/wp\/v2\/types\/page"}],"author":[{"embeddable":true,"href":"https:\/\/sola-poljane.splet.arnes.si\/index.php?rest_route=\/wp\/v2\/users\/1973"}],"replies":[{"embeddable":true,"href":"https:\/\/sola-poljane.splet.arnes.si\/index.php?rest_route=%2Fwp%2Fv2%2Fcomments&post=36111"}],"version-history":[{"count":11,"href":"https:\/\/sola-poljane.splet.arnes.si\/index.php?rest_route=\/wp\/v2\/pages\/36111\/revisions"}],"predecessor-version":[{"id":43975,"href":"https:\/\/sola-poljane.splet.arnes.si\/index.php?rest_route=\/wp\/v2\/pages\/36111\/revisions\/43975"}],"wp:attachment":[{"href":"https:\/\/sola-poljane.splet.arnes.si\/index.php?rest_route=%2Fwp%2Fv2%2Fmedia&parent=36111"}],"curies":[{"name":"wp","href":"https:\/\/api.w.org\/{rel}","templated":true}]}}