{"id":26152,"date":"2022-07-11T10:54:05","date_gmt":"2022-07-11T08:54:05","guid":{"rendered":"https:\/\/sola-poljane.splet.arnes.si\/?page_id=26152"},"modified":"2022-07-11T11:40:35","modified_gmt":"2022-07-11T09:40:35","slug":"solska-shema-2021-22","status":"publish","type":"page","link":"https:\/\/sola-poljane.splet.arnes.si\/?page_id=26152","title":{"rendered":"\u0160olska shema 2021\/22"},"content":{"rendered":"<p>Osrednja tema leto\u0161njega \u0161olskega leta je bila jabljana v \u0161tirih letnih \u010dasih. Nastali so zanimivi izdelki.<\/p>\n<p>O\u0160 Poljane<\/p>\nngg_shortcode_0_placeholder\n<hr>\n<p>P\u0160 Javorje<\/p>\n<p><img loading=\"lazy\" decoding=\"async\" class=\"aligncenter size-large wp-image-26210\" src=\"https:\/\/sola-poljane.splet.arnes.si\/files\/2022\/07\/Shema21_22_Jav_01-1024x768.jpg\" alt=\"\" width=\"887\" height=\"665\" srcset=\"https:\/\/sola-poljane.splet.arnes.si\/files\/2022\/07\/Shema21_22_Jav_01-1024x768.jpg 1024w, https:\/\/sola-poljane.splet.arnes.si\/files\/2022\/07\/Shema21_22_Jav_01-300x225.jpg 300w, https:\/\/sola-poljane.splet.arnes.si\/files\/2022\/07\/Shema21_22_Jav_01-768x576.jpg 768w, https:\/\/sola-poljane.splet.arnes.si\/files\/2022\/07\/Shema21_22_Jav_01-73x55.jpg 73w, https:\/\/sola-poljane.splet.arnes.si\/files\/2022\/07\/Shema21_22_Jav_01-947x710.jpg 947w, https:\/\/sola-poljane.splet.arnes.si\/files\/2022\/07\/Shema21_22_Jav_01-624x468.jpg 624w, https:\/\/sola-poljane.splet.arnes.si\/files\/2022\/07\/Shema21_22_Jav_01.jpg 1200w\" sizes=\"auto, (max-width: 887px) 100vw, 887px\" \/> <img loading=\"lazy\" decoding=\"async\" class=\"aligncenter size-large wp-image-26211\" src=\"https:\/\/sola-poljane.splet.arnes.si\/files\/2022\/07\/Shema21_22_Jav_02-1024x768.jpg\" alt=\"\" width=\"887\" height=\"665\" srcset=\"https:\/\/sola-poljane.splet.arnes.si\/files\/2022\/07\/Shema21_22_Jav_02-1024x768.jpg 1024w, https:\/\/sola-poljane.splet.arnes.si\/files\/2022\/07\/Shema21_22_Jav_02-300x225.jpg 300w, https:\/\/sola-poljane.splet.arnes.si\/files\/2022\/07\/Shema21_22_Jav_02-768x576.jpg 768w, https:\/\/sola-poljane.splet.arnes.si\/files\/2022\/07\/Shema21_22_Jav_02-73x55.jpg 73w, https:\/\/sola-poljane.splet.arnes.si\/files\/2022\/07\/Shema21_22_Jav_02-947x710.jpg 947w, https:\/\/sola-poljane.splet.arnes.si\/files\/2022\/07\/Shema21_22_Jav_02-624x468.jpg 624w, https:\/\/sola-poljane.splet.arnes.si\/files\/2022\/07\/Shema21_22_Jav_02.jpg 1200w\" sizes=\"auto, (max-width: 887px) 100vw, 887px\" \/> <img loading=\"lazy\" decoding=\"async\" class=\"aligncenter size-large wp-image-26212\" src=\"https:\/\/sola-poljane.splet.arnes.si\/files\/2022\/07\/Shema21_22_Jav_03-768x1024.jpg\" alt=\"\" width=\"768\" height=\"1024\" srcset=\"https:\/\/sola-poljane.splet.arnes.si\/files\/2022\/07\/Shema21_22_Jav_03-768x1024.jpg 768w, https:\/\/sola-poljane.splet.arnes.si\/files\/2022\/07\/Shema21_22_Jav_03-225x300.jpg 225w, https:\/\/sola-poljane.splet.arnes.si\/files\/2022\/07\/Shema21_22_Jav_03-41x55.jpg 41w, https:\/\/sola-poljane.splet.arnes.si\/files\/2022\/07\/Shema21_22_Jav_03-624x832.jpg 624w, https:\/\/sola-poljane.splet.arnes.si\/files\/2022\/07\/Shema21_22_Jav_03.jpg 900w\" sizes=\"auto, (max-width: 768px) 100vw, 768px\" \/><\/p>\n","protected":false},"excerpt":{"rendered":"<p>Osrednja tema leto\u0161njega \u0161olskega leta je bila jabljana v \u0161tirih [&hellip;]<\/p>\n","protected":false},"author":1973,"featured_media":0,"parent":8597,"menu_order":5,"comment_status":"closed","ping_status":"closed","template":"","meta":{"ngg_post_thumbnail":0,"footnotes":""},"class_list":["post-26152","page","type-page","status-publish","hentry"],"_links":{"self":[{"href":"https:\/\/sola-poljane.splet.arnes.si\/index.php?rest_route=\/wp\/v2\/pages\/26152","targetHints":{"allow":["GET"]}}],"collection":[{"href":"https:\/\/sola-poljane.splet.arnes.si\/index.php?rest_route=\/wp\/v2\/pages"}],"about":[{"href":"https:\/\/sola-poljane.splet.arnes.si\/index.php?rest_route=\/wp\/v2\/types\/page"}],"author":[{"embeddable":true,"href":"https:\/\/sola-poljane.splet.arnes.si\/index.php?rest_route=\/wp\/v2\/users\/1973"}],"replies":[{"embeddable":true,"href":"https:\/\/sola-poljane.splet.arnes.si\/index.php?rest_route=%2Fwp%2Fv2%2Fcomments&post=26152"}],"version-history":[{"count":7,"href":"https:\/\/sola-poljane.splet.arnes.si\/index.php?rest_route=\/wp\/v2\/pages\/26152\/revisions"}],"predecessor-version":[{"id":26217,"href":"https:\/\/sola-poljane.splet.arnes.si\/index.php?rest_route=\/wp\/v2\/pages\/26152\/revisions\/26217"}],"up":[{"embeddable":true,"href":"https:\/\/sola-poljane.splet.arnes.si\/index.php?rest_route=\/wp\/v2\/pages\/8597"}],"wp:attachment":[{"href":"https:\/\/sola-poljane.splet.arnes.si\/index.php?rest_route=%2Fwp%2Fv2%2Fmedia&parent=26152"}],"curies":[{"name":"wp","href":"https:\/\/api.w.org\/{rel}","templated":true}]}}

Šolska shema 2021/22

<p>Osrednja tema letošnjega šolskega leta je bila jabljana v štirih letnih časih. Nastali so zanimivi izdelki.</p>
<p>OŠ Poljane</p>
ngg_shortcode_0_placeholder
<hr>
<p>PŠ Javorje</p>
<p><img loading="lazy" decoding="async" class="aligncenter size-large wp-image-26210" src="https://sola-poljane.splet.arnes.si/files/2022/07/Shema21_22_Jav_01-1024x768.jpg" alt="" width="887" height="665" srcset="https://sola-poljane.splet.arnes.si/files/2022/07/Shema21_22_Jav_01-1024x768.jpg 1024w, https://sola-poljane.splet.arnes.si/files/2022/07/Shema21_22_Jav_01-300x225.jpg 300w, https://sola-poljane.splet.arnes.si/files/2022/07/Shema21_22_Jav_01-768x576.jpg 768w, https://sola-poljane.splet.arnes.si/files/2022/07/Shema21_22_Jav_01-73x55.jpg 73w, https://sola-poljane.splet.arnes.si/files/2022/07/Shema21_22_Jav_01-947x710.jpg 947w, https://sola-poljane.splet.arnes.si/files/2022/07/Shema21_22_Jav_01-624x468.jpg 624w, https://sola-poljane.splet.arnes.si/files/2022/07/Shema21_22_Jav_01.jpg 1200w" sizes="auto, (max-width: 887px) 100vw, 887px" /> <img loading="lazy" decoding="async" class="aligncenter size-large wp-image-26211" src="https://sola-poljane.splet.arnes.si/files/2022/07/Shema21_22_Jav_02-1024x768.jpg" alt="" width="887" height="665" srcset="https://sola-poljane.splet.arnes.si/files/2022/07/Shema21_22_Jav_02-1024x768.jpg 1024w, https://sola-poljane.splet.arnes.si/files/2022/07/Shema21_22_Jav_02-300x225.jpg 300w, https://sola-poljane.splet.arnes.si/files/2022/07/Shema21_22_Jav_02-768x576.jpg 768w, https://sola-poljane.splet.arnes.si/files/2022/07/Shema21_22_Jav_02-73x55.jpg 73w, https://sola-poljane.splet.arnes.si/files/2022/07/Shema21_22_Jav_02-947x710.jpg 947w, https://sola-poljane.splet.arnes.si/files/2022/07/Shema21_22_Jav_02-624x468.jpg 624w, https://sola-poljane.splet.arnes.si/files/2022/07/Shema21_22_Jav_02.jpg 1200w" sizes="auto, (max-width: 887px) 100vw, 887px" /> <img loading="lazy" decoding="async" class="aligncenter size-large wp-image-26212" src="https://sola-poljane.splet.arnes.si/files/2022/07/Shema21_22_Jav_03-768x1024.jpg" alt="" width="768" height="1024" srcset="https://sola-poljane.splet.arnes.si/files/2022/07/Shema21_22_Jav_03-768x1024.jpg 768w, https://sola-poljane.splet.arnes.si/files/2022/07/Shema21_22_Jav_03-225x300.jpg 225w, https://sola-poljane.splet.arnes.si/files/2022/07/Shema21_22_Jav_03-41x55.jpg 41w, https://sola-poljane.splet.arnes.si/files/2022/07/Shema21_22_Jav_03-624x832.jpg 624w, https://sola-poljane.splet.arnes.si/files/2022/07/Shema21_22_Jav_03.jpg 900w" sizes="auto, (max-width: 768px) 100vw, 768px" /></p>

<p>Osrednja tema letošnjega šolskega leta je bila jabljana v štirih [&hellip;]</p>
