{"id":22436,"date":"2021-09-16T11:01:47","date_gmt":"2021-09-16T09:01:47","guid":{"rendered":"https:\/\/sola-poljane.splet.arnes.si\/?page_id=22436"},"modified":"2021-09-16T11:02:21","modified_gmt":"2021-09-16T09:02:21","slug":"pravila-obnasanja-na-videokonferencah","status":"publish","type":"page","link":"https:\/\/sola-poljane.splet.arnes.si\/?page_id=22436","title":{"rendered":"Pravila obna\u0161anja na videokonferencah"},"content":{"rendered":"<p>Ravnateljica je na podlagi tretjega odstavka petega \u010dlena Pravil \u0161olskega reda Osnovne \u0161ole Poljane sprejela <strong>Pravila obna\u0161anja na videokonferenci.<br \/>\n<\/strong><\/p>\n<p><a href=\"https:\/\/drive.google.com\/open?id=1HVpqcRC10mq1dyHF6pDqxgBirGvMtE80\"><img loading=\"lazy\" decoding=\"async\" class=\"aligncenter wp-image-22437 size-full\" src=\"https:\/\/sola-poljane.splet.arnes.si\/files\/2021\/09\/Pravila_VK_V2.jpg\" alt=\"\" width=\"2339\" height=\"1654\" srcset=\"https:\/\/sola-poljane.splet.arnes.si\/files\/2021\/09\/Pravila_VK_V2.jpg 2339w, https:\/\/sola-poljane.splet.arnes.si\/files\/2021\/09\/Pravila_VK_V2-300x212.jpg 300w, https:\/\/sola-poljane.splet.arnes.si\/files\/2021\/09\/Pravila_VK_V2-1024x724.jpg 1024w, https:\/\/sola-poljane.splet.arnes.si\/files\/2021\/09\/Pravila_VK_V2-768x543.jpg 768w, https:\/\/sola-poljane.splet.arnes.si\/files\/2021\/09\/Pravila_VK_V2-78x55.jpg 78w, https:\/\/sola-poljane.splet.arnes.si\/files\/2021\/09\/Pravila_VK_V2-1536x1086.jpg 1536w, https:\/\/sola-poljane.splet.arnes.si\/files\/2021\/09\/Pravila_VK_V2-2048x1448.jpg 2048w, https:\/\/sola-poljane.splet.arnes.si\/files\/2021\/09\/Pravila_VK_V2-947x670.jpg 947w, https:\/\/sola-poljane.splet.arnes.si\/files\/2021\/09\/Pravila_VK_V2-624x441.jpg 624w\" sizes=\"auto, (max-width: 2339px) 100vw, 2339px\" \/><\/a><\/p>\n","protected":false},"excerpt":{"rendered":"<p>Ravnateljica je na podlagi tretjega odstavka petega \u010dlena Pravil \u0161olskega [&hellip;]<\/p>\n","protected":false},"author":1973,"featured_media":0,"parent":8583,"menu_order":100,"comment_status":"closed","ping_status":"closed","template":"","meta":{"ngg_post_thumbnail":0,"footnotes":""},"class_list":["post-22436","page","type-page","status-publish","hentry"],"_links":{"self":[{"href":"https:\/\/sola-poljane.splet.arnes.si\/index.php?rest_route=\/wp\/v2\/pages\/22436","targetHints":{"allow":["GET"]}}],"collection":[{"href":"https:\/\/sola-poljane.splet.arnes.si\/index.php?rest_route=\/wp\/v2\/pages"}],"about":[{"href":"https:\/\/sola-poljane.splet.arnes.si\/index.php?rest_route=\/wp\/v2\/types\/page"}],"author":[{"embeddable":true,"href":"https:\/\/sola-poljane.splet.arnes.si\/index.php?rest_route=\/wp\/v2\/users\/1973"}],"replies":[{"embeddable":true,"href":"https:\/\/sola-poljane.splet.arnes.si\/index.php?rest_route=%2Fwp%2Fv2%2Fcomments&post=22436"}],"version-history":[{"count":2,"href":"https:\/\/sola-poljane.splet.arnes.si\/index.php?rest_route=\/wp\/v2\/pages\/22436\/revisions"}],"predecessor-version":[{"id":22439,"href":"https:\/\/sola-poljane.splet.arnes.si\/index.php?rest_route=\/wp\/v2\/pages\/22436\/revisions\/22439"}],"up":[{"embeddable":true,"href":"https:\/\/sola-poljane.splet.arnes.si\/index.php?rest_route=\/wp\/v2\/pages\/8583"}],"wp:attachment":[{"href":"https:\/\/sola-poljane.splet.arnes.si\/index.php?rest_route=%2Fwp%2Fv2%2Fmedia&parent=22436"}],"curies":[{"name":"wp","href":"https:\/\/api.w.org\/{rel}","templated":true}]}}