{"id":19779,"date":"2020-11-11T08:47:44","date_gmt":"2020-11-11T07:47:44","guid":{"rendered":"http:\/\/sola-poljane.splet.arnes.si\/?page_id=19779"},"modified":"2021-08-23T13:38:06","modified_gmt":"2021-08-23T11:38:06","slug":"prva-zaposlitev-na-podrocju-vzgoje-in-izobrazevanja","status":"publish","type":"page","link":"https:\/\/sola-poljane.splet.arnes.si\/?page_id=19779","title":{"rendered":"Prva zaposlitev na podro\u010dju vzgoje in izobra\u017eevanja"},"content":{"rendered":"<p><a href=\"http:\/\/www.eu-skladi.si\"><img loading=\"lazy\" decoding=\"async\" class=\"alignright size-full wp-image-19783\" src=\"http:\/\/sola-poljane.splet.arnes.si\/files\/2020\/11\/Logo_EKP_socialni_sklad_SLO_slogan.jpg\" alt=\"\" width=\"1000\" height=\"484\" srcset=\"https:\/\/sola-poljane.splet.arnes.si\/files\/2020\/11\/Logo_EKP_socialni_sklad_SLO_slogan.jpg 1000w, https:\/\/sola-poljane.splet.arnes.si\/files\/2020\/11\/Logo_EKP_socialni_sklad_SLO_slogan-300x145.jpg 300w, https:\/\/sola-poljane.splet.arnes.si\/files\/2020\/11\/Logo_EKP_socialni_sklad_SLO_slogan-768x372.jpg 768w, https:\/\/sola-poljane.splet.arnes.si\/files\/2020\/11\/Logo_EKP_socialni_sklad_SLO_slogan-114x55.jpg 114w, https:\/\/sola-poljane.splet.arnes.si\/files\/2020\/11\/Logo_EKP_socialni_sklad_SLO_slogan-947x458.jpg 947w, https:\/\/sola-poljane.splet.arnes.si\/files\/2020\/11\/Logo_EKP_socialni_sklad_SLO_slogan-624x302.jpg 624w\" sizes=\"auto, (max-width: 1000px) 100vw, 1000px\" \/><\/a><\/p>\n<h4 style=\"text-align: center\">Nalo\u017ebo sofinancirata Republika Slovenija in Evropska unija iz Evropskega socialnega sklada<\/h4>\n<p>Prva zaposlitev na podro\u010dju vzgoje in izobra\u017eevanja 2021<br \/>\nDatum objave: 01. 11. 2020<\/p>\n<p>Datum zaklju\u010dka: 30. 06. 2021<\/p>\n<p>Status: Zaklju\u010den<\/p>\n<p>Kontaktna oseba: Metka Debeljak, ravnateljica<\/p>\n<p>Vsebina projekta:<\/p>\n<p>Ministrstvo za izobra\u017eevanje, znanost in \u0161port, je objavilo JAVNI RAZPIS \u00bbPRVA ZAPOSLITEV NA PODRO\u010cJU VZGOJE IN IZOBRA\u017dEVANJA 2021\u00ab. Z javnim razpisom se mladim do vklju\u010dno 29 let prispeva k zagotavljanju dostopnosti do \u010dim hitrej\u0161e in kakovostne zaposlitve na podro\u010dju vzgoje in izobra\u017eevanja ter s tem k pove\u010danju dele\u017ea zaposlenih med mladimi, vklju\u010denimi v ukrepe na trgu dela v okviru Operativnega programa za izvajanje Evropske kohezijske politike v obdobju 2014\u20132020 in predstavlja poseben ukrep na trgu dela, ki je prilagojen ciljnim skupinam na podro\u010dju vzgoje in izobra\u017eevanja.<\/p>\n<p>Ciljna skupina javnega razpisa so mladi do vklju\u010dno 29 let, ki i\u0161\u010dejo prvo zaposlitev na podro\u010dju vzgoje in izobra\u017eevanja glede na smer in stopnjo svoje izobrazbe, kot jo predpisuje Zakon o organizaciji in financiranju vzgoje in izobra\u017eevanja in drugi predpisi, sprejeti na njegovi podlagi, in imajo manj ustreznih delovnih izku\u0161enj na podro\u010dju vzgoje in izobra\u017eevanja, kot se jih zahteva za pristop k strokovnemu izpitu.<\/p>\n<p>Javni razpis je razdeljen na dva sklopa, in sicer:<\/p>\n<p>o\u00a0\u00a0\u00a0 sklop A &#8211; \u00bbPomo\u010dnik vzgojitelja za\u010detnik\u00ab in<\/p>\n<p>o\u00a0\u00a0\u00a0 sklop B &#8211; \u00bbU\u010ditelj za\u010detnik\u00ab.<\/p>\n<p>Namen javnega razpisa v okviru sklopa B \u2013 UZ je \u010dimprej\u0161nja in ciljno usmerjena aktivacija mladih oseb na prehodu iz sistema izobra\u017eevanja v zaposlitev preko vklju\u010denih ustreznih vsebin prakti\u010dnega usposabljanja in zagotovljenega strokovnega vodstva za zagotovitev trajnej\u0161ih u\u010dinkov.<\/p>\n<p>Na\u0161 zavod je kandidiral na razpis z eno kandidatko. Na razpisu smo bili uspe\u0161ni, zato smo s 1. 11. 2020 sklenili pogodbo za obdobje osmih (8) mesecev, in sicer na projektnem delovnem mestu u\u010ditelj kemije in biologije. Sredstva so zagotovljena s strani MIZ\u0160, v okviru projekta; \u00a0sredstva za nadaljnjih \u00a06 mesecev pa so prav tako \u00a0zagotovljena s strani MIZ\u0160 v okviru potrjene sistemizacije.<\/p>\n<p>Izbrana kandidatka:<\/p>\n<p>o\u00a0\u00a0\u00a0 Tina Erzno\u017enik, zaposlena v O\u0160 Poljane , mentor: Bojana Lenar, prof. ke., bio<\/p>\n<p>Kandidatka bo pridobivala vzgojno-izobra\u017eevalne izku\u0161nje in opravile vse z zakonom in drugimi predpisi dolo\u010dene aktivnosti za pristop k strokovnemu izpitu s podro\u010dja vzgoje in izobra\u017eevanja.<\/p>\n<p style=\"text-align: right\">Metka Debeljak, ravnateljica<\/p>\n<p>&nbsp;<\/p>\n<p>&nbsp;<\/p>\n","protected":false},"excerpt":{"rendered":"<p>Nalo\u017ebo sofinancirata Republika Slovenija in Evropska unija iz Evropskega socialnega [&hellip;]<\/p>\n","protected":false},"author":1973,"featured_media":0,"parent":8596,"menu_order":0,"comment_status":"closed","ping_status":"closed","template":"","meta":{"ngg_post_thumbnail":0,"footnotes":""},"class_list":["post-19779","page","type-page","status-publish","hentry"],"_links":{"self":[{"href":"https:\/\/sola-poljane.splet.arnes.si\/index.php?rest_route=\/wp\/v2\/pages\/19779","targetHints":{"allow":["GET"]}}],"collection":[{"href":"https:\/\/sola-poljane.splet.arnes.si\/index.php?rest_route=\/wp\/v2\/pages"}],"about":[{"href":"https:\/\/sola-poljane.splet.arnes.si\/index.php?rest_route=\/wp\/v2\/types\/page"}],"author":[{"embeddable":true,"href":"https:\/\/sola-poljane.splet.arnes.si\/index.php?rest_route=\/wp\/v2\/users\/1973"}],"replies":[{"embeddable":true,"href":"https:\/\/sola-poljane.splet.arnes.si\/index.php?rest_route=%2Fwp%2Fv2%2Fcomments&post=19779"}],"version-history":[{"count":5,"href":"https:\/\/sola-poljane.splet.arnes.si\/index.php?rest_route=\/wp\/v2\/pages\/19779\/revisions"}],"predecessor-version":[{"id":22273,"href":"https:\/\/sola-poljane.splet.arnes.si\/index.php?rest_route=\/wp\/v2\/pages\/19779\/revisions\/22273"}],"up":[{"embeddable":true,"href":"https:\/\/sola-poljane.splet.arnes.si\/index.php?rest_route=\/wp\/v2\/pages\/8596"}],"wp:attachment":[{"href":"https:\/\/sola-poljane.splet.arnes.si\/index.php?rest_route=%2Fwp%2Fv2%2Fmedia&parent=19779"}],"curies":[{"name":"wp","href":"https:\/\/api.w.org\/{rel}","templated":true}]}}