{"id":15247,"date":"2019-11-14T09:01:44","date_gmt":"2019-11-14T08:01:44","guid":{"rendered":"http:\/\/sola-poljane.splet.arnes.si\/?page_id=15247"},"modified":"2021-05-12T13:42:22","modified_gmt":"2021-05-12T11:42:22","slug":"slofit","status":"publish","type":"page","link":"https:\/\/sola-poljane.splet.arnes.si\/?page_id=15247","title":{"rendered":"SLOfit"},"content":{"rendered":"<p><a href=\"https:\/\/drive.google.com\/open?id=12Bup2FIDMU_3mCNkUo3qdFZHTIs_GuUO\"><img loading=\"lazy\" decoding=\"async\" class=\"alignright wp-image-15271\" src=\"http:\/\/sola-poljane.splet.arnes.si\/files\/2019\/11\/SLOfit_medium-213x300.jpg\" alt=\"\" width=\"177\" height=\"250\" srcset=\"https:\/\/sola-poljane.splet.arnes.si\/files\/2019\/11\/SLOfit_medium-213x300.jpg 213w, https:\/\/sola-poljane.splet.arnes.si\/files\/2019\/11\/SLOfit_medium-39x55.jpg 39w, https:\/\/sola-poljane.splet.arnes.si\/files\/2019\/11\/SLOfit_medium.jpg 425w\" sizes=\"auto, (max-width: 177px) 100vw, 177px\" \/><\/a>SLOfit je informacijska podpora in nadgradnja uveljavljenega nacionalnega sistema spremljave telesnega in gibalnega razvoja otrok in mladine \u2013 \u0161portnovzgojnega kartona (\u0160VK).<\/p>\n<p>Namen SLOfit-a je narediti \u0160VK in druge zbrane podatke v okviru SLOfit \u010dim bolj uporabne, zlasti za spremljanje in spreminjanje telesnega fitnesa.<\/p>\n<p>SLOfit omogo\u010da tudi star\u0161em, da spoznajo in spremljajo telesni in gibalni razvoj svojih otrok in njihove dose\u017eke primerjajo z dose\u017eki enako starih slovenskih vrstnikov skozi aplikacijo <strong>Moj SLOfit<\/strong>.<\/p>\n<p>Moj SLOfit je aplikacija, ki je na voljo:<\/p>\n<ul>\n<li>star\u0161em\u00a0otrok, ki so dali soglasje, da je njihov otrok vklju\u010den v meritve za \u0160VK in so v \u0161olski sistem e-administracije vnesli svoj e-naslov, \u0161ola pa je pristopila v sistem SLOfit.<\/li>\n<\/ul>\n<p>Za dostop do aplikacije in s tem do podatkov, je potrebno najprej izpolniti soglasje za posredovanje e naslova na Fakultete za \u0161port. Po prejetem soglasju, prejmete elektronsko sporo\u010dilo s povabilom k registraciji.<\/p>\n<div class=\"wpz-sc-box download   \">Povezava za prenos soglasja<\/div>\n<p><a href=\"https:\/\/drive.google.com\/open?id=1GmOoyRywcAo6IqRuUAAmx1sfHK-Paej1\">Obrazec za soglasje<\/a><\/p>\n<p>Po registraciji v aplikaciji SLOfit pridobite svoj dostop do podatkov.<\/p>\n<p>Skozi aplikacijo lahko star\u0161i dostopate do <strong>vsakoletnih \u0160VK rezultatov meritev\u00a0svojega otroka<\/strong> in dobite <strong>povratne informacije<\/strong>:<\/p>\n<ul>\n<li>koliko je otrok <strong>napredoval<\/strong> v enem letu,<\/li>\n<li>kak\u0161en je njegov telesni in gibalni razvoj v <strong>primerjavi z vrstniki<\/strong>,<\/li>\n<li>v kak\u0161no <strong>skupino telesne pripravljenosti in zdravstvene ogro\u017eenosti<\/strong> ga uvr\u0161\u010dajo posamezni rezultati.<\/li>\n<\/ul>\n<p>\u0160ele tak izpis rezultatov omogo\u010da, da lahko ocenimo telesni in gibalni razvoj posameznega otroka.<\/p>\n<p>Aplikacija omogo\u010da tudi<strong> tiskanje poro\u010dila<\/strong> o telesnem in gibalnem razvoju posameznega otroka, ki ga bodo u\u010denci prinesli domov.<\/p>\n<p><img loading=\"lazy\" decoding=\"async\" class=\"aligncenter size-full wp-image-21804\" src=\"http:\/\/sola-poljane.splet.arnes.si\/files\/2021\/05\/2018-06-06-SLOfit-diagram-SL.jpg\" alt=\"\" width=\"1740\" height=\"1198\" srcset=\"https:\/\/sola-poljane.splet.arnes.si\/files\/2021\/05\/2018-06-06-SLOfit-diagram-SL.jpg 1740w, https:\/\/sola-poljane.splet.arnes.si\/files\/2021\/05\/2018-06-06-SLOfit-diagram-SL-300x207.jpg 300w, https:\/\/sola-poljane.splet.arnes.si\/files\/2021\/05\/2018-06-06-SLOfit-diagram-SL-1024x705.jpg 1024w, https:\/\/sola-poljane.splet.arnes.si\/files\/2021\/05\/2018-06-06-SLOfit-diagram-SL-768x529.jpg 768w, https:\/\/sola-poljane.splet.arnes.si\/files\/2021\/05\/2018-06-06-SLOfit-diagram-SL-80x55.jpg 80w, https:\/\/sola-poljane.splet.arnes.si\/files\/2021\/05\/2018-06-06-SLOfit-diagram-SL-1536x1058.jpg 1536w, https:\/\/sola-poljane.splet.arnes.si\/files\/2021\/05\/2018-06-06-SLOfit-diagram-SL-947x652.jpg 947w, https:\/\/sola-poljane.splet.arnes.si\/files\/2021\/05\/2018-06-06-SLOfit-diagram-SL-624x430.jpg 624w\" sizes=\"auto, (max-width: 1740px) 100vw, 1740px\" \/><\/p>\n<p>Ve\u010d informacij v <a href=\"https:\/\/drive.google.com\/open?id=12EdskBK6LTM8xc5foFL5KWqPYDeHOM_J\">tem letaku<\/a> in na spletni strani <a href=\"http:\/\/www.slofit.org\/\">http:\/\/www.slofit.org\/<\/a><\/p>\n<p>&nbsp;<\/p>\n","protected":false},"excerpt":{"rendered":"<p>SLOfit je informacijska podpora in nadgradnja uveljavljenega nacionalnega sistema spremljave [&hellip;]<\/p>\n","protected":false},"author":1973,"featured_media":0,"parent":8596,"menu_order":20,"comment_status":"closed","ping_status":"closed","template":"","meta":{"ngg_post_thumbnail":0,"footnotes":""},"class_list":["post-15247","page","type-page","status-publish","hentry"],"_links":{"self":[{"href":"https:\/\/sola-poljane.splet.arnes.si\/index.php?rest_route=\/wp\/v2\/pages\/15247","targetHints":{"allow":["GET"]}}],"collection":[{"href":"https:\/\/sola-poljane.splet.arnes.si\/index.php?rest_route=\/wp\/v2\/pages"}],"about":[{"href":"https:\/\/sola-poljane.splet.arnes.si\/index.php?rest_route=\/wp\/v2\/types\/page"}],"author":[{"embeddable":true,"href":"https:\/\/sola-poljane.splet.arnes.si\/index.php?rest_route=\/wp\/v2\/users\/1973"}],"replies":[{"embeddable":true,"href":"https:\/\/sola-poljane.splet.arnes.si\/index.php?rest_route=%2Fwp%2Fv2%2Fcomments&post=15247"}],"version-history":[{"count":12,"href":"https:\/\/sola-poljane.splet.arnes.si\/index.php?rest_route=\/wp\/v2\/pages\/15247\/revisions"}],"predecessor-version":[{"id":21810,"href":"https:\/\/sola-poljane.splet.arnes.si\/index.php?rest_route=\/wp\/v2\/pages\/15247\/revisions\/21810"}],"up":[{"embeddable":true,"href":"https:\/\/sola-poljane.splet.arnes.si\/index.php?rest_route=\/wp\/v2\/pages\/8596"}],"wp:attachment":[{"href":"https:\/\/sola-poljane.splet.arnes.si\/index.php?rest_route=%2Fwp%2Fv2%2Fmedia&parent=15247"}],"curies":[{"name":"wp","href":"https:\/\/api.w.org\/{rel}","templated":true}]}}