{"id":142,"date":"2018-04-12T08:18:33","date_gmt":"2018-04-12T07:18:33","guid":{"rendered":"http:\/\/ospoljane.modri.net\/?page_id=142"},"modified":"2025-10-03T09:08:23","modified_gmt":"2025-10-03T07:08:23","slug":"upravljanje-sole","status":"publish","type":"page","link":"https:\/\/sola-poljane.splet.arnes.si\/?page_id=142","title":{"rendered":"Upravljanje \u0161ole"},"content":{"rendered":"<p>Osnovno \u0161olo Poljane upravljata ravnatelj in svet zavoda.<\/p>\n<h2>1. Svet zavoda<\/h2>\n<p>Svet zavoda ima \u0161tiriletni mandat.<\/p>\n<p>Sestavljajo ga:<\/p>\n<ul>\n<li>trije predstavniki ustanovitelja (Vilma Kos, Janez Oblak in Jure Dolenc),<\/li>\n<li>pet predstavnikov zavoda (Alenka Ortar, Barbara Dolenec, Barbara Burjek, Marinka Toma\u017ein in Tatjana Ravnikar) ter<\/li>\n<li>trije predstavniki star\u0161ev (Peter Peternel, Matej Mlinar in Luka Ko\u0161ir).<\/li>\n<\/ul>\n<p>Predsednica sveta zavoda je Barbara Burjek, namestnica predsednice pa Alenka Ortar.<\/p>\n<h2>2. Svet star\u0161ev<\/h2>\n<p>V delo \u0161ole se star\u0161i vklju\u010dujejo preko sveta star\u0161ev, ki je posvetovalni organ ravnatelja in u\u010diteljskega zbora.<br \/>\nSestavljajo ga star\u0161i u\u010dencev posameznih oddelkov in skupin, ki so izvoljeni na prvem roditeljskem sestanku.<\/p>\n<p>Predsednik sveta star\u0161ev zavoda Osnovna \u0161ola Poljane v \u0161olskem letu 2025\/26 je Luka Ko\u0161ir.<\/p>\n\n<!-- iframe plugin v.5.2 wordpress.org\/plugins\/iframe\/ -->\n<iframe loading=\"lazy\" src=\"https:\/\/drive.google.com\/file\/d\/1LYPno22LaPK7P-RPPcwPT09YK1O2sOrt\/preview\" width=\"100%\" height=\"400\" scrolling=\"yes\" class=\"iframe-class\" frameborder=\"0\" name=\"ARNES\"><\/iframe>\n\n<p>&nbsp;<\/p>\n<h2>3. Strokovni organi \u0161ole<\/h2>\n<p>Strokovni organi \u0161ole so: u\u010diteljski zbor, oddel\u010dni u\u010diteljski zbor, strokovni aktivi in razredniki.<\/p>\n","protected":false},"excerpt":{"rendered":"<p>Osnovno \u0161olo Poljane upravljata ravnatelj in svet zavoda. 1. Svet [&hellip;]<\/p>\n","protected":false},"author":1973,"featured_media":0,"parent":8569,"menu_order":0,"comment_status":"closed","ping_status":"closed","template":"","meta":{"ngg_post_thumbnail":0,"footnotes":""},"class_list":["post-142","page","type-page","status-publish","hentry"],"_links":{"self":[{"href":"https:\/\/sola-poljane.splet.arnes.si\/index.php?rest_route=\/wp\/v2\/pages\/142","targetHints":{"allow":["GET"]}}],"collection":[{"href":"https:\/\/sola-poljane.splet.arnes.si\/index.php?rest_route=\/wp\/v2\/pages"}],"about":[{"href":"https:\/\/sola-poljane.splet.arnes.si\/index.php?rest_route=\/wp\/v2\/types\/page"}],"author":[{"embeddable":true,"href":"https:\/\/sola-poljane.splet.arnes.si\/index.php?rest_route=\/wp\/v2\/users\/1973"}],"replies":[{"embeddable":true,"href":"https:\/\/sola-poljane.splet.arnes.si\/index.php?rest_route=%2Fwp%2Fv2%2Fcomments&post=142"}],"version-history":[{"count":15,"href":"https:\/\/sola-poljane.splet.arnes.si\/index.php?rest_route=\/wp\/v2\/pages\/142\/revisions"}],"predecessor-version":[{"id":49287,"href":"https:\/\/sola-poljane.splet.arnes.si\/index.php?rest_route=\/wp\/v2\/pages\/142\/revisions\/49287"}],"up":[{"embeddable":true,"href":"https:\/\/sola-poljane.splet.arnes.si\/index.php?rest_route=\/wp\/v2\/pages\/8569"}],"wp:attachment":[{"href":"https:\/\/sola-poljane.splet.arnes.si\/index.php?rest_route=%2Fwp%2Fv2%2Fmedia&parent=142"}],"curies":[{"name":"wp","href":"https:\/\/api.w.org\/{rel}","templated":true}]}}