{"id":13387,"date":"2019-03-28T08:01:06","date_gmt":"2019-03-28T07:01:06","guid":{"rendered":"http:\/\/sola-poljane.splet.arnes.si\/?page_id=13387"},"modified":"2021-07-02T12:37:58","modified_gmt":"2021-07-02T10:37:58","slug":"projekt-varno-s-kolesom","status":"publish","type":"page","link":"https:\/\/sola-poljane.splet.arnes.si\/?page_id=13387","title":{"rendered":"Projekt Varno na kolesu"},"content":{"rendered":"<p><a href=\"http:\/\/sola-poljane.splet.arnes.si\/files\/2019\/03\/varno_s_lokesom.jpg\"><img loading=\"lazy\" decoding=\"async\" class=\"alignnone size-full wp-image-13403\" src=\"http:\/\/sola-poljane.splet.arnes.si\/files\/2019\/03\/varno_s_lokesom.jpg\" alt=\"\" width=\"333\" height=\"58\" srcset=\"https:\/\/sola-poljane.splet.arnes.si\/files\/2019\/03\/varno_s_lokesom.jpg 333w, https:\/\/sola-poljane.splet.arnes.si\/files\/2019\/03\/varno_s_lokesom-300x52.jpg 300w, https:\/\/sola-poljane.splet.arnes.si\/files\/2019\/03\/varno_s_lokesom-316x55.jpg 316w\" sizes=\"auto, (max-width: 333px) 100vw, 333px\" \/><\/a><\/p>\n<p>Projekt Varno na kolesu je namenjen u\u010denkam in u\u010dencem, ki se pripravljajo na kolesarski izpit. Z dolo\u010denimi aktivnostmi pa spodbuja tudi vse druge k aktivni in predvsem varni udele\u017ebi kolesarjev v prometu. Letos so v projektu sodelovali vsi u\u010denci 5. razreda na O\u0160 Poljane in P\u0160 Javorje. To je skupno 51 u\u010dencev. Mentorici sva bili Marta Gornik in Cilka \u010cibej.<\/p>\n<p>V okviru projekta Varno na kolesu smo izpeljali dve obvezni nalogi.<\/p>\n<p>Pri prvi nalogi z naslovom Postajam kolesar smo izvedli:<\/p>\n<ul>\n<li>Podroben ogled in analizo \u0161olskih poti s poudarkom na obmo\u010dju, kjer bodo u\u010denci opravljali kolesarski izpit.<\/li>\n<li>Pregled nevarnih to\u010dk za kolesarje, ki jih u\u010denci opazijo na svoji \u0161olski poti.<\/li>\n<li>Pregled kolesa in odpravljanje pomanjkljivosti.<\/li>\n<li>Izdelali promocijsko gradivo na temo \u00bbZakaj \u010delada da in telefon ne\u00ab.<\/li>\n<\/ul>\n<p>V drugi nalogi smo predstavili kolesarska pravila v zgodbi. Raziskali smo:<\/p>\n<ul>\n<li>najpomembnej\u0161a prometna pravila s katerimi se sre\u010duje kolesar,<\/li>\n<li>mo\u017ene nevarnosti, ki kolesarja lahko doletijo v prometu,<\/li>\n<li>izdelali igre o prometu.<\/li>\n<\/ul>\n<p>Pri obeh nalogah smo pripravili PPT predstavitvi, ki si ju lahko ogledate tukaj:<\/p>\n<ol>\n<li><a href=\"https:\/\/docs.google.com\/presentation\/d\/1HXMhSKbkV7DshJ6c2HxAq0r_YBuuo_pC?rtpof=true\">Postajam kolesar<\/a><\/li>\n<li><a href=\"https:\/\/docs.google.com\/presentation\/d\/1HVnRFy_O9BuD61M01ciOcypAWENAPz1x?rtpof=true\">Kolesarska pravila v zgodbi<\/a><\/li>\n<\/ol>\n<p>U\u010denci so pripravili tudi zanimiv film\u010dek o pomenu uporabe kolesarske \u010delade. Ogleje si ga <a href=\"https:\/\/drive.google.com\/open?id=1H_BjyRDO6jqmQ1iH3jdJ_ItN1kX0k6qI\">na povezavi<\/a>.<\/p>\n<p>Vsi u\u010denci so za nagrado prejeli vre\u010dko za copate, odsevni trak, kazalko in bele\u017eko. U\u010denci 5. b pa \u0161e vsak svojo kolesarsko \u010delado.<\/p>\n","protected":false},"excerpt":{"rendered":"<p>Projekt Varno na kolesu je namenjen u\u010denkam in u\u010dencem, ki [&hellip;]<\/p>\n","protected":false},"author":1973,"featured_media":0,"parent":8596,"menu_order":20,"comment_status":"closed","ping_status":"closed","template":"","meta":{"ngg_post_thumbnail":0,"footnotes":""},"class_list":["post-13387","page","type-page","status-publish","hentry"],"_links":{"self":[{"href":"https:\/\/sola-poljane.splet.arnes.si\/index.php?rest_route=\/wp\/v2\/pages\/13387","targetHints":{"allow":["GET"]}}],"collection":[{"href":"https:\/\/sola-poljane.splet.arnes.si\/index.php?rest_route=\/wp\/v2\/pages"}],"about":[{"href":"https:\/\/sola-poljane.splet.arnes.si\/index.php?rest_route=\/wp\/v2\/types\/page"}],"author":[{"embeddable":true,"href":"https:\/\/sola-poljane.splet.arnes.si\/index.php?rest_route=\/wp\/v2\/users\/1973"}],"replies":[{"embeddable":true,"href":"https:\/\/sola-poljane.splet.arnes.si\/index.php?rest_route=%2Fwp%2Fv2%2Fcomments&post=13387"}],"version-history":[{"count":10,"href":"https:\/\/sola-poljane.splet.arnes.si\/index.php?rest_route=\/wp\/v2\/pages\/13387\/revisions"}],"predecessor-version":[{"id":22207,"href":"https:\/\/sola-poljane.splet.arnes.si\/index.php?rest_route=\/wp\/v2\/pages\/13387\/revisions\/22207"}],"up":[{"embeddable":true,"href":"https:\/\/sola-poljane.splet.arnes.si\/index.php?rest_route=\/wp\/v2\/pages\/8596"}],"wp:attachment":[{"href":"https:\/\/sola-poljane.splet.arnes.si\/index.php?rest_route=%2Fwp%2Fv2%2Fmedia&parent=13387"}],"curies":[{"name":"wp","href":"https:\/\/api.w.org\/{rel}","templated":true}]}}