{"id":13037,"date":"2019-02-19T07:41:34","date_gmt":"2019-02-19T06:41:34","guid":{"rendered":"http:\/\/sola-poljane.splet.arnes.si\/?page_id=13037"},"modified":"2020-04-10T16:41:38","modified_gmt":"2020-04-10T14:41:38","slug":"spletne-ucilnice-predmetov","status":"publish","type":"page","link":"https:\/\/sola-poljane.splet.arnes.si\/?page_id=13037","title":{"rendered":"SPLETNE U\u010cILNICE PREDMETOV"},"content":{"rendered":"<h4>1. Navodila in pomo\u010d za delo za star\u0161e<\/h4>\n<p><a href=\"http:\/\/sola-poljane.splet.arnes.si\/?page_id=17455\">Spletna stran z navodili za star\u0161e<\/a>. Vabljeni k ogledu.<\/p>\n<h4>2. Za u\u010dence (zaenkrat 8. in 9. razreda), ki imajo \u0161olsko elektronsko po\u0161to<\/h4>\n<p><a href=\"http:\/\/sola-poljane.splet.arnes.si\/?page_id=17497\">Spletna stran z navodili za u\u010dence<\/a>. Vabljeni k ogledu.<\/p>\n<p><strong>U\u010denci morajo<\/strong> biti za ogled videoposnetkov zaradi varstva osebnih podatkov<strong> prijavljeni v \u0161olsko elektronsko po\u0161to<\/strong>.<\/p>\n<hr \/>\n<h3>Spletne u\u010dilnice za posamezne razrede<\/h3>\n<table style=\"height: 307px\" width=\"436\" cellspacing=\"20\">\n<tbody>\n<tr>\n<td><strong><a href=\"http:\/\/sola-poljane.splet.arnes.si\/?page_id=16397\">1. razred<\/a><\/strong><\/td>\n<td><strong><a href=\"http:\/\/sola-poljane.splet.arnes.si\/?page_id=16425\">2. razred<\/a><\/strong><\/td>\n<td><strong><a href=\"http:\/\/sola-poljane.splet.arnes.si\/?page_id=16433\">3. razred<\/a><\/strong><\/td>\n<\/tr>\n<tr>\n<td><strong><a href=\"http:\/\/sola-poljane.splet.arnes.si\/?page_id=16437\">4. razred<\/a><\/strong><\/td>\n<td><strong><a href=\"http:\/\/sola-poljane.splet.arnes.si\/?page_id=16441\">5. razred<\/a><\/strong><\/td>\n<td><strong><a href=\"http:\/\/sola-poljane.splet.arnes.si\/?page_id=16445\">6. razred<\/a><\/strong><\/td>\n<\/tr>\n<tr>\n<td><strong><a href=\"http:\/\/sola-poljane.splet.arnes.si\/?page_id=16449\">7. razred<\/a><\/strong><\/td>\n<td><strong><a href=\"http:\/\/sola-poljane.splet.arnes.si\/?page_id=16453\">8. razred<\/a><\/strong><\/td>\n<td><strong><a href=\"http:\/\/sola-poljane.splet.arnes.si\/?page_id=16457\">9. razred<\/a><\/strong><\/td>\n<\/tr>\n<tr>\n<td><strong><a href=\"http:\/\/sola-poljane.splet.arnes.si\/?page_id=16513\">P\u0160 Javorje<\/a><\/strong><\/td>\n<td><strong>\u00a0<\/strong><\/td>\n<td><strong>\u00a0<\/strong><\/td>\n<\/tr>\n<\/tbody>\n<\/table>\n<p>&nbsp;<\/p>\n<h3>Ostalo<\/h3>\n<table style=\"border-color: #ffc800\" border=\"1\">\n<tbody>\n<tr>\n<td style=\"border-color: #ffc800\">\n<p><strong><a href=\"http:\/\/sola-poljane.splet.arnes.si\/?page_id=16567\">Spletna u\u010dilnica za pevske zbore na mati\u010dni \u0161oli v Poljanah<\/a><\/strong><\/p>\n<p>Gradivo za pevski zbor na P\u0160 javorje je v zgornji u\u010dilnici P\u0160 Javorje.<a href=\"http:\/\/sola-poljane.splet.arnes.si\/files\/2019\/02\/Pomoc_upload.png\"><img loading=\"lazy\" decoding=\"async\" class=\"alignright wp-image-17671 size-thumbnail\" src=\"http:\/\/sola-poljane.splet.arnes.si\/files\/2019\/02\/Pomoc_upload-150x150.png\" alt=\"\" width=\"150\" height=\"150\" srcset=\"https:\/\/sola-poljane.splet.arnes.si\/files\/2019\/02\/Pomoc_upload-150x150.png 150w, https:\/\/sola-poljane.splet.arnes.si\/files\/2019\/02\/Pomoc_upload-100x100.png 100w\" sizes=\"auto, (max-width: 150px) 100vw, 150px\" \/><\/a><\/p>\n<p>\u010ce \u017eelite oddati kak posnetek ali fotografijo, ki bi bila zanimiva za u\u010dence, ki sodelujejo pri pevskih zborih, jo lahko nalo\u017eite tako, da<a href=\"https:\/\/my.pcloud.com\/#page=puplink&amp;code=1CS7ZcAzH5nn2C94IBytWeKJFK7MK3sVy\"> kliknete na to povezavo<\/a>. Glej desno sliko.<\/td>\n<\/tr>\n<tr>\n<td style=\"border-color: #ffc800\">\n<p><strong><a href=\"http:\/\/sola-poljane.splet.arnes.si\/?page_id=16585\">Spletna u\u010dilnica za \u0161olsko prehrano<\/a><\/strong><\/p>\n<p>Gradivo vsebuje informacije o prehrani v povezavi s trenutno situacijo.<\/td>\n<\/tr>\n<tr>\n<td style=\"border-color: #ffc800\">\n<p><strong><a href=\"http:\/\/sola-poljane.splet.arnes.si\/?page_id=16589\">Spletna u\u010dilnica za prosti \u010das<\/a><\/strong><\/p>\n<p>Gradivo za aktivno pre\u017eivljanje prostega \u010dasa v trenutni situaciji.<\/td>\n<\/tr>\n<tr>\n<td style=\"border-color: #ffc800\"><strong><a href=\"http:\/\/sola-poljane.splet.arnes.si\/?page_id=16655\">Spletna u\u010dilnica za \u0161olsko knji\u017enico<\/a><\/strong><\/td>\n<\/tr>\n<\/tbody>\n<\/table>\n<p>&nbsp;<\/p>\n<h3>Spletne u\u010dilnice po predmetih<\/h3>\n<p><a href=\"https:\/\/fizika-poljane.splet.arnes.si\/\">Spletna u\u010dilnica za fiziko in matematiko<\/a><\/p>\n<p><a href=\"http:\/\/poljaneglasba.splet.arnes.si\/\">Spletna u\u010dilnica za glasbeno umetnost<\/a><\/p>\n<p><a href=\"http:\/\/www2.arnes.si\/~amrak3\/\">Spletna u\u010dilnica za \u0161port<\/a><\/p>\n<p><a href=\"http:\/\/poljaneang.splet.arnes.si\/\">Spletna u\u010dilnica za angle\u0161\u010dino<\/a><\/p>\n<p>Spletna u\u010dilnica za sloven\u0161\u010dino (v pripravi)<\/p>\n","protected":false},"excerpt":{"rendered":"<p>1. Navodila in pomo\u010d za delo za star\u0161e Spletna stran [&hellip;]<\/p>\n","protected":false},"author":1973,"featured_media":0,"parent":0,"menu_order":0,"comment_status":"closed","ping_status":"closed","template":"","meta":{"ngg_post_thumbnail":0,"footnotes":""},"class_list":["post-13037","page","type-page","status-publish","hentry"],"_links":{"self":[{"href":"https:\/\/sola-poljane.splet.arnes.si\/index.php?rest_route=\/wp\/v2\/pages\/13037","targetHints":{"allow":["GET"]}}],"collection":[{"href":"https:\/\/sola-poljane.splet.arnes.si\/index.php?rest_route=\/wp\/v2\/pages"}],"about":[{"href":"https:\/\/sola-poljane.splet.arnes.si\/index.php?rest_route=\/wp\/v2\/types\/page"}],"author":[{"embeddable":true,"href":"https:\/\/sola-poljane.splet.arnes.si\/index.php?rest_route=\/wp\/v2\/users\/1973"}],"replies":[{"embeddable":true,"href":"https:\/\/sola-poljane.splet.arnes.si\/index.php?rest_route=%2Fwp%2Fv2%2Fcomments&post=13037"}],"version-history":[{"count":36,"href":"https:\/\/sola-poljane.splet.arnes.si\/index.php?rest_route=\/wp\/v2\/pages\/13037\/revisions"}],"predecessor-version":[{"id":17675,"href":"https:\/\/sola-poljane.splet.arnes.si\/index.php?rest_route=\/wp\/v2\/pages\/13037\/revisions\/17675"}],"wp:attachment":[{"href":"https:\/\/sola-poljane.splet.arnes.si\/index.php?rest_route=%2Fwp%2Fv2%2Fmedia&parent=13037"}],"curies":[{"name":"wp","href":"https:\/\/api.w.org\/{rel}","templated":true}]}}