{"id":13007,"date":"2019-02-20T06:34:07","date_gmt":"2019-02-20T05:34:07","guid":{"rendered":"http:\/\/sola-poljane.splet.arnes.si\/?page_id=13007"},"modified":"2024-11-29T10:02:45","modified_gmt":"2024-11-29T09:02:45","slug":"iz-solskih-kronik-osnovne-sole-poljane-1879-2018","status":"publish","type":"page","link":"https:\/\/sola-poljane.splet.arnes.si\/?page_id=13007","title":{"rendered":"Iz \u0161olskih kronik Osnovne \u0161ole Poljane 1879\u20132018"},"content":{"rendered":"<a href=\"http:\/\/sola-poljane.splet.arnes.si\/?page_id=12999\"class=\"wpz-sc-button small\" style=\";background:#378DBD\"><span><i class=\"fa fa-home\" style=\"padding-right:6px;\"><\/i>Poslanstvo in vizija \u0161ole<\/span><\/a>\n<a href=\"http:\/\/sola-poljane.splet.arnes.si\/?page_id=13003\"class=\"wpz-sc-button small\" style=\";background:#378DBD\"><span><i class=\"fa fa-home\" style=\"padding-right:6px;\"><\/i>Poljane<\/span><\/a>\n<a href=\"http:\/\/sola-poljane.splet.arnes.si\/?page_id=13007\"class=\"wpz-sc-button small\" style=\";background:#378DBD\"><span><i class=\"fa fa-home\" style=\"padding-right:6px;\"><\/i>Iz \u0161olskih kronik 1879-2018<\/span><\/a>\n<a href=\"http:\/\/sola-poljane.splet.arnes.si\/?page_id=13123\"class=\"wpz-sc-button small\" style=\";background:#378DBD\"><span><i class=\"fa fa-home\" style=\"padding-right:6px;\"><\/i>Pomembni dogodki v O\u0160 Poljane<\/span><\/a>\n<a href=\"http:\/\/sola-poljane.splet.arnes.si\/?page_id=13011\"class=\"wpz-sc-button small\" style=\";background:#378DBD\"><span><i class=\"fa fa-home\" style=\"padding-right:6px;\"><\/i>Freske Iveta \u0160ubica v na\u0161i \u0161oli<\/span><\/a>\n<a href=\"http:\/\/sola-poljane.splet.arnes.si\/?page_id=13017\"class=\"wpz-sc-button small\" style=\";background:#378DBD\"><span><i class=\"fa fa-home\" style=\"padding-right:6px;\"><\/i>Znameniti Poljanci<\/span><\/a>\n<p><span style=\"color: #993300\"><em><strong>Do leta 1880 o \u0161olstvu v Poljanah ni veliko podatkov. Najstarej\u0161a de\u0161ka \u0161ola na tem podro\u010dju je bila ustanovljena v \u0160kofji Loki leta 1627, v Poljanah pa leta 1785.<\/strong><\/em><\/span><\/p>\n<p><em><strong><span style=\"color: #000000\"><u>\u0160olsko leto&nbsp;<\/u><u>1866\/67<\/u><br \/>\n<\/span><\/strong><\/em>En razred je bil organiziran v zakristiji, u\u010ditelj je bil cerkovnik.<\/p>\n<p><strong><em><u>\u0160olsko leto <\/u><\/em><u>1879\/80<br \/>\n<\/u><\/strong>Ob\u010dina kupi hi\u0161o Na Kup\u010de\u0161u za prvo \u0161olsko sobo (enorazrednica).<\/p>\n<p><strong><em><u>\u0160olsko leto <\/u><\/em><u>1882\/83<br \/>\n<\/u><\/strong>Krajni \u0161olski svet napravi drugo \u0161olsko sobo (dvorazrednica).<\/p>\n<p><strong><em><u>\u0160olsko leto <\/u><\/em><u>1889\/90<br \/>\n<\/u><\/strong>Delo u\u010diteljice dvorazrednice (s \u0161tirimi razredi) nastopi prva u\u010diteljica.<\/p>\n<p><strong><em><u>\u0160olsko leto <\/u><\/em><u>1900\/01<br \/>\n<\/u><\/strong>Dolo\u010di se, da se bo gradilo novo \u0161olsko poslopje in da se bo denar vzelo na&nbsp; posodo.<\/p>\n<p><strong><em><u>\u0160olsko leto <\/u><\/em><u>1904\/05<br \/>\n<\/u><\/strong>V komisiji za gradnjo nove \u0161ole so zastopniki Poljan, Javorij, Trate (Gorenja vas).<\/p>\n<p><strong><em><u>\u0160olsko leto <\/u><\/em><u>1906\/07<br \/>\n<\/u><\/strong>Pou\u010devanje poteka v za\u010dasnem oddelku hribovske \u0161ole.<\/p>\n<p style=\"text-align: center\"><a href=\"http:\/\/sola-poljane.splet.arnes.si\/files\/2019\/02\/Stara-\u0161ola-ob-cesti.jpg\"><img loading=\"lazy\" decoding=\"async\" class=\"alignnone size-medium wp-image-13075\" src=\"http:\/\/sola-poljane.splet.arnes.si\/files\/2019\/02\/Stara-\u0161ola-ob-cesti-300x201.jpg\" alt=\"\" width=\"300\" height=\"201\" srcset=\"https:\/\/sola-poljane.splet.arnes.si\/files\/2019\/02\/Stara-\u0161ola-ob-cesti-300x201.jpg 300w, https:\/\/sola-poljane.splet.arnes.si\/files\/2019\/02\/Stara-\u0161ola-ob-cesti-82x55.jpg 82w, https:\/\/sola-poljane.splet.arnes.si\/files\/2019\/02\/Stara-\u0161ola-ob-cesti-84x56.jpg 84w, https:\/\/sola-poljane.splet.arnes.si\/files\/2019\/02\/Stara-\u0161ola-ob-cesti.jpg 484w\" sizes=\"auto, (max-width: 300px) 100vw, 300px\" \/><\/a><\/p>\n<p><strong><em><u>\u0160olsko leto <\/u><\/em><u>1908\/09<br \/>\n<\/u><\/strong>Za\u010detek pouka v novih \u0161olskih \u00bbprostorih ob de\u017eelni cesti\u00ab, \u0161ola postane trirazrednica.<\/p>\n<p><strong><em><u>\u0160olsko leto <\/u><\/em><u>1909\/10<br \/>\n<\/u><\/strong>Za\u010dne se pouk v hribovski \u0161oli v vi\u0161ji in ni\u017eji skupini.<\/p>\n<p><strong><em><u>\u0160olsko leto <\/u><\/em><u>1911\/12<br \/>\n<\/u><\/strong>Trirazrednica se raz\u0161iri v \u0161tirirazrednico in uvede se nem\u0161ki pouk v 3. in 4. razred.<\/p>\n<p><strong><em><u>\u0160olsko leto <\/u><\/em><u>1912\/13<br \/>\n<\/u><\/strong>Hribovska \u0161ola se raz\u0161iri na celo \u0161olsko leto.<\/p>\n<p><strong><em><u>\u0160olsko leto <\/u><\/em><u>1919\/20<br \/>\n<\/u><\/strong>Dovoli se vzporednica prvemu razredu \u2013 1. a dopoldne, 1. b popoldne.<\/p>\n<p><strong><em><u>\u0160olsko leto <\/u><\/em><u>1920\/21<br \/>\n<\/u><\/strong>\u0160tirirazrednica se raz\u0161iri v petrazrednico.<\/p>\n<p><strong><em><u>\u0160olsko leto <\/u><\/em><u>1927\/28<br \/>\n<\/u><\/strong>Ukine se petrazrednica in vrne v \u0161tirirazrednico z odlokom Ministrstva prosvete. \u0160ola dobi vodovod.<\/p>\n<p><strong><em><u>\u0160olsko leto <\/u><\/em><u>1929\/30<br \/>\n<\/u><\/strong>Sprejet je Zakon o narodnih \u0161olah Kraljevine Jugoslavije in s tem uvedena enotnost pouka za vso dr\u017eavo.<\/p>\n<p><strong><em><u>\u0160olsko leto 1934\/35<br \/>\n<\/u><\/em><\/strong>12. novembra 1935 je ustanovljeno \u00bbprvo odelenje\u00ab vi\u0161je narodne \u0161ole (ukinjena vzporednica<br \/>\nk 4-razredni osnovni \u0161oli).<\/p>\n<p><strong><em><u>\u0160olsko leto 1935\/36<br \/>\n<\/u><\/em><\/strong>U\u010denci Bukovega Vrha so pre\u0161olani v Poljane, ker v \u0161oli v \u010crnem Vrhu ni dovolj prostora.<\/p>\n<p><strong><em><u>\u0160olsko leto 1936\/37<br \/>\n<\/u><\/em><\/strong>15. aprila 1937 je uveden naziv Ljudska narodna \u0161ola.<\/p>\n<p><strong><em><u>\u0160olsko leto 1937\/38<br \/>\n<\/u><\/em><\/strong>19. septembra 1937 \u2013 odkritje spomenika dr. Ivana Tav\u010darja.<\/p>\n<p><strong><em><u>\u0160olsko leto 1939\/40<br \/>\n<\/u><\/em><\/strong>Odprtje 7. in 8. oddelka \u0161ole. Ukinjen je oddelek za oddaljene, vendar&nbsp; izredno dovoljenje \u0161ola dobi \u0161e za dve leti.<br \/>\nOrganiziranih je \u0161est temeljnih oddelkov in dva oddelka za oddaljene, skupaj 121 u\u010dencev. Oddaljeni obiskujejo pouk vsak drugi dan.<\/p>\n<p><strong><em><u>\u0160olska leta 1941\u20131945<br \/>\n<\/u><\/em><\/strong>6. aprila 1941 je prekinjen pouk, ker je voja\u0161tvo zasedlo \u0161olske prostore.<br \/>\n6. maja je zadnji dan pouka v slovenskem jeziku. \u0160olska pisarna je zape\u010datena in klju\u010di izro\u010deni nem\u0161kima oro\u017enikoma.<br \/>\nSpomladi 1942 se \u0161ola obnovi. Pouk se izvaja v nem\u0161kem jeziku tudi v letu 1943.<br \/>\nLeta 1944 ni nem\u0161kega pouka.<br \/>\nOrganizirana je otro\u0161ka \u0161ola.<br \/>\n21. oktobra 1944 partizani osvobodijo Poljane, ob tem po\u017egejo tudi \u0161olo. Ostanejo le zidovi in zgori ves \u0161olski inventar, u\u010dila in arhiv. Nem\u0161ki u\u010ditelji \u017ee prej uni\u010dijo slovensko knji\u017enico.<br \/>\n21. maja 1945 je slovesna proslava osvoboditve v Poljanah.<br \/>\nV za\u010detku junija je \u0161ola organizirana v \u0161tirih skupinah na razli\u010dnih lokacijah. \u0160olska stavba se za\u010dne obnavljati.<\/p>\n<p><strong><em><u>\u0160olsko leto 1945\/46<br \/>\n<\/u><\/em><\/strong>15. oktobra 1945 se za\u010dne pouk: pet temeljnih oddelkov in en oddelek za oddaljene. Ob sobotah in nedeljah ter prostih dneh znanje dopolnjuje 79 u\u010dencev.<br \/>\nUstanovljen je roditeljski svet.<\/p>\n<p><strong><em><u>\u0160olsko leto 1946\/47<\/u><\/em><\/strong><\/p>\n<p>Deluje pet temeljnih oddelkov in en oddelek za oddaljene.<br \/>\nV juliju 1947 je organizirano izobra\u017eevanje za u\u010ditelje zaradi uvedbe 7-letke v naslednjem letu.<br \/>\n10. novembra 1946 odprejo obnovljeno \u0161olsko zgradbo. Na pro\u010delju je napis: \u0160olo ljudstvu in za ljudstvo.<\/p>\n<p><strong><em><u>\u0160olsko leto 1947\/48<\/u><\/em><\/strong><\/p>\n<p>Prvi\u010d je ustanovljena 7-letka: \u0161tirje ni\u017eji razredi in trije vi\u0161ji ter oddelek za oddaljene.<br \/>\n4. februarja 1948 umre Lovro Perko.<br \/>\nPrvi\u010d so uvedeni izpiti za u\u010dence 4. razredov iz sloven\u0161\u010dine in ra\u010dunstva pred komisijo. Po uspe\u0161no opravljenem izpitu se u\u010denci lahko vpi\u0161ejo v 5. razred 7-letke.<\/p>\n<p><strong><em><u>\u0160olsko leto 1948\/49<br \/>\n<\/u><\/em><\/strong>U\u010denci se prvi\u010d zavarujejo proti nezgodam.<br \/>\nOd 1. februarja dalje deluje \u0161olska kuhinja s podporo \u00bbMednarodnega de\u010djega fonda\u00ab.<\/p>\n<p><strong><em><u>\u0160olsko leto 1949\/50<br \/>\n<\/u><\/em><\/strong>Po sklepu izvr\u0161nega odbora Ljubljanske oblasti kot najbolj\u0161o \u0161olo poleg u\u010ditelji\u0161\u010da Celje in \u0161ole Sv. Kri\u017ea pri Trebnjem nagradijo sedemletko v Poljanah, ki je dele\u017ena tudi denarne nagrade.<\/p>\n<p><strong><em><u>\u0160olsko leto 1950\/51<br \/>\n<\/u><\/em><\/strong>Za\u010dne se izvajati program ni\u017eje gimnazije, v kateri je 99 dijakov.<\/p>\n<p><strong><em><u>\u0160olsko leto 1952\/53<br \/>\n<\/u><\/em><\/strong>Odvijajo se kro\u017eki: za ro\u010dno delo, namizni tenis in lutkovni kro\u017eek.<br \/>\nUvedena je moralna vzgoja. \u0160olo obiskuje 116 dijakov v \u0161tirih razredih.<br \/>\nZ delovanjem za\u010dne pevski zbor.<\/p>\n<p><strong><em><u>\u0160olsko leto 1953\/54<br \/>\n<\/u><\/em><\/strong>Zdru\u017eita se gimnazija Trata \u2013 Gorenja vas in Poljane s sede\u017eem v Poljanah,&nbsp; skupno 233 dijakov.<br \/>\nUveden je domoznanski pouk.<\/p>\n<p><strong><em><u>\u0160olsko leto 1954\/55<br \/>\n<\/u><\/em><\/strong>16. januarja 1955 za\u010dne delovati \u0161olski odbor.<br \/>\nPoljanska zadruga&nbsp; izdela opremo za ves razred.<br \/>\n35 dijakov iz Gorenje vasi se vozi v Poljane, ki je edina gimnazija od \u0160kofje Loke do \u017dirov (161 dijakov).<br \/>\nUstanovljena je osemletka v Gorenji vasi.<\/p>\n<p><strong><em><u>\u0160olsko leto 1955\/56<br \/>\n<\/u><\/em><\/strong>Delujejo \u0161tirje razredi; oddelek za oddaljene je pridru\u017een.<br \/>\nPraznovanje 175-letnice \u0161ole (17. junij), ob katerem priredijo razstavo izdelkov.<br \/>\nIzvedeni so vzorni nastopi za u\u010ditelje iz sosednjih \u0161ol iz sloven\u0161\u010dine, biologije, matematike in zgodovine.<\/p>\n<p><strong><em><u>\u0160olsko leto 1956\/57<br \/>\n<\/u><\/em><\/strong>Zaradi pojava otro\u0161ke paralize se je \u0161olsko leto za\u010delo 15. septembra.<br \/>\nV oktobru v tednu otroka u\u010denci zberejo 300 kg sadja in ga poklonijo mladinskemu domu v Kranju.<\/p>\n<p><strong><em><u>\u0160olsko leto 1957\/58<br \/>\n<\/u><\/em><\/strong>Ukinjeni sta osnovna \u0161ola in ni\u017eja gimnazija ter ustanovljena 8-letna \u0161ola.<br \/>\nUveljavljati se za\u010dne \u0161olska reforma \u2013 novi u\u010dni na\u010drti.<br \/>\nV Malenskem Vrhu in v Javorjah sta organizirani podru\u017enici.<\/p>\n<p><strong><em><u>\u0160olsko leto 1958\/59<br \/>\n<\/u><\/em><\/strong>Ustanovljena je Pionirska zadruga.<br \/>\n\u0160ola dobi nov pianino.<br \/>\nIzvaja se ocenjevanje u\u010diteljstva.<\/p>\n<p><strong><em><u>\u0160olsko leto 1959\/60<br \/>\n<\/u><\/em><\/strong>\u0160olo obiskujejo u\u010denci iz doma v Ljubljani (vojne sirote).<br \/>\nUvedena je stalna slu\u017eba za izbiro poklica. U\u010denci so testirani.<br \/>\nV \u0161olsko zadrugo je vklju\u010denih 36 u\u010dencev.<br \/>\nV 5. razredu je uveden razredni pouk.<br \/>\nSprejet je Zakon o osnovni \u0161oli.<\/p>\n<p><strong><em><u>\u0160olsko leto 1960\/61<br \/>\n<\/u><\/em><\/strong>Ustanovljeno je taborni\u0161ko gibanje.<br \/>\n\u0160ola izdela Pravila \u0161ole in jih po\u0161lje v odobritev Svetu za \u0161olstvo.<\/p>\n<p><strong><em><u>\u0160olsko leto 1961\/62<br \/>\n<\/u><\/em><\/strong>Pouk poteka v dveh izmenah.<br \/>\nV maju je v Kulturnem domu pevska revija zborov iz Poljanske doline. Iz \u0161ole Poljane nastopijo trije pevski zbori.<br \/>\nIzvoljen je nov 11-\u010dlanski \u0161olski odbor.<\/p>\n<p><strong><em><u>\u0160olsko leto 1962\/63<br \/>\n<\/u><\/em><\/strong>Prvi\u010d proslavijo pionirski dan, 29. septembra.<br \/>\n14. maja skozi Poljane potuje zvezna \u0161tafeta. Nosijo jo u\u010denci \u0161ole.<br \/>\nV peti razred je prvi\u010d uvedena ru\u0161\u010dina, nem\u0161ki jezik naj bi postopoma izpadel.<\/p>\n<p><strong><em><u>\u0160olsko leto 1963\/64<br \/>\n<\/u><\/em><\/strong>Kot oddel\u010dna \u0161ola je ukinjena \u0161ola v Javorjah, priklju\u010dena je k poljanski \u0161oli.<br \/>\nPrvi\u010d je oblikovan statut \u0161ole, ki ga pregledala ob\u010dinska komisija. Organi upravljanja so zbor delovne skupnosti, upravni odbor in ravnatelj.<br \/>\n8. razred ima \u0161e nem\u0161ki jezik, ostali angle\u0161kega.<\/p>\n<p><strong><em><u>\u0160olsko leto 1964\/65<br \/>\n<\/u><\/em><\/strong>14. novembra je ustanovni zbor \u0160olskega \u0161portnega dru\u0161tva.<\/p>\n<p><strong><em><u>\u0160olsko leto 1965\/66<br \/>\n<\/u><\/em><\/strong>Pouk se odvija v dveh izmenah. Sprejet je predmetnik in nov u\u010dni na\u010drt za vse razrede.<br \/>\nU\u010denci tekmujejo za Pre\u0161ernovo bralno zna\u010dko.<\/p>\n<p><strong><em><u>\u0160olsko leto 1966\/67<br \/>\n<\/u><\/em><\/strong>Voza\u010dev je 40 %.<br \/>\nNa centralni \u0161oli je 597 ur dodatne pomo\u010di, na podru\u017enici pa 270 in 64 ur dela z bolj\u0161imi u\u010denci.<\/p>\n<p><strong><em><u>\u0160olsko leto 1967\/68<br \/>\n<\/u><\/em><\/strong>Ustanovljena je Plani\u0161ka skakalna \u0161ola.<br \/>\n13. februarja je zbor volivcev, na katerem govorijo o referendumu za zidanje novih \u0161ol z uvedbo samoprispevka.<\/p>\n<p><strong><em><u>\u0160olsko leto 1968\/69<br \/>\n<\/u><\/em><\/strong>Zaradi varnosti u\u010dencev je ob cesti postavljena varnostna ograja.<br \/>\nVpeljani so popravni izpiti za u\u010dence od 5. razreda dalje, ki imajo do dve nezadostni oceni.<\/p>\n<p><strong><em><u>\u0160olsko leto 1969\/70<br \/>\n<\/u><\/em><\/strong>Nekateri u\u010ditelji pou\u010dujejo v Gorenji vasi in v Poljanah.<br \/>\nIzleti in ekskurzije so organizirani skupno s centralno \u0161olo Ivana Tav\u010darja v Gorenji vasi.<\/p>\n<p><strong><em><u>\u0160olsko leto 1970\/71<br \/>\n<\/u><\/em><\/strong>S koncem \u0161olskega leta je ukinjena osemletka v Poljanah.<\/p>\n<p><strong><em><u>\u0160olsko leto 1971\/72<br \/>\n<\/u><\/em><\/strong>Pouk poteka v eni izmeni.<br \/>\nUveden je \u0161portnovzgojni karton.<\/p>\n<p><strong><em><u>\u0160olsko leto 1973\/74<br \/>\n<\/u><\/em><\/strong>Izvaja se pouk&nbsp; male \u0161ole.<\/p>\n<p><strong><em><u>\u0160olsko leto 1974\/75<br \/>\n<\/u><\/em><\/strong>Zakon o osnovni \u0161oli dolo\u010di, da praviloma izdelajo vsi u\u010denci. Obvezen je dopolnilni pouk med po\u010ditnicami za u\u010dence s pomanjkljivim znanjem.<\/p>\n<p><strong><em><u>\u0160olsko leto 1975\/76<br \/>\n<\/u><\/em><\/strong>Organizirano je varstvo za voza\u010de.<br \/>\nV prvem polletju prvega razreda se u\u010dencev ne ocenjuje, temve\u010d vzpodbuja z vzgojnimi sredstvi.<\/p>\n<p><strong><em><u>\u0160olsko leto 1976\/77<br \/>\n<\/u><\/em><\/strong>Opravljen je strokovni ogled \u0161ole zaradi morebitne prenove.<\/p>\n<p><strong><em><u>\u0160olsko leto 1977\/78<br \/>\n<\/u><\/em><\/strong>Strokovnjaki ugotovijo, da se vrtca pri \u0161oli ne da ustrezno urediti. Predlagajo novogradnjo na lokaciji v Predmostu.<\/p>\n<p><strong><em><u>\u0160olsko leto 1978\/79<br \/>\n<\/u><\/em><\/strong>Letna \u0161ola v naravi \u2013 \u0161ola plavanja v Punti\u017eeli pri Puli.<br \/>\nPotekajo dogovori za adaptacijo \u0161ole za izbolj\u0161anje kanalizacije in kletnih prostorov.<\/p>\n<p><strong><em><u>\u0160olsko leto 1979\/80<br \/>\n<\/u><\/em><\/strong>\u0160ola prejme priznanje KS Poljane za uspe\u0161no sodelovanje. Nagrada je kinoprojektor.<\/p>\n<p><strong><em><u>\u0160olsko leto 1981\/82<br \/>\n<\/u><\/em><\/strong>Postavi se prva likovna razstava v \u0161oli.<\/p>\n<p><strong><em><u>\u0160olsko leto 1982\/83<br \/>\n<\/u><\/em><\/strong>Posebna skrb je namenjena nadarjenim u\u010dencem.<br \/>\nOrganiziranih je ve\u010d likovnih razstav.<br \/>\n2. aprila 1983 je podpisan dogovor z lastniki zemlji\u0161\u010d o prodaji zemlji\u0161\u010da na lokaciji Maru\u0161n\u00b4kove njive za potrebe novogradnje \u0161ole.<\/p>\n<p><strong><em><u>\u0160olsko leto 1982\/83<br \/>\n<\/u><\/em><\/strong>V prve tri razrede se uvede nov predmetnik in u\u010dni na\u010drt.<\/p>\n<p><strong><em><u>\u0160olsko leto 1983\/84<br \/>\n<\/u><\/em><\/strong>Potekajo intenzivne priprave za gradnjo nove \u0161ole in pogovori o prodaji stare \u0161ole.<\/p>\n<p><strong><em><u>\u0160olsko leto 1984\/85<br \/>\n<\/u><\/em><\/strong>V ponedeljek, 26. avgusta 1985 na sedanji parceli za\u010dnejo z gradnjo Podru\u017eni\u010dne \u0161ole Poljane.<\/p>\n<p><strong><em><u>\u0160olsko leto 1985\/86<br \/>\n<\/u><\/em><\/strong>Ob Trubarjevem letu (1586\u20131986) je izdano je \u0161olsko glasilo Pesmice.<br \/>\nPodjetje Tehnik izvaja gradnjo \u0161ole. Prostori vrtca bodo zaradi hudega pomanjkanja denarja ostali neobdelani.<\/p>\n<p style=\"text-align: center\"><a href=\"http:\/\/sola-poljane.splet.arnes.si\/files\/2018\/06\/Na\u0161a-\u0161ola1.jpg\"><img loading=\"lazy\" decoding=\"async\" class=\"alignnone size-medium wp-image-12945\" src=\"http:\/\/sola-poljane.splet.arnes.si\/files\/2018\/06\/Na\u0161a-\u0161ola1-300x179.jpg\" alt=\"\" width=\"300\" height=\"179\" srcset=\"https:\/\/sola-poljane.splet.arnes.si\/files\/2018\/06\/Na\u0161a-\u0161ola1-300x179.jpg 300w, https:\/\/sola-poljane.splet.arnes.si\/files\/2018\/06\/Na\u0161a-\u0161ola1-92x55.jpg 92w, https:\/\/sola-poljane.splet.arnes.si\/files\/2018\/06\/Na\u0161a-\u0161ola1.jpg 603w\" sizes=\"auto, (max-width: 300px) 100vw, 300px\" \/><\/a><\/p>\n<p><strong><em><u>\u0160olsko leto 1986\/87<br \/>\n<\/u><\/em><\/strong>11. novembra 1986 dela na freski v \u0161olski avli kon\u010da umetnik Ive \u0160ubic.<br \/>\n11. decembra 1986 pouk prvi\u010d poteka v novi \u0161oli.<br \/>\n20. decembra 1986 je slavnostno odprtje nove \u0161olske zgradbe.<br \/>\nIzdano je glasilo kot priloga Va\u0161\u010danu s karikaturami Iztoka Sitarja.<\/p>\n<p><strong><em><u>\u0160olsko leto 1987\/88<br \/>\n<\/u><\/em><\/strong>Organizirana je razstava fotografij Toma\u017ea Lundra Baro\u010dne cerkve v poljanski fari v letu baroka.<br \/>\nV juniju je ob 120-letnici rojstva Ale\u0161a U\u0161eni\u010dnika izdano \u0161olsko glasilo Blego\u0161.<br \/>\n19. decembra 1987 je odprt vrtec, poimenovan po Tav\u010darjevi Agati.<\/p>\n<p><strong><em><u>\u0160olsko leto 1988\/89<br \/>\n<\/u><\/em><\/strong>Izvaja se program prenove osnovne \u0161ole s poudarkom na individualizaciji in diferenciaciji.<\/p>\n<p><strong><em><u>\u0160olsko leto 1989\/90<br \/>\n<\/u><\/em><\/strong>Na zboru volivcev je izra\u017eena zahteva za drugo fazo gradnje \u0161ole za popolno osemletko.<br \/>\nPotekajo prve aktivnosti za raz\u0161iritev \u0161ole.<\/p>\n<p><strong><em><u>\u0160olsko leto 1992\/93<br \/>\n<\/u><\/em><\/strong>Sprejet je \u0161olski logotip Agate \u2013 motiv iz Tav\u010darjeve Viso\u0161ke kronike.<br \/>\nUveden je 5. razred.<\/p>\n<p><strong><em><u>\u0160olsko leto 1993\/94<br \/>\n<\/u><\/em><\/strong>Akademska slikarka Cita Potokar \u0161oli pokloni ilustracije mlade Brede.<br \/>\nJanuarja 1994 je pripravljen projekt za dograditev \u0161ole.<\/p>\n<p><strong><em><u>\u0160olsko leto 1994\/95<br \/>\n<\/u><\/em><\/strong>Novembra 1995 je v\u0161olanih 12 begunskih otrok iz begunskega centra \u0160kofja Loka. Nekateri krajani, predstavniki Krajevne skupnosti Poljane, temu dejanju ostro nasprotujejo, kljub argumentom takratne oblasti in M\u0160\u0160.<\/p>\n<p><strong><em><u>\u0160olsko leto 1996\/97<br \/>\n<\/u><\/em><\/strong>Za\u010dne se gradnja prizidka k obstoje\u010di \u0161oli.<\/p>\n<p><strong><em><u>\u0160olsko leto 1997\/98<br \/>\n<\/u><\/em><\/strong>Vpis zavoda v sodni register kot Osnovna \u0161ola Poljane \u2013 15 oddelkov v O\u0160 Poljane, 2 kombinirana P\u0160 Javorje.<br \/>\nV Poljanah je ponovno uvedena popolna osemletka.<\/p>\n<p><strong><em><u>\u0160olsko leto 1998\/99<br \/>\n<\/u><\/em><\/strong>\u0160ola pridobiti ra\u010dunalni\u0161ko u\u010dilnico z 8 ra\u010dunalniki.<br \/>\nUstanovljeno je \u0160portno dru\u0161tvo Mladi vrh s sede\u017eem v O\u0160 Poljane.<br \/>\nOblikovana in podpisana je izjava o poslanstvu Osnovne \u0161ole Poljane.<\/p>\n<p><strong><em><u>\u0160olsko leto<\/u><\/em><\/strong> <strong><em><u>1999\/2000<br \/>\n<\/u><\/em><\/strong>Na severni strani \u0161ole so dograjene tri igralnice vrtca.<\/p>\n<p><strong><em><u>\u0160olsko leto 2002\/03<br \/>\n<\/u><\/em><\/strong>\u0160ola kupi Globus, delo akademske slikarke Maje \u0160ubic.<\/p>\n<p><strong><em><u>\u0160olsko leto 2003\/04<br \/>\n<\/u><\/em><\/strong>Zakonsko je uvedena devetletna osnovna \u0161ola.<br \/>\nPrejmemo naziv <strong><span style=\"color: #008000\">EKO \u0160OLA<\/span><\/strong>.<\/p>\n<p><strong><em><u>\u0160olsko leto 2004\/05<br \/>\n<\/u><\/em><\/strong>V Podru\u017eni\u010dni \u0161oli Javorje je prvi\u010d organiziran oddelek podalj\u0161anega bivanja v polovi\u010dnem obsegu.<br \/>\nSodelujemo na \u0160ubi\u010devi likovni koloniji v Poljanah.<\/p>\n<p><strong><em><u>\u0160olsko leto 2005\/06<br \/>\n<\/u><\/em><\/strong>Prejmemo <strong><span style=\"color: #008000\">EKO zastavo<\/span><\/strong>.<\/p>\n<p><strong><em><u>\u0160olsko leto 2007\/08<br \/>\n<\/u><\/em><\/strong>Dobimo novo telovadnico, zunanje igri\u0161\u010de in vrt\u010devsko igri\u0161\u010de.<\/p>\n<p><strong><em><u>\u0160olsko leto 2010\/11<br \/>\n<\/u><\/em><\/strong>Pridobimo naziv <strong><span style=\"color: #0000ff\">UNESCO \u0160OLA<\/span><\/strong>.<\/p>\n<p><strong><em><u>\u0160olsko leto 2011\/12<br \/>\n<\/u><\/em><\/strong>Pridobimo naziv <strong><span style=\"color: #ff6600\">KULTURNA \u0160OLA<\/span><\/strong>.<\/p>\n<p><strong><em><u>\u0160olsko leto 2012\/13<br \/>\n<\/u><\/em><\/strong>Uvedena sta elektronski dnevnik in redovalnica.<br \/>\nZaklju\u010dena je energetska sanacija \u0161ole.<\/p>\n<p><strong><em><u>\u0160olsko leto 2013\/14<br \/>\n<\/u><\/em><\/strong>Sprejeta sta dokumenta Hi\u0161ni red O\u0160 Poljane in Pravila \u0161olskega reda O\u0160 Poljane.<\/p>\n<p><strong><em><u>\u0160olsko leto 2015\/16<br \/>\n<\/u><\/em><\/strong>Organiziramo dr\u017eavno tekmovanje Kaj ve\u0161 o prometu, urejena je pe\u0161pot iz Poljan do \u0161ole.<\/p>\n<p><strong><em><u>\u0160olsko leto 2016\/17<br \/>\n<\/u><\/em><\/strong>Ob\u010dina poskrbi za varno pot v \u0161olo in uredi nov uvoz s kro\u017ei\u0161\u010dem in postajali\u0161\u010dem na zahodnem delu \u0161ole.<br \/>\nPridobimo naziv <strong><span style=\"color: #ff9900\">ZDRAVA \u0160OLA<\/span><\/strong>.<\/p>\n<p><strong><em><u>\u0160olsko leto 2017\/18<br \/>\n<\/u><\/em><\/strong>Praznovanje okroglih obletnic \u2013&nbsp;<strong><span style=\"color: #3366ff\">30-letnica Osnovne \u0161ole Poljane nad \u0160kofjo Loko in Vrtca Agata, 20-letnica samostojne \u0161ole in 10-letnica dograditve telovadnice<\/span>.&nbsp;<\/strong>Vse te jubileje smo po\u010dastili s prireditvijo v sredo, 20. septembra.<\/p>\n<p><strong><em><u>\u0160olsko leto 2018\/19<br \/>\n<\/u><\/em><\/strong>Na slavnostni&nbsp; prireditvi ob ob\u010dinskem prazniku Ob\u010dine Gorenja vas &#8211; Poljane, 24. novembra 2018, \u0161ola prejme <strong><span style=\"color: #993300\">plaketo ob\u010dine za uspe\u0161no in pestro u\u010dno-vzgojno delo ter povezanost s krajem v preteklih 30-ih letih<\/span><\/strong>.<\/p>\n","protected":false},"excerpt":{"rendered":"<p>Do leta 1880 o \u0161olstvu v Poljanah ni veliko podatkov. [&hellip;]<\/p>\n","protected":false},"author":24405,"featured_media":0,"parent":12999,"menu_order":0,"comment_status":"closed","ping_status":"closed","template":"","meta":{"ngg_post_thumbnail":0,"footnotes":""},"class_list":["post-13007","page","type-page","status-publish","hentry"],"_links":{"self":[{"href":"https:\/\/sola-poljane.splet.arnes.si\/index.php?rest_route=\/wp\/v2\/pages\/13007","targetHints":{"allow":["GET"]}}],"collection":[{"href":"https:\/\/sola-poljane.splet.arnes.si\/index.php?rest_route=\/wp\/v2\/pages"}],"about":[{"href":"https:\/\/sola-poljane.splet.arnes.si\/index.php?rest_route=\/wp\/v2\/types\/page"}],"author":[{"embeddable":true,"href":"https:\/\/sola-poljane.splet.arnes.si\/index.php?rest_route=\/wp\/v2\/users\/24405"}],"replies":[{"embeddable":true,"href":"https:\/\/sola-poljane.splet.arnes.si\/index.php?rest_route=%2Fwp%2Fv2%2Fcomments&post=13007"}],"version-history":[{"count":10,"href":"https:\/\/sola-poljane.splet.arnes.si\/index.php?rest_route=\/wp\/v2\/pages\/13007\/revisions"}],"predecessor-version":[{"id":42923,"href":"https:\/\/sola-poljane.splet.arnes.si\/index.php?rest_route=\/wp\/v2\/pages\/13007\/revisions\/42923"}],"up":[{"embeddable":true,"href":"https:\/\/sola-poljane.splet.arnes.si\/index.php?rest_route=\/wp\/v2\/pages\/12999"}],"wp:attachment":[{"href":"https:\/\/sola-poljane.splet.arnes.si\/index.php?rest_route=%2Fwp%2Fv2%2Fmedia&parent=13007"}],"curies":[{"name":"wp","href":"https:\/\/api.w.org\/{rel}","templated":true}]}}